{"id":86,"date":"2026-03-20T12:12:46","date_gmt":"2026-03-20T12:12:46","guid":{"rendered":"https:\/\/idealpesca.com\/loja\/produto\/rapala-11cm-deep-tail-dancer\/"},"modified":"2026-03-20T23:56:49","modified_gmt":"2026-03-20T23:56:49","slug":"rapala-11cm-deep-tail-dancer","status":"publish","type":"product","link":"https:\/\/idealpesca.com\/loja\/produto\/rapala-11cm-deep-tail-dancer\/","title":{"rendered":"Rapala 11CM Deep Tail Dancer"},"content":{"rendered":"<p><span style=\"font-size: large;color: #000000\"><strong>Tamanho:<\/strong> 11 cm. <\/span><\/p>\n<p><span style=\"font-size: large;color: #000000\"><strong>Peso:<\/strong> 22 gramas <\/span><\/p>\n<p><span style=\"font-size: large;color: #000000\"><strong>Tipo:<\/strong> Afundante, at\u00e9 9 metros<\/span><\/p>\n<p><span style=\"font-size: large;color: #000000\"><strong> Fateixas:<\/strong> 2 VMC de n\u00edquel <\/span><\/p>\n<p><span style=\"font-size: large;color: #000000\"><strong>Observa\u00e7\u00f5es:<\/strong> As Deep Tail Dancer s\u00e3o amostras afundantes com um rattle interno que provocar\u00e1 qualquer grande predador. Devido \u00e0 sua palheta de grandes dimens\u00f5es estas amostras atingem grandes profundidades, sendo que chegam a ultrapassar os 10 metros em velocidades superiores a 3 n\u00f3s.<\/span><\/p>\n","protected":false},"excerpt":{"rendered":"<p>Amostras afundantes at\u00e9 9 metros<br \/>\nTDD11<\/p>\n","protected":false},"featured_media":2701,"comment_status":"open","ping_status":"closed","template":"","meta":[],"product_brand":[],"product_cat":[51,126],"product_tag":[],"class_list":{"0":"post-86","1":"product","2":"type-product","3":"status-publish","4":"has-post-thumbnail","6":"product_cat-030200-afundantes-trolling","7":"product_cat-030203-rapala","9":"first","10":"instock","11":"taxable","12":"shipping-taxable","13":"purchasable","14":"product-type-variable"},"_links":{"self":[{"href":"https:\/\/idealpesca.com\/loja\/wp-json\/wp\/v2\/product\/86","targetHints":{"allow":["GET"]}}],"collection":[{"href":"https:\/\/idealpesca.com\/loja\/wp-json\/wp\/v2\/product"}],"about":[{"href":"https:\/\/idealpesca.com\/loja\/wp-json\/wp\/v2\/types\/product"}],"replies":[{"embeddable":true,"href":"https:\/\/idealpesca.com\/loja\/wp-json\/wp\/v2\/comments?post=86"}],"wp:featuredmedia":[{"embeddable":true,"href":"https:\/\/idealpesca.com\/loja\/wp-json\/wp\/v2\/media\/2701"}],"wp:attachment":[{"href":"https:\/\/idealpesca.com\/loja\/wp-json\/wp\/v2\/media?parent=86"}],"wp:term":[{"taxonomy":"product_brand","embeddable":true,"href":"https:\/\/idealpesca.com\/loja\/wp-json\/wp\/v2\/product_brand?post=86"},{"taxonomy":"product_cat","embeddable":true,"href":"https:\/\/idealpesca.com\/loja\/wp-json\/wp\/v2\/product_cat?post=86"},{"taxonomy":"product_tag","embeddable":true,"href":"https:\/\/idealpesca.com\/loja\/wp-json\/wp\/v2\/product_tag?post=86"}],"curies":[{"name":"wp","href":"https:\/\/api.w.org\/{rel}","templated":true}]}}