{"id":852,"date":"2026-03-20T12:15:28","date_gmt":"2026-03-20T12:15:28","guid":{"rendered":"https:\/\/idealpesca.com\/loja\/produto\/carreto-penn-wrath-ii-3000\/"},"modified":"2026-03-20T23:50:47","modified_gmt":"2026-03-20T23:50:47","slug":"carreto-penn-wrath-ii-3000","status":"publish","type":"product","link":"https:\/\/idealpesca.com\/loja\/produto\/carreto-penn-wrath-ii-3000\/","title":{"rendered":"CARRETO PENN WRATH II 3000"},"content":{"rendered":"<div class=\"content\">\n\u00a0<\/p>\n<p>O PENN\u00ae Wrath\u2122 \u00e9 construido com a legend\u00e1ria durabilidade PENN. Combinando peso leve e corpo em grafite anti corros\u00e3o e bobine em aluminio, estes carreto d\u00e3o a confian\u00e7a que necessita para grandes capturas.<\/p>\n<table class=\"table bordered js-pswp-gallery\">\n<tr>\n<th>\u00a0<\/th>\n<th>\u00a0<\/th>\n<th>\u00a0<\/th>\n<th>\u00a0<\/th>\n<th>\u00a0<\/th>\n<th>\u00a0<\/th>\n<\/tr>\n<tr>\n<th>Refer\u00eancia<\/th>\n<th>R\u00e1cio (\/1)<\/th>\n<th>VMV<\/th>\n<th>Peso<\/th>\n<th>Nylon<\/th>\n<th>Drag<\/th>\n<\/tr>\n<tr>\n<th>wrth 4000<\/th>\n<th>6,2<\/th>\n<th>\u00a0<\/th>\n<th>359G<\/th>\n<th>0.28MM-245M<\/th>\n<th>\u00a0<\/th>\n<\/tr>\n<tr>\n<td>wrth 5000<\/td>\n<td>5,6<\/td>\n<td>91cm<\/td>\n<td>595g<\/td>\n<td>0.36mm-205m<\/td>\n<td>9kg<\/td>\n<\/tr>\n<tr>\n<td>wrth 3000<\/td>\n<td>6.2<\/td>\n<td>90cm<\/td>\n<td>346g<\/td>\n<td>0.30mm-200m<\/td>\n<td>7kg<\/td>\n<\/tr>\n<tr>\n<td>wrth 6000<\/td>\n<td>5,6<\/td>\n<td>104cm<\/td>\n<td>646g<\/td>\n<td>0.43mm-150m<\/td>\n<td>9kg<\/td>\n<\/tr>\n<\/table>\n<\/div>\n","protected":false},"excerpt":{"rendered":"<p>VERS\u00c3O WRATH , A GAMA DE ENTRADA DA PENN COM A QUALIDADE HABITUAL<\/p>\n","protected":false},"featured_media":3823,"comment_status":"open","ping_status":"closed","template":"","meta":[],"product_brand":[],"product_cat":[35,45,77,44,71,517],"product_tag":[],"class_list":{"0":"post-852","1":"product","2":"type-product","3":"status-publish","4":"has-post-thumbnail","6":"product_cat-020000-carretos","7":"product_cat-020200-boia-spinning-eging","8":"product_cat-020207-penn","9":"product_cat-020300-barco-buldo-falesia","10":"product_cat-020305-penn","11":"product_cat-ideal-pesca","13":"first","14":"instock","15":"taxable","16":"shipping-taxable","17":"purchasable","18":"product-type-variable"},"_links":{"self":[{"href":"https:\/\/idealpesca.com\/loja\/wp-json\/wp\/v2\/product\/852","targetHints":{"allow":["GET"]}}],"collection":[{"href":"https:\/\/idealpesca.com\/loja\/wp-json\/wp\/v2\/product"}],"about":[{"href":"https:\/\/idealpesca.com\/loja\/wp-json\/wp\/v2\/types\/product"}],"replies":[{"embeddable":true,"href":"https:\/\/idealpesca.com\/loja\/wp-json\/wp\/v2\/comments?post=852"}],"wp:featuredmedia":[{"embeddable":true,"href":"https:\/\/idealpesca.com\/loja\/wp-json\/wp\/v2\/media\/3823"}],"wp:attachment":[{"href":"https:\/\/idealpesca.com\/loja\/wp-json\/wp\/v2\/media?parent=852"}],"wp:term":[{"taxonomy":"product_brand","embeddable":true,"href":"https:\/\/idealpesca.com\/loja\/wp-json\/wp\/v2\/product_brand?post=852"},{"taxonomy":"product_cat","embeddable":true,"href":"https:\/\/idealpesca.com\/loja\/wp-json\/wp\/v2\/product_cat?post=852"},{"taxonomy":"product_tag","embeddable":true,"href":"https:\/\/idealpesca.com\/loja\/wp-json\/wp\/v2\/product_tag?post=852"}],"curies":[{"name":"wp","href":"https:\/\/api.w.org\/{rel}","templated":true}]}}