{"id":807,"date":"2026-03-20T12:15:18","date_gmt":"2026-03-20T12:15:18","guid":{"rendered":"https:\/\/idealpesca.com\/loja\/produto\/daiwa-tournament-basiair-45-qd-3425-4045-4123-4209\/"},"modified":"2026-03-20T23:49:57","modified_gmt":"2026-03-20T23:49:57","slug":"daiwa-tournament-basiair-45-qd-3425-4045-4123-4209","status":"publish","type":"product","link":"https:\/\/idealpesca.com\/loja\/produto\/daiwa-tournament-basiair-45-qd-3425-4045-4123-4209\/","title":{"rendered":"Carreto Daiwa BASIA 45 SCW QD-P"},"content":{"rendered":"<div class=\"product-desc\">\n<div class=\"product-content\">\n<div class=\"product-content-inner\">\n<div class=\"polymorphic-table product-table\">\n<div class=\"polymorphic-table-inner\">\n<table class=\"table bordered js-pswp-gallery\">\n<tr>\n<th>\u00a0<\/th>\n<th>Refer\u00eancia<\/th>\n<th>Pega<\/th>\n<th>R\u00e1cio (\/1)<\/th>\n<th>VMV<\/th>\n<th>Peso<\/th>\n<th>Capacidade<\/th>\n<th>Drag<\/th>\n<th>Bobina<\/th>\n<\/tr>\n<tr>\n<td>\u00a0<\/td>\n<td><a href=\"https:\/\/www.daiwa.pt\/uploads\/products\/reels\/2019\/10\/basias1945scwqdp_1200x1200.jpg\"> <span class=\"inner\"> <img decoding=\"async\" src=\"image\/gif;base64,R0lGODlhAQABAIAAAMLCwgAAACH5BAAAAAAALAAAAAABAAEAAAICRAEAOw==\" alt=\"\" width=\"1\" height=\"1\" \/><\/span><\/a><br \/>\nBASIAS1945SCWQDP\n<\/td>\n<td>T<\/td>\n<td>4,1<\/td>\n<td>88cm<\/td>\n<td>505g<\/td>\n<td>300m\/0,35mm<\/td>\n<td>15kg<\/td>\n<td>J881401\/N4840EE\/N4840GE<\/td>\n<\/tr>\n<tr>\n<td><span class=\"new\">N<\/span><\/td>\n<td>BASIAS1945SCWQD<\/td>\n<td>T<\/td>\n<td>4,9<\/td>\n<td>104cm<\/td>\n<td>505g<\/td>\n<td>300m\/0,30mm<\/td>\n<td>15kg<\/td>\n<td>J902501<\/td>\n<\/tr>\n<\/table>\n<p>\u00a0<\/p><\/div>\n<div class=\"polymorphic-table-inner\">\u00a0<\/div>\n<\/div>\n<\/div>\n<\/div>\n<p>Este Basia 45 SCW QD est\u00e1 posicionado no topo dos carretos de tamanho grande para a pesca de surfcasting. Com o seu corpo em carbono Zaion e o seu rotor ergon\u00f4mico em carbono DS5, ele associa a leveza e a fluidez de rota\u00e7\u00e3o exigidas pelos melhores especialistas de pesca em bateria ou a rodar. Al\u00e9m disso, o sistema de oscila\u00e7\u00e3o lenta Slow Cross Wrap melhora a sensa\u00e7\u00e3o de fluidez e o de conforto na recupera\u00e7\u00e3o. \u00c9 nestes detalhes que reconhecemos um carreto high-tech e a sua asa de cesto do ar do pick-up Air Air em a\u00e7o tubular \u00e9 concebida numa s\u00f3 pe\u00e7a at\u00e9 ao rolamento do rolete. Enfim, o Basia 45 SCW QD-P \u00e9 fornecido com duas bobinas em alum\u00ednio de alta qualidade.<\/p>\n<ul>\n<li>Drag r\u00e1pido Quick Drag<\/li>\n<li>Rolamentos: 7 + 1<\/li>\n<li>Corpo em carbono ZAION e Air Rotor em carbono DS5<\/li>\n<li>Bobinas d&#8217;origem e suplementar em alum\u00ednio<\/li>\n<li>Enrolamento dupla oscila\u00e7\u00e3o lento Slow Cross Wrap<\/li>\n<li>Manivela alum\u00ednio roscada no corpo<\/li>\n<li>Air Bail monobloco<\/li>\n<li>Ratio 4.1:1\u00a0 \u00a088cms por volta<\/li>\n<li>Drag 15kgs<\/li>\n<li>Bobine 4000 &#8211; 0.30mm 300mtr\u00a0 Bobine 5000 0.35mm-300mtr<\/li>\n<\/ul>\n<\/div>\n","protected":false},"excerpt":{"rendered":"<p>O Basia vers\u00e3o made in Japan<\/p>\n","protected":false},"featured_media":6992,"comment_status":"open","ping_status":"closed","template":"","meta":[],"product_brand":[],"product_cat":[46,85,43],"product_tag":[],"class_list":{"0":"post-807","1":"product","2":"type-product","3":"status-publish","4":"has-post-thumbnail","6":"product_cat-020100-surfcasting-pesca-de-lancamento","7":"product_cat-020102-daiwa","8":"product_cat-310000-novidades-gerais","10":"first","11":"instock","12":"taxable","13":"shipping-taxable","14":"purchasable","15":"product-type-variable"},"_links":{"self":[{"href":"https:\/\/idealpesca.com\/loja\/wp-json\/wp\/v2\/product\/807","targetHints":{"allow":["GET"]}}],"collection":[{"href":"https:\/\/idealpesca.com\/loja\/wp-json\/wp\/v2\/product"}],"about":[{"href":"https:\/\/idealpesca.com\/loja\/wp-json\/wp\/v2\/types\/product"}],"replies":[{"embeddable":true,"href":"https:\/\/idealpesca.com\/loja\/wp-json\/wp\/v2\/comments?post=807"}],"wp:featuredmedia":[{"embeddable":true,"href":"https:\/\/idealpesca.com\/loja\/wp-json\/wp\/v2\/media\/6992"}],"wp:attachment":[{"href":"https:\/\/idealpesca.com\/loja\/wp-json\/wp\/v2\/media?parent=807"}],"wp:term":[{"taxonomy":"product_brand","embeddable":true,"href":"https:\/\/idealpesca.com\/loja\/wp-json\/wp\/v2\/product_brand?post=807"},{"taxonomy":"product_cat","embeddable":true,"href":"https:\/\/idealpesca.com\/loja\/wp-json\/wp\/v2\/product_cat?post=807"},{"taxonomy":"product_tag","embeddable":true,"href":"https:\/\/idealpesca.com\/loja\/wp-json\/wp\/v2\/product_tag?post=807"}],"curies":[{"name":"wp","href":"https:\/\/api.w.org\/{rel}","templated":true}]}}