{"id":764,"date":"2026-03-20T12:15:10","date_gmt":"2026-03-20T12:15:10","guid":{"rendered":"https:\/\/idealpesca.com\/loja\/produto\/vinil-macio-saki-shad-tail-fishus\/"},"modified":"2026-03-20T23:58:43","modified_gmt":"2026-03-20T23:58:43","slug":"vinil-macio-saki-shad-tail-fishus","status":"publish","type":"product","link":"https:\/\/idealpesca.com\/loja\/produto\/vinil-macio-saki-shad-tail-fishus\/","title":{"rendered":"VINIL MACIO SAKI SHAD TAIL FISHUS"},"content":{"rendered":"<p>COMPRIMENTO : 9 CM;<\/p>\n<p>QUANTIDADE POR EMBALAGEM: 3 UNIDADES.;<\/p>\n","protected":false},"excerpt":{"rendered":"<p>ESPECIAL ROBALOS E CORVINAS  com ess\u00eancia atrativa<br \/>\nPara utilizar com cabe\u00e7otes entre 20 a 30 gramas<\/p>\n<p>PRE\u00c7O S\u00d3 DA EMBALAGEM DOS VINIS<br \/>\nCOMBINA COM CABE\u00c7OTES FISHUS VENDIDOS \u00c0 PARTE NA CATEGORIA DE CABE\u00c7OTES<\/p>\n","protected":false},"featured_media":3697,"comment_status":"open","ping_status":"closed","template":"","meta":[],"product_brand":[],"product_cat":[53,291,517],"product_tag":[],"class_list":{"0":"post-764","1":"product","2":"type-product","3":"status-publish","4":"has-post-thumbnail","6":"product_cat-030400-amostras-vinil","7":"product_cat-030406-fishus","8":"product_cat-ideal-pesca","10":"first","11":"instock","12":"taxable","13":"shipping-taxable","14":"purchasable","15":"product-type-variable"},"_links":{"self":[{"href":"https:\/\/idealpesca.com\/loja\/wp-json\/wp\/v2\/product\/764","targetHints":{"allow":["GET"]}}],"collection":[{"href":"https:\/\/idealpesca.com\/loja\/wp-json\/wp\/v2\/product"}],"about":[{"href":"https:\/\/idealpesca.com\/loja\/wp-json\/wp\/v2\/types\/product"}],"replies":[{"embeddable":true,"href":"https:\/\/idealpesca.com\/loja\/wp-json\/wp\/v2\/comments?post=764"}],"wp:featuredmedia":[{"embeddable":true,"href":"https:\/\/idealpesca.com\/loja\/wp-json\/wp\/v2\/media\/3697"}],"wp:attachment":[{"href":"https:\/\/idealpesca.com\/loja\/wp-json\/wp\/v2\/media?parent=764"}],"wp:term":[{"taxonomy":"product_brand","embeddable":true,"href":"https:\/\/idealpesca.com\/loja\/wp-json\/wp\/v2\/product_brand?post=764"},{"taxonomy":"product_cat","embeddable":true,"href":"https:\/\/idealpesca.com\/loja\/wp-json\/wp\/v2\/product_cat?post=764"},{"taxonomy":"product_tag","embeddable":true,"href":"https:\/\/idealpesca.com\/loja\/wp-json\/wp\/v2\/product_tag?post=764"}],"curies":[{"name":"wp","href":"https:\/\/api.w.org\/{rel}","templated":true}]}}