{"id":751,"date":"2026-03-20T12:15:08","date_gmt":"2026-03-20T12:15:08","guid":{"rendered":"https:\/\/idealpesca.com\/loja\/produto\/vinil-macio-daiwa-shad\/"},"modified":"2026-03-20T23:58:43","modified_gmt":"2026-03-20T23:58:43","slug":"vinil-macio-daiwa-shad","status":"publish","type":"product","link":"https:\/\/idealpesca.com\/loja\/produto\/vinil-macio-daiwa-shad\/","title":{"rendered":"VINIL MACIO DAIWA SHAD"},"content":{"rendered":"<p>COMPRIMENTOS:15CM E 17 CM.;<\/p>\n<p>QUANTIDADE POR EMBALAGEM: 3 OU 2 UNIDADES CONSOANTE O TAMANHO;<\/p>\n","protected":false},"excerpt":{"rendered":"<p>ESPECIAL ROBALOS E CORVINAS<\/p>\n<p>PRE\u00c7O S\u00d3 DA EMBALAGEM DOS VINIS<br \/>\nCOMBINA COM CABE\u00c7OTES DAIWA JIG HEAD VENDIDOS \u00c0 PARTE NA CATEGORIA DE CABE\u00c7OTES<\/p>\n","protected":false},"featured_media":0,"comment_status":"open","ping_status":"closed","template":"","meta":[],"product_brand":[],"product_cat":[53,252,517],"product_tag":[],"class_list":{"0":"post-751","1":"product","2":"type-product","3":"status-publish","5":"product_cat-030400-amostras-vinil","6":"product_cat-030402-daiwa","7":"product_cat-ideal-pesca","9":"first","10":"instock","11":"taxable","12":"shipping-taxable","13":"purchasable","14":"product-type-variable"},"_links":{"self":[{"href":"https:\/\/idealpesca.com\/loja\/wp-json\/wp\/v2\/product\/751","targetHints":{"allow":["GET"]}}],"collection":[{"href":"https:\/\/idealpesca.com\/loja\/wp-json\/wp\/v2\/product"}],"about":[{"href":"https:\/\/idealpesca.com\/loja\/wp-json\/wp\/v2\/types\/product"}],"replies":[{"embeddable":true,"href":"https:\/\/idealpesca.com\/loja\/wp-json\/wp\/v2\/comments?post=751"}],"wp:attachment":[{"href":"https:\/\/idealpesca.com\/loja\/wp-json\/wp\/v2\/media?parent=751"}],"wp:term":[{"taxonomy":"product_brand","embeddable":true,"href":"https:\/\/idealpesca.com\/loja\/wp-json\/wp\/v2\/product_brand?post=751"},{"taxonomy":"product_cat","embeddable":true,"href":"https:\/\/idealpesca.com\/loja\/wp-json\/wp\/v2\/product_cat?post=751"},{"taxonomy":"product_tag","embeddable":true,"href":"https:\/\/idealpesca.com\/loja\/wp-json\/wp\/v2\/product_tag?post=751"}],"curies":[{"name":"wp","href":"https:\/\/api.w.org\/{rel}","templated":true}]}}