{"id":676,"date":"2026-03-20T12:14:53","date_gmt":"2026-03-20T12:14:53","guid":{"rendered":"https:\/\/idealpesca.com\/loja\/produto\/camaroeiro-aluminio-pvc-170\/"},"modified":"2026-04-17T18:12:31","modified_gmt":"2026-04-17T17:12:31","slug":"camaroeiro-aluminio-pvc-170","status":"publish","type":"product","link":"https:\/\/idealpesca.com\/loja\/produto\/camaroeiro-aluminio-pvc-170\/","title":{"rendered":"CAMAROEIRO ALUM\u00cdNIO PVC 170"},"content":{"rendered":"<p>ALUM\u00cdNIO PVC 170<\/p>\n<ul>\n<li>Comprimento total: 1.70m<\/li>\n<li>Comprimento fechado: 0.50m<\/li>\n<li>Boca: 50x40cm<\/li>\n<li>Malha da rede: 20\/25mm<\/li>\n<\/ul>\n","protected":false},"excerpt":{"rendered":"<p>Camaroeiro com cabo em alum\u00ednio e punho em pvc preto. Boca em alum\u00ednio com rede em pvc transparente. Ideal para aux\u00edlio na captura de peixes e cefal\u00f3pedes, quando em kayak, ou em embarca\u00e7\u00f5es pequenas.<\/p>\n","protected":false},"featured_media":3576,"comment_status":"open","ping_status":"closed","template":"","meta":[],"product_brand":[],"product_cat":[58],"product_tag":[],"class_list":{"0":"post-676","1":"product","2":"type-product","3":"status-publish","4":"has-post-thumbnail","6":"product_cat-200000-cabos-e-chalavares","8":"first","9":"outofstock","10":"taxable","11":"shipping-taxable","12":"purchasable","13":"product-type-variable"},"_links":{"self":[{"href":"https:\/\/idealpesca.com\/loja\/wp-json\/wp\/v2\/product\/676","targetHints":{"allow":["GET"]}}],"collection":[{"href":"https:\/\/idealpesca.com\/loja\/wp-json\/wp\/v2\/product"}],"about":[{"href":"https:\/\/idealpesca.com\/loja\/wp-json\/wp\/v2\/types\/product"}],"replies":[{"embeddable":true,"href":"https:\/\/idealpesca.com\/loja\/wp-json\/wp\/v2\/comments?post=676"}],"wp:featuredmedia":[{"embeddable":true,"href":"https:\/\/idealpesca.com\/loja\/wp-json\/wp\/v2\/media\/3576"}],"wp:attachment":[{"href":"https:\/\/idealpesca.com\/loja\/wp-json\/wp\/v2\/media?parent=676"}],"wp:term":[{"taxonomy":"product_brand","embeddable":true,"href":"https:\/\/idealpesca.com\/loja\/wp-json\/wp\/v2\/product_brand?post=676"},{"taxonomy":"product_cat","embeddable":true,"href":"https:\/\/idealpesca.com\/loja\/wp-json\/wp\/v2\/product_cat?post=676"},{"taxonomy":"product_tag","embeddable":true,"href":"https:\/\/idealpesca.com\/loja\/wp-json\/wp\/v2\/product_tag?post=676"}],"curies":[{"name":"wp","href":"https:\/\/api.w.org\/{rel}","templated":true}]}}