{"id":463,"date":"2026-03-20T12:14:10","date_gmt":"2026-03-20T12:14:10","guid":{"rendered":"https:\/\/idealpesca.com\/loja\/produto\/amostra-duo-drag-metal-cast-30-gr-3866\/"},"modified":"2026-03-20T23:39:08","modified_gmt":"2026-03-20T23:39:08","slug":"amostra-duo-drag-metal-cast-30-gr-3866","status":"publish","type":"product","link":"https:\/\/idealpesca.com\/loja\/produto\/amostra-duo-drag-metal-cast-30-gr-3866\/","title":{"rendered":"AMOSTRA Fiiish Power Tail 100 Fast 55g"},"content":{"rendered":"<p>A Power Tail foi desenvolvida com um novo conceito patenteado pela Fiiish, o PTC Power Tail Concept, uma pala transparente e articulada na cauda confere uma nata\u00e7\u00e3o vibrante e natural, mesmo durante a descida da amostra, ao mesmo tempo que emite uma vibra\u00e7\u00e3o forte muito atrativa.<\/p>\n<p>ac\u00e7\u00e3o: r\u00e1pida<\/p>\n<p>peso: 55gr<\/p>\n<p><iframe title=\"Fiiish - Power Tail - Swimming Action\" width=\"500\" height=\"281\" src=\"https:\/\/www.youtube.com\/embed\/Vp-mi7mVbac?feature=oembed\" frameborder=\"0\" allow=\"accelerometer; autoplay; clipboard-write; encrypted-media; gyroscope; picture-in-picture; web-share\" referrerpolicy=\"strict-origin-when-cross-origin\" allowfullscreen><\/iframe><\/p>\n","protected":false},"excerpt":{"rendered":"<p>A Power Tail foi desenvolvida com um novo conceito patenteado pela Fiiish, o PTC Power Tail Concept, uma pala transparente e articulada na cauda confere uma nata\u00e7\u00e3o vibrante e natural, mesmo durante a descida da amostra, ao mesmo tempo que emite uma vibra\u00e7\u00e3o forte muito atrativa. ac\u00e7\u00e3o: r\u00e1pida peso: 55gr<\/p>\n","protected":false},"featured_media":3238,"comment_status":"open","ping_status":"closed","template":"","meta":[],"product_brand":[],"product_cat":[54,43],"product_tag":[],"class_list":{"0":"post-463","1":"product","2":"type-product","3":"status-publish","4":"has-post-thumbnail","6":"product_cat-030600-zagaiascasting-jigs-inchikus-e-light-rock-fishing","7":"product_cat-310000-novidades-gerais","9":"first","10":"instock","11":"taxable","12":"shipping-taxable","13":"purchasable","14":"product-type-variable"},"_links":{"self":[{"href":"https:\/\/idealpesca.com\/loja\/wp-json\/wp\/v2\/product\/463","targetHints":{"allow":["GET"]}}],"collection":[{"href":"https:\/\/idealpesca.com\/loja\/wp-json\/wp\/v2\/product"}],"about":[{"href":"https:\/\/idealpesca.com\/loja\/wp-json\/wp\/v2\/types\/product"}],"replies":[{"embeddable":true,"href":"https:\/\/idealpesca.com\/loja\/wp-json\/wp\/v2\/comments?post=463"}],"wp:featuredmedia":[{"embeddable":true,"href":"https:\/\/idealpesca.com\/loja\/wp-json\/wp\/v2\/media\/3238"}],"wp:attachment":[{"href":"https:\/\/idealpesca.com\/loja\/wp-json\/wp\/v2\/media?parent=463"}],"wp:term":[{"taxonomy":"product_brand","embeddable":true,"href":"https:\/\/idealpesca.com\/loja\/wp-json\/wp\/v2\/product_brand?post=463"},{"taxonomy":"product_cat","embeddable":true,"href":"https:\/\/idealpesca.com\/loja\/wp-json\/wp\/v2\/product_cat?post=463"},{"taxonomy":"product_tag","embeddable":true,"href":"https:\/\/idealpesca.com\/loja\/wp-json\/wp\/v2\/product_tag?post=463"}],"curies":[{"name":"wp","href":"https:\/\/api.w.org\/{rel}","templated":true}]}}