{"id":459,"date":"2026-03-20T12:14:09","date_gmt":"2026-03-20T12:14:09","guid":{"rendered":"https:\/\/idealpesca.com\/loja\/produto\/cana-shangrila-samsara-n61-423h-torzite\/"},"modified":"2026-03-20T23:37:32","modified_gmt":"2026-03-20T23:37:32","slug":"cana-shangrila-samsara-n61-423h-torzite","status":"publish","type":"product","link":"https:\/\/idealpesca.com\/loja\/produto\/cana-shangrila-samsara-n61-423h-torzite\/","title":{"rendered":"CANA SHANGRILA SAMSARA N61 423H TORZITE"},"content":{"rendered":"<div class=\"tab-content\">\n<div class=\"tab-pane active\">\n<div class=\"core_post_content\">\n<p>A nova SHANGRILA SAMSARA N61 incorporando a \u00faltima tecnolog\u00eda em malhas de carbono. Na constru\u00e7\u00e3o da cana \u00e9 utilizado uma inovadora malha de carbono com um cruzamento TRIPLO: 2 espirais cruzadas a 45\u00ba e outra que cruza com estas de forma a criar uma estrutura mais resistente, mais potente e sobretudo, mais ligeira.<br \/>Gra\u00e7as \u00e0 nova estrutura da SHANGRILA SAMSARA, consegue-se evitar em grande medida a deformac\u00e3o do blank durante o lan\u00e7amento, transmitindo desta maneira toda a potencia da cana para conseguir lan\u00e7amentos longos.<\/p>\n<p>\u00b7 Carbono HM QGX \u00b7 Terminal ergon\u00f3mico de Surf \u00b7 Porta-carretos Fuji\u00a0 \u00b7 Anilhas Fuji tit\u00e2nio Torzite<\/p>\n<table>\n<tr>\n<td><strong>Mod<\/strong><\/td>\n<td><strong>L (m)<\/strong><\/td>\n<td><strong>Ac (g\/lb)<\/strong><\/td>\n<td><strong>Sect<\/strong><\/td>\n<td><strong>cm<\/strong><\/td>\n<td><strong>\u00f8 mm<\/strong><\/td>\n<td><b>g<\/b><\/td>\n<td><strong>COD.<\/strong><\/td>\n<\/tr>\n<tr>\n<td>423 H<\/td>\n<td>4,22<\/td>\n<td>100-250g<\/td>\n<td>3<\/td>\n<td>157<\/td>\n<td>21<\/td>\n<td>530<\/td>\n<td>85448<\/td>\n<\/tr>\n<\/table>\n<p>\u00a0<\/p>\n<\/div>\n<\/div>\n<\/div>\n","protected":false},"excerpt":{"rendered":"<p>Topo de gama da KALI KUNNAN    NOVO PRE\u00c7O  2026<br \/>\nshangrila samsara N61<\/p>\n","protected":false},"featured_media":3231,"comment_status":"open","ping_status":"closed","template":"","meta":[],"product_brand":[],"product_cat":[551,373],"product_tag":[],"class_list":{"0":"post-459","1":"product","2":"type-product","3":"status-publish","4":"has-post-thumbnail","6":"product_cat-010100-surfcasting-pesca-de-lancamento","7":"product_cat-010106-kali-kunnan","9":"first","10":"instock","11":"taxable","12":"shipping-taxable","13":"purchasable","14":"product-type-variable"},"_links":{"self":[{"href":"https:\/\/idealpesca.com\/loja\/wp-json\/wp\/v2\/product\/459","targetHints":{"allow":["GET"]}}],"collection":[{"href":"https:\/\/idealpesca.com\/loja\/wp-json\/wp\/v2\/product"}],"about":[{"href":"https:\/\/idealpesca.com\/loja\/wp-json\/wp\/v2\/types\/product"}],"replies":[{"embeddable":true,"href":"https:\/\/idealpesca.com\/loja\/wp-json\/wp\/v2\/comments?post=459"}],"wp:featuredmedia":[{"embeddable":true,"href":"https:\/\/idealpesca.com\/loja\/wp-json\/wp\/v2\/media\/3231"}],"wp:attachment":[{"href":"https:\/\/idealpesca.com\/loja\/wp-json\/wp\/v2\/media?parent=459"}],"wp:term":[{"taxonomy":"product_brand","embeddable":true,"href":"https:\/\/idealpesca.com\/loja\/wp-json\/wp\/v2\/product_brand?post=459"},{"taxonomy":"product_cat","embeddable":true,"href":"https:\/\/idealpesca.com\/loja\/wp-json\/wp\/v2\/product_cat?post=459"},{"taxonomy":"product_tag","embeddable":true,"href":"https:\/\/idealpesca.com\/loja\/wp-json\/wp\/v2\/product_tag?post=459"}],"curies":[{"name":"wp","href":"https:\/\/api.w.org\/{rel}","templated":true}]}}