{"id":353,"date":"2026-03-20T12:13:50","date_gmt":"2026-03-20T12:13:50","guid":{"rendered":"https:\/\/idealpesca.com\/loja\/produto\/megabass-flatbacker-110\/"},"modified":"2026-03-20T23:55:10","modified_gmt":"2026-03-20T23:55:10","slug":"megabass-flatbacker-110","status":"publish","type":"product","link":"https:\/\/idealpesca.com\/loja\/produto\/megabass-flatbacker-110\/","title":{"rendered":"MEGABASS ZONK 120"},"content":{"rendered":"<p><strong>&#8211; TAMANHO: 12 CM.<\/strong><\/p>\n<p><strong>&#8211; PESO: 21 GR.<\/strong><\/p>\n<p><strong>&#8211; A MEGABASS ZONK \u00c9 UMA AMOSTRA DESENHADA PARA PRODUZIR LAN\u00c7AMENTOS MUITO LONGOS GRA\u00c7AS AO SEU SISTEMA DE MASSA INTERNO QUE A TORNA NUMA AUT\u00caNTICA &#8220;BALA&#8221;.<\/strong><\/p>\n","protected":false},"excerpt":{"rendered":"<p>AMOSTRA DE SPINNING DE ALTA QUALIDADE<br \/>\nMADE IN JAPAN<\/p>\n","protected":false},"featured_media":3073,"comment_status":"open","ping_status":"closed","template":"","meta":[],"product_brand":[],"product_cat":[49,271],"product_tag":[],"class_list":{"0":"post-353","1":"product","2":"type-product","3":"status-publish","4":"has-post-thumbnail","6":"product_cat-030100-jerkbait-spinning","7":"product_cat-030110-megabass","9":"first","10":"instock","11":"taxable","12":"shipping-taxable","13":"purchasable","14":"product-type-variable"},"_links":{"self":[{"href":"https:\/\/idealpesca.com\/loja\/wp-json\/wp\/v2\/product\/353","targetHints":{"allow":["GET"]}}],"collection":[{"href":"https:\/\/idealpesca.com\/loja\/wp-json\/wp\/v2\/product"}],"about":[{"href":"https:\/\/idealpesca.com\/loja\/wp-json\/wp\/v2\/types\/product"}],"replies":[{"embeddable":true,"href":"https:\/\/idealpesca.com\/loja\/wp-json\/wp\/v2\/comments?post=353"}],"wp:featuredmedia":[{"embeddable":true,"href":"https:\/\/idealpesca.com\/loja\/wp-json\/wp\/v2\/media\/3073"}],"wp:attachment":[{"href":"https:\/\/idealpesca.com\/loja\/wp-json\/wp\/v2\/media?parent=353"}],"wp:term":[{"taxonomy":"product_brand","embeddable":true,"href":"https:\/\/idealpesca.com\/loja\/wp-json\/wp\/v2\/product_brand?post=353"},{"taxonomy":"product_cat","embeddable":true,"href":"https:\/\/idealpesca.com\/loja\/wp-json\/wp\/v2\/product_cat?post=353"},{"taxonomy":"product_tag","embeddable":true,"href":"https:\/\/idealpesca.com\/loja\/wp-json\/wp\/v2\/product_tag?post=353"}],"curies":[{"name":"wp","href":"https:\/\/api.w.org\/{rel}","templated":true}]}}