{"id":26117,"date":"2026-04-09T09:43:23","date_gmt":"2026-04-09T08:43:23","guid":{"rendered":"https:\/\/idealpesca.com\/loja\/produto\/cana-barros-carapau-4-00mtr\/"},"modified":"2026-05-14T17:17:30","modified_gmt":"2026-05-14T16:17:30","slug":"cana-barros-carapau-4-00mtr","status":"publish","type":"product","link":"https:\/\/idealpesca.com\/loja\/produto\/cana-barros-carapau-4-00mtr\/","title":{"rendered":"Cana Barros CARAPAU 4.00MTR"},"content":{"rendered":"<p>Cana para pesca de boia, ideal para\u00a0 pescar\u00a0 com boia de caneta,\u00a0 vem montada com passadores seaguide monop\u00e9 e porta carretos de cremalheira.<\/p>\n<p>CARAPAU SEA FLOAT 400<\/p>\n<ul>\n<li>Comprimento: 4.00m<\/li>\n<li>Comprimento fechada: 1.31m<\/li>\n<li>Sec\u00e7\u00f5es: 4<\/li>\n<li>Peso: 220g<\/li>\n<li>A\u00e7\u00e3o: M\u00e1ximo 50g (melhor desempenho: 10-20g)<\/li>\n<li>Teste de curva: 3kg<\/li>\n<li>PVP: \u20ac 78,00<\/li>\n<\/ul>\n","protected":false},"excerpt":{"rendered":"<p>Cana telesc\u00f3pica em carbono CARAPAU SEA FLOAT<\/p>\n","protected":false},"featured_media":29556,"comment_status":"open","ping_status":"closed","template":"","meta":[],"product_brand":[],"product_cat":[556,109],"product_tag":[],"class_list":{"0":"post-26117","1":"product","2":"type-product","3":"status-publish","4":"has-post-thumbnail","6":"product_cat-010400-boia-e-chumbadinha","7":"product_cat-010402-barros","9":"first","10":"instock","11":"taxable","12":"shipping-taxable","13":"purchasable","14":"product-type-variable"},"_links":{"self":[{"href":"https:\/\/idealpesca.com\/loja\/wp-json\/wp\/v2\/product\/26117","targetHints":{"allow":["GET"]}}],"collection":[{"href":"https:\/\/idealpesca.com\/loja\/wp-json\/wp\/v2\/product"}],"about":[{"href":"https:\/\/idealpesca.com\/loja\/wp-json\/wp\/v2\/types\/product"}],"replies":[{"embeddable":true,"href":"https:\/\/idealpesca.com\/loja\/wp-json\/wp\/v2\/comments?post=26117"}],"wp:featuredmedia":[{"embeddable":true,"href":"https:\/\/idealpesca.com\/loja\/wp-json\/wp\/v2\/media\/29556"}],"wp:attachment":[{"href":"https:\/\/idealpesca.com\/loja\/wp-json\/wp\/v2\/media?parent=26117"}],"wp:term":[{"taxonomy":"product_brand","embeddable":true,"href":"https:\/\/idealpesca.com\/loja\/wp-json\/wp\/v2\/product_brand?post=26117"},{"taxonomy":"product_cat","embeddable":true,"href":"https:\/\/idealpesca.com\/loja\/wp-json\/wp\/v2\/product_cat?post=26117"},{"taxonomy":"product_tag","embeddable":true,"href":"https:\/\/idealpesca.com\/loja\/wp-json\/wp\/v2\/product_tag?post=26117"}],"curies":[{"name":"wp","href":"https:\/\/api.w.org\/{rel}","templated":true}]}}