{"id":2582,"date":"2026-03-20T12:25:31","date_gmt":"2026-03-20T12:25:31","guid":{"rendered":"https:\/\/idealpesca.com\/loja\/produto\/zagaia-zaglou-35gr\/"},"modified":"2026-03-20T23:59:37","modified_gmt":"2026-03-20T23:59:37","slug":"zagaia-zaglou-35gr","status":"publish","type":"product","link":"https:\/\/idealpesca.com\/loja\/produto\/zagaia-zaglou-35gr\/","title":{"rendered":"ZAGAIA ZAGLOU 35GR"},"content":{"rendered":"<p><span style=\"color: #000000;font-size: large\"><strong>&#8211; Tamanho RAGLOU 12 cm.;<\/strong><\/span><\/p>\n<p><span style=\"color: #000000;font-size: large\"><strong>&#8211; Vem com anzol tamanho 2\/0;<\/strong><\/span><\/p>\n<p><span style=\"color: #000000;font-size: large\"><strong>&#8211; ZAGAIA NACIONAL COM 35GRS<\/strong><\/span><\/p>\n","protected":false},"excerpt":{"rendered":"<p>Um cl\u00e1ssico para o corrico, ZAGAIA NACIONAL COM CA\u00c7\u00c3O ATRELADO<\/p>\n","protected":false},"featured_media":5749,"comment_status":"open","ping_status":"closed","template":"","meta":[],"product_brand":[],"product_cat":[287,289,517],"product_tag":[],"class_list":{"0":"post-2582","1":"product","2":"type-product","3":"status-publish","4":"has-post-thumbnail","6":"product_cat-030500-cacoes-pingalins-polvos-e-lulas","7":"product_cat-030505-raglou","8":"product_cat-ideal-pesca","10":"first","11":"instock","12":"taxable","13":"shipping-taxable","14":"purchasable","15":"product-type-variable"},"_links":{"self":[{"href":"https:\/\/idealpesca.com\/loja\/wp-json\/wp\/v2\/product\/2582","targetHints":{"allow":["GET"]}}],"collection":[{"href":"https:\/\/idealpesca.com\/loja\/wp-json\/wp\/v2\/product"}],"about":[{"href":"https:\/\/idealpesca.com\/loja\/wp-json\/wp\/v2\/types\/product"}],"replies":[{"embeddable":true,"href":"https:\/\/idealpesca.com\/loja\/wp-json\/wp\/v2\/comments?post=2582"}],"wp:featuredmedia":[{"embeddable":true,"href":"https:\/\/idealpesca.com\/loja\/wp-json\/wp\/v2\/media\/5749"}],"wp:attachment":[{"href":"https:\/\/idealpesca.com\/loja\/wp-json\/wp\/v2\/media?parent=2582"}],"wp:term":[{"taxonomy":"product_brand","embeddable":true,"href":"https:\/\/idealpesca.com\/loja\/wp-json\/wp\/v2\/product_brand?post=2582"},{"taxonomy":"product_cat","embeddable":true,"href":"https:\/\/idealpesca.com\/loja\/wp-json\/wp\/v2\/product_cat?post=2582"},{"taxonomy":"product_tag","embeddable":true,"href":"https:\/\/idealpesca.com\/loja\/wp-json\/wp\/v2\/product_tag?post=2582"}],"curies":[{"name":"wp","href":"https:\/\/api.w.org\/{rel}","templated":true}]}}