{"id":25377,"date":"2025-07-31T08:56:48","date_gmt":"2025-07-31T07:56:48","guid":{"rendered":"https:\/\/idealpesca.com\/loja\/produto\/linha-conica-trabucco-taper-leader-surf-250mts\/"},"modified":"2026-05-14T17:17:28","modified_gmt":"2026-05-14T16:17:28","slug":"linha-conica-trabucco-taper-leader-surf-250mts","status":"publish","type":"product","link":"https:\/\/idealpesca.com\/loja\/produto\/linha-conica-trabucco-taper-leader-surf-250mts\/","title":{"rendered":"LINHA CONICA TRABUCCO TAPER LEADER + SURF 250MTS."},"content":{"rendered":"<p>&#8211; MONOFILAMENTO PARA SURFCASTING;<\/p>\n<p>&#8211; 15 METROS NO INICIO E NO FIM COM 0.57MM DE ESPESSURA E 220 METROS DE 0.20MM;<\/p>\n<p>&#8211; C\u00d4R: MUDA A CADA 20 METROS E PONTA DE CHOQUE TRANSPARENTE;<\/p>\n","protected":false},"excerpt":{"rendered":"<p>A VANTAGEM DA AUS\u00caNCIA DE N\u00d3S PARA \u00c1GUAS COM ALGAS<br \/>\nBOBINE DE 250 METROS DE GRANDE QUALIDADE<\/p>\n","protected":false},"featured_media":29300,"comment_status":"open","ping_status":"closed","template":"","meta":[],"product_brand":[],"product_cat":[48,264],"product_tag":[],"class_list":{"0":"post-25377","1":"product","2":"type-product","3":"status-publish","4":"has-post-thumbnail","6":"product_cat-061100-chicotes-linha-conica","7":"product_cat-061106-trabucco","9":"first","10":"instock","11":"taxable","12":"shipping-taxable","13":"purchasable","14":"product-type-variable"},"_links":{"self":[{"href":"https:\/\/idealpesca.com\/loja\/wp-json\/wp\/v2\/product\/25377","targetHints":{"allow":["GET"]}}],"collection":[{"href":"https:\/\/idealpesca.com\/loja\/wp-json\/wp\/v2\/product"}],"about":[{"href":"https:\/\/idealpesca.com\/loja\/wp-json\/wp\/v2\/types\/product"}],"replies":[{"embeddable":true,"href":"https:\/\/idealpesca.com\/loja\/wp-json\/wp\/v2\/comments?post=25377"}],"wp:featuredmedia":[{"embeddable":true,"href":"https:\/\/idealpesca.com\/loja\/wp-json\/wp\/v2\/media\/29300"}],"wp:attachment":[{"href":"https:\/\/idealpesca.com\/loja\/wp-json\/wp\/v2\/media?parent=25377"}],"wp:term":[{"taxonomy":"product_brand","embeddable":true,"href":"https:\/\/idealpesca.com\/loja\/wp-json\/wp\/v2\/product_brand?post=25377"},{"taxonomy":"product_cat","embeddable":true,"href":"https:\/\/idealpesca.com\/loja\/wp-json\/wp\/v2\/product_cat?post=25377"},{"taxonomy":"product_tag","embeddable":true,"href":"https:\/\/idealpesca.com\/loja\/wp-json\/wp\/v2\/product_tag?post=25377"}],"curies":[{"name":"wp","href":"https:\/\/api.w.org\/{rel}","templated":true}]}}