{"id":25320,"date":"2025-07-23T08:44:37","date_gmt":"2025-07-23T07:44:37","guid":{"rendered":"https:\/\/idealpesca.com\/loja\/produto\/cana-vengeance-bx-boat-slim-229m-76-20-30lb-11pc\/"},"modified":"2026-05-14T17:17:27","modified_gmt":"2026-05-14T16:17:27","slug":"cana-vengeance-bx-boat-slim-229m-76-20-30lb-11pc","status":"publish","type":"product","link":"https:\/\/idealpesca.com\/loja\/produto\/cana-vengeance-bx-boat-slim-229m-76-20-30lb-11pc\/","title":{"rendered":"Cana Vengeance BX Boat Slim 2,29m 7&#8217;6&#8243; 20-30lb 1+1pc"},"content":{"rendered":"<p><span style=\"font-size: 18pt\"><strong>TAMANHO: 2.28 MT.<\/strong><\/span><\/p>\n<p><span style=\"font-size: 18pt\"><strong>AC\u00c7\u00c3O:\u00a0 20-30 LBS<\/strong><\/span><\/p>\n<p><span style=\"font-size: 18pt\"><strong>PASSADORES:\u00a0A\u00c7O INOXID\u00c1VEL<\/strong><\/span><\/p>\n<p><span style=\"font-size: 18pt\"><strong>TIPO PASSADORES: SHIMANO HARDLITE<\/strong><\/span><\/p>\n<p><span style=\"font-size: 18pt\"><strong>PORTA-CARRETOS: DPS<\/strong><\/span><\/p>\n<p><span style=\"font-size: 18pt\"><strong>ELEMENTOS: 2<\/strong><\/span><\/p>\n<p><span style=\"font-size: 18pt\"><strong>PESO:308 GRAMAS<\/strong><\/span><\/p>\n<p><span style=\"font-size: 18pt\"><strong>COMPRIMENTO FECHADO: 164CM<\/strong><\/span><\/p>\n<p><span style=\"font-size: 18pt\"><strong>A robusta 30-50lb \u00e9 a escolha perfeita para explorar agua profundas da costa europeia, especialmente para peixes de grande porte, enquanto que o modelo de m\u00e9dia carga 20-30lb \u00e9 extremamente vers\u00e1til tanto para fundo ou derivas e a ligeira 12-20lb para \u00e1guas pouco profundas e pouca corrente.<\/strong><\/span><\/p>\n","protected":false},"excerpt":{"rendered":"<p>VERS\u00c3O MAIS ACESS\u00cdVEL PARA PESCA PESADA<br \/>\n2,29m 7&#8217;6&#8243; 20-30lb 1+1pc<\/p>\n","protected":false},"featured_media":29281,"comment_status":"open","ping_status":"closed","template":"","meta":[],"product_brand":[],"product_cat":[518,87,561,546],"product_tag":[],"class_list":{"0":"post-25320","1":"product","2":"type-product","3":"status-publish","4":"has-post-thumbnail","6":"product_cat-010300-pesca-embarcada","7":"product_cat-010307-shimano","8":"product_cat-010600-jigging-e-trolling","9":"product_cat-010605-shimano","11":"first","12":"instock","13":"taxable","14":"shipping-taxable","15":"purchasable","16":"product-type-variable"},"_links":{"self":[{"href":"https:\/\/idealpesca.com\/loja\/wp-json\/wp\/v2\/product\/25320","targetHints":{"allow":["GET"]}}],"collection":[{"href":"https:\/\/idealpesca.com\/loja\/wp-json\/wp\/v2\/product"}],"about":[{"href":"https:\/\/idealpesca.com\/loja\/wp-json\/wp\/v2\/types\/product"}],"replies":[{"embeddable":true,"href":"https:\/\/idealpesca.com\/loja\/wp-json\/wp\/v2\/comments?post=25320"}],"wp:featuredmedia":[{"embeddable":true,"href":"https:\/\/idealpesca.com\/loja\/wp-json\/wp\/v2\/media\/29281"}],"wp:attachment":[{"href":"https:\/\/idealpesca.com\/loja\/wp-json\/wp\/v2\/media?parent=25320"}],"wp:term":[{"taxonomy":"product_brand","embeddable":true,"href":"https:\/\/idealpesca.com\/loja\/wp-json\/wp\/v2\/product_brand?post=25320"},{"taxonomy":"product_cat","embeddable":true,"href":"https:\/\/idealpesca.com\/loja\/wp-json\/wp\/v2\/product_cat?post=25320"},{"taxonomy":"product_tag","embeddable":true,"href":"https:\/\/idealpesca.com\/loja\/wp-json\/wp\/v2\/product_tag?post=25320"}],"curies":[{"name":"wp","href":"https:\/\/api.w.org\/{rel}","templated":true}]}}