{"id":2520,"date":"2026-03-20T12:25:08","date_gmt":"2026-03-20T12:25:08","guid":{"rendered":"https:\/\/idealpesca.com\/loja\/produto\/lanterna-de-cabeca-petzl-tikka-core-450-lumens\/"},"modified":"2026-03-20T23:53:15","modified_gmt":"2026-03-20T23:53:15","slug":"lanterna-de-cabeca-petzl-tikka-core-450-lumens","status":"publish","type":"product","link":"https:\/\/idealpesca.com\/loja\/produto\/lanterna-de-cabeca-petzl-tikka-core-450-lumens\/","title":{"rendered":"LANTERNA de cabe\u00e7a PETZL TIKKA CORE 450 LUMENS"},"content":{"rendered":"<p><strong>Descri\u00e7\u00e3o<br \/><\/strong><\/p>\n<table>\n<tr>\n<th>C\u00f4r<\/th>\n<td>cinza<\/td>\n<\/tr>\n<tr>\n<th>peso<\/th>\n<td>84 gr<\/td>\n<\/tr>\n<tr>\n<th>estanquecidade<\/th>\n<td>IPX4\u00a0<\/td>\n<\/tr>\n<tr>\n<th>categoria<\/th>\n<td>Lanterna cabe\u00e7a<\/td>\n<\/tr>\n<tr>\n<th>tipo l\u00e2mpada<\/th>\n<td>LED<\/td>\n<\/tr>\n<tr>\n<th>alimenta\u00e7\u00e3o<\/th>\n<td>3xAAA\/LR03 e bateria\u00a0<\/td>\n<\/tr>\n<tr>\n<th>Material<\/th>\n<td>pl\u00e1stico<\/td>\n<\/tr>\n<tr>\n<th>intensidade (max)<\/th>\n<td>450 lumens<\/td>\n<\/tr>\n<\/table>\n<p>TIKKA\u00aeCORE<\/p>\n<p>Lanterna compacta, leve e com fita de cabe\u00e7a 450 lumens<\/p>\n<div class=\"productCaracteristiquesPosition inlineblock\">\n<p>Vem com pilhas AAA\/LR03 duracell e bateria de lithium recarreg\u00e1vel (core).<\/p>\n<p>\u00a0<\/p>\n<\/div>\n","protected":false},"excerpt":{"rendered":"<p>PETZL TIKKA\u00aeCORE &#8211; LANTERNA DE CABE\u00c7A DE ALTA QUALIDADE 450 lumens<\/p>\n","protected":false},"featured_media":5706,"comment_status":"open","ping_status":"closed","template":"","meta":[],"product_brand":[],"product_cat":[57,517],"product_tag":[],"class_list":{"0":"post-2520","1":"product","2":"type-product","3":"status-publish","4":"has-post-thumbnail","6":"product_cat-190000-lanternas","7":"product_cat-ideal-pesca","9":"first","10":"instock","11":"taxable","12":"shipping-taxable","13":"purchasable","14":"product-type-variable"},"_links":{"self":[{"href":"https:\/\/idealpesca.com\/loja\/wp-json\/wp\/v2\/product\/2520","targetHints":{"allow":["GET"]}}],"collection":[{"href":"https:\/\/idealpesca.com\/loja\/wp-json\/wp\/v2\/product"}],"about":[{"href":"https:\/\/idealpesca.com\/loja\/wp-json\/wp\/v2\/types\/product"}],"replies":[{"embeddable":true,"href":"https:\/\/idealpesca.com\/loja\/wp-json\/wp\/v2\/comments?post=2520"}],"wp:featuredmedia":[{"embeddable":true,"href":"https:\/\/idealpesca.com\/loja\/wp-json\/wp\/v2\/media\/5706"}],"wp:attachment":[{"href":"https:\/\/idealpesca.com\/loja\/wp-json\/wp\/v2\/media?parent=2520"}],"wp:term":[{"taxonomy":"product_brand","embeddable":true,"href":"https:\/\/idealpesca.com\/loja\/wp-json\/wp\/v2\/product_brand?post=2520"},{"taxonomy":"product_cat","embeddable":true,"href":"https:\/\/idealpesca.com\/loja\/wp-json\/wp\/v2\/product_cat?post=2520"},{"taxonomy":"product_tag","embeddable":true,"href":"https:\/\/idealpesca.com\/loja\/wp-json\/wp\/v2\/product_tag?post=2520"}],"curies":[{"name":"wp","href":"https:\/\/api.w.org\/{rel}","templated":true}]}}