{"id":247,"date":"2026-03-20T12:13:09","date_gmt":"2026-03-20T12:13:09","guid":{"rendered":"https:\/\/idealpesca.com\/loja\/produto\/yuki-red-invisible-4g-300-mtros\/"},"modified":"2026-03-20T23:54:37","modified_gmt":"2026-03-20T23:54:37","slug":"yuki-red-invisible-4g-300-mtros","status":"publish","type":"product","link":"https:\/\/idealpesca.com\/loja\/produto\/yuki-red-invisible-4g-300-mtros\/","title":{"rendered":"LINHA YUKI RED INVISIBLE 4G 300 MTROS"},"content":{"rendered":"<p><strong><span style=\"font-size: large;color: #000000\">&#8211; MONOFILAMENTO DE COR VERMELHO<\/span><\/strong><\/p>\n<p><strong><span style=\"font-size: large;color: #000000\">&#8211; LINHA DE 4 GERA\u00c7\u00c3O<\/span><\/strong><\/p>\n<p><strong><span style=\"font-size: large;color: #000000\">&#8211; A RED INVISIBLE \u00c9 UMA LINHA COM UMA RESIST\u00caNCIA A ABRAS\u00c3O E AO N\u00d3 DE ALTA QUALIDADE<\/span><\/strong><\/p>\n<p><strong><span style=\"font-size: large;color: #000000\">&#8211; IDEAL PARA SURFCASTING<\/span><\/strong><\/p>\n<p><strong><span style=\"font-size: large;color: #000000\">&#8211; MUITO SUAVE E COM UMA DURABILIDADE ELEVADA<\/span><\/strong><\/p>\n","protected":false},"excerpt":{"rendered":"<p>&#8211; MONOFILAMENTO DE COR VERMELHO &#8211; LINHA DE 4 GERA\u00c7\u00c3O &#8211; A RED INVISIBLE \u00c9 UMA LINHA COM UMA RESIST\u00caNCIA A ABRAS\u00c3O E AO N\u00d3 DE ALTA QUALIDADE &#8211; IDEAL PARA SURFCASTING &#8211; MUITO SUAVE E COM UMA DURABILIDADE ELEVADA<\/p>\n","protected":false},"featured_media":2920,"comment_status":"open","ping_status":"closed","template":"","meta":[],"product_brand":[],"product_cat":[299,319],"product_tag":[],"class_list":{"0":"post-247","1":"product","2":"type-product","3":"status-publish","4":"has-post-thumbnail","6":"product_cat-060200-monofilamento-nylon-250-a-300-metros","7":"product_cat-060214-yuki","9":"first","10":"instock","11":"taxable","12":"shipping-taxable","13":"purchasable","14":"product-type-variable"},"_links":{"self":[{"href":"https:\/\/idealpesca.com\/loja\/wp-json\/wp\/v2\/product\/247","targetHints":{"allow":["GET"]}}],"collection":[{"href":"https:\/\/idealpesca.com\/loja\/wp-json\/wp\/v2\/product"}],"about":[{"href":"https:\/\/idealpesca.com\/loja\/wp-json\/wp\/v2\/types\/product"}],"replies":[{"embeddable":true,"href":"https:\/\/idealpesca.com\/loja\/wp-json\/wp\/v2\/comments?post=247"}],"wp:featuredmedia":[{"embeddable":true,"href":"https:\/\/idealpesca.com\/loja\/wp-json\/wp\/v2\/media\/2920"}],"wp:attachment":[{"href":"https:\/\/idealpesca.com\/loja\/wp-json\/wp\/v2\/media?parent=247"}],"wp:term":[{"taxonomy":"product_brand","embeddable":true,"href":"https:\/\/idealpesca.com\/loja\/wp-json\/wp\/v2\/product_brand?post=247"},{"taxonomy":"product_cat","embeddable":true,"href":"https:\/\/idealpesca.com\/loja\/wp-json\/wp\/v2\/product_cat?post=247"},{"taxonomy":"product_tag","embeddable":true,"href":"https:\/\/idealpesca.com\/loja\/wp-json\/wp\/v2\/product_tag?post=247"}],"curies":[{"name":"wp","href":"https:\/\/api.w.org\/{rel}","templated":true}]}}