{"id":2457,"date":"2026-03-20T12:24:44","date_gmt":"2026-03-20T12:24:44","guid":{"rendered":"https:\/\/idealpesca.com\/loja\/produto\/palhaco-shimano-sephia-clinch-long-appeal-3-0gou-jb-017-prawn\/"},"modified":"2026-03-20T23:56:03","modified_gmt":"2026-03-20T23:56:03","slug":"palhaco-shimano-sephia-clinch-long-appeal-3-0gou-jb-017-prawn","status":"publish","type":"product","link":"https:\/\/idealpesca.com\/loja\/produto\/palhaco-shimano-sephia-clinch-long-appeal-3-0gou-jb-017-prawn\/","title":{"rendered":"PALHA\u00c7O Shimano Sephia Clinch Long Appeal 3.0Gou JETBOOST 13GR."},"content":{"rendered":"<p>As toneiras SHIMANO CLINCH JET BOOST s\u00e3o especialmente concebidas para longo lan\u00e7amento e queda lenta de 7.4 segundos por metro tornando-a perfeita para pesca em aguas rasas de terra. Equipada com um lastro externo ao n\u00edvel da cabe\u00e7a, esta toneira de 15 gramas desce rapidamente e oferece uma boa estabilidade em anima\u00e7\u00f5es verticais. As lula e o chocos n\u00e3o resistir\u00e3o a esta toneira.<\/p>\n<p>O Sephia Clinch \u00e9 uma amostra top, qualidade japonesa, longo lan\u00e7amento, com capacidade de trabalho at\u00e9 aos 20 metros, o acabamento excepcional do\u00a0 \u2018Clinch\u2019 tem luminosidade e brilho UV caracteristicas que aumentam a sua visibilidade..<\/p>\n<p>Velocidade de queda aproximada: 7.4 segundos\/metro.<\/p>\n<p>\u00a0<\/p>\n<p>\u00a0<\/p>\n<p>\u00a0<\/p>\n<p>\u00a0<\/p>\n","protected":false},"excerpt":{"rendered":"<p>TAMANHO 3.0<br \/>\nPESO 13 GR.<\/p>\n","protected":false},"featured_media":5641,"comment_status":"open","ping_status":"closed","template":"","meta":[],"product_brand":[],"product_cat":[52,168,43],"product_tag":[],"class_list":{"0":"post-2457","1":"product","2":"type-product","3":"status-publish","4":"has-post-thumbnail","6":"product_cat-030800-palhacos-toneiras-para-chocos-e-lulas","7":"product_cat-030810-shimano","8":"product_cat-310000-novidades-gerais","10":"first","11":"instock","12":"taxable","13":"shipping-taxable","14":"purchasable","15":"product-type-variable"},"_links":{"self":[{"href":"https:\/\/idealpesca.com\/loja\/wp-json\/wp\/v2\/product\/2457","targetHints":{"allow":["GET"]}}],"collection":[{"href":"https:\/\/idealpesca.com\/loja\/wp-json\/wp\/v2\/product"}],"about":[{"href":"https:\/\/idealpesca.com\/loja\/wp-json\/wp\/v2\/types\/product"}],"replies":[{"embeddable":true,"href":"https:\/\/idealpesca.com\/loja\/wp-json\/wp\/v2\/comments?post=2457"}],"wp:featuredmedia":[{"embeddable":true,"href":"https:\/\/idealpesca.com\/loja\/wp-json\/wp\/v2\/media\/5641"}],"wp:attachment":[{"href":"https:\/\/idealpesca.com\/loja\/wp-json\/wp\/v2\/media?parent=2457"}],"wp:term":[{"taxonomy":"product_brand","embeddable":true,"href":"https:\/\/idealpesca.com\/loja\/wp-json\/wp\/v2\/product_brand?post=2457"},{"taxonomy":"product_cat","embeddable":true,"href":"https:\/\/idealpesca.com\/loja\/wp-json\/wp\/v2\/product_cat?post=2457"},{"taxonomy":"product_tag","embeddable":true,"href":"https:\/\/idealpesca.com\/loja\/wp-json\/wp\/v2\/product_tag?post=2457"}],"curies":[{"name":"wp","href":"https:\/\/api.w.org\/{rel}","templated":true}]}}