{"id":2447,"date":"2026-03-20T12:24:40","date_gmt":"2026-03-20T12:24:40","guid":{"rendered":"https:\/\/idealpesca.com\/loja\/produto\/carreto-shimano-sustain-c5000xg-fk\/"},"modified":"2026-03-20T23:51:18","modified_gmt":"2026-03-20T23:51:18","slug":"carreto-shimano-sustain-c5000xg-fk-2","status":"publish","type":"product","link":"https:\/\/idealpesca.com\/loja\/produto\/carreto-shimano-sustain-c5000xg-fk-2\/","title":{"rendered":"Carreto Shimano Sustain C5000XG Fk"},"content":{"rendered":"<p><span style=\"font-size: large;color: #000000\"><strong>\u00a0<\/strong><\/span><\/p>\n<p><span style=\"font-size: large;color: #000000\"><strong>Rolamentos: 8 +1 <\/strong><\/span><\/p>\n<p><span style=\"font-size: large;color: #000000\"><strong>Ratio: 6.2:1 <\/strong><\/span><\/p>\n<p><span style=\"font-size: large;color: #000000\"><strong>Bobines: 1<\/strong><\/span><\/p>\n<p><span style=\"font-size: large;color: #000000\"><strong>Capacidade de linha(mm-mtrs.): 0.35-175<\/strong><\/span><\/p>\n<p><span style=\"font-size: large;color: #000000\"><strong> Embraiagem: 11 Kg.<\/strong><\/span><\/p>\n<p><span style=\"font-size: large;color: #000000\"><strong>Peso: 270 gramas<\/strong><\/span><\/p>\n<p><span style=\"font-size: large;color: #000000\"><strong>Recupera\u00e7\u00e3o por volta de manivela: 101 cm.<\/strong><\/span><\/p>\n<p><span style=\"font-size: large;color: #000000\"><strong>\u00a0<\/strong><\/span><\/p>\n<p>\u00a0<\/p>\n<p>\u00a0O\u00a0Sustain faz parte da serie Magnumlite com rotor MGL para leveza de funcionamento e precis\u00e3o e controle das amostras, combinado com suavidade e a prote\u00e7\u00e3o em aluminio do corpo HAGANE.<\/p>\n","protected":false},"excerpt":{"rendered":"<p>Um carreto de alta qualidade<br \/>\nNOVO sustain SA50XGFk        2025<\/p>\n","protected":false},"featured_media":5617,"comment_status":"open","ping_status":"closed","template":"","meta":[],"product_brand":[],"product_cat":[45,75,517],"product_tag":[],"class_list":{"0":"post-2447","1":"product","2":"type-product","3":"status-publish","4":"has-post-thumbnail","6":"product_cat-020200-boia-spinning-eging","7":"product_cat-020208-shimano","8":"product_cat-ideal-pesca","10":"first","11":"instock","12":"taxable","13":"shipping-taxable","14":"purchasable","15":"product-type-variable"},"_links":{"self":[{"href":"https:\/\/idealpesca.com\/loja\/wp-json\/wp\/v2\/product\/2447","targetHints":{"allow":["GET"]}}],"collection":[{"href":"https:\/\/idealpesca.com\/loja\/wp-json\/wp\/v2\/product"}],"about":[{"href":"https:\/\/idealpesca.com\/loja\/wp-json\/wp\/v2\/types\/product"}],"replies":[{"embeddable":true,"href":"https:\/\/idealpesca.com\/loja\/wp-json\/wp\/v2\/comments?post=2447"}],"wp:featuredmedia":[{"embeddable":true,"href":"https:\/\/idealpesca.com\/loja\/wp-json\/wp\/v2\/media\/5617"}],"wp:attachment":[{"href":"https:\/\/idealpesca.com\/loja\/wp-json\/wp\/v2\/media?parent=2447"}],"wp:term":[{"taxonomy":"product_brand","embeddable":true,"href":"https:\/\/idealpesca.com\/loja\/wp-json\/wp\/v2\/product_brand?post=2447"},{"taxonomy":"product_cat","embeddable":true,"href":"https:\/\/idealpesca.com\/loja\/wp-json\/wp\/v2\/product_cat?post=2447"},{"taxonomy":"product_tag","embeddable":true,"href":"https:\/\/idealpesca.com\/loja\/wp-json\/wp\/v2\/product_tag?post=2447"}],"curies":[{"name":"wp","href":"https:\/\/api.w.org\/{rel}","templated":true}]}}