{"id":24032,"date":"2024-04-03T16:03:40","date_gmt":"2024-04-03T15:03:40","guid":{"rendered":"https:\/\/idealpesca.com\/loja\/produto\/shimano-cana-stradic-spinning-mod-fast-300m-910-7-35g-2pc\/"},"modified":"2026-05-15T19:43:20","modified_gmt":"2026-05-15T18:43:20","slug":"shimano-cana-stradic-spinning-mod-fast-300m-910-7-35g-2pc","status":"publish","type":"product","link":"https:\/\/idealpesca.com\/loja\/produto\/shimano-cana-stradic-spinning-mod-fast-300m-910-7-35g-2pc\/","title":{"rendered":"Shimano Cana Stradic Spinning MOD-FAST 3,00m 9&#8217;10&#8221; 7-35g 2pc"},"content":{"rendered":"<p><span style=\"font-size: 1rem\">Total comprimento (mt): 3.00\u00a0<\/span><\/p>\n<div class=\"feature-wrapper ng-star-inserted\">\n<div>No. pe\u00e7as : 2<\/div>\n<div>\u00a0<\/div>\n<\/div>\n<div class=\"feature-wrapper ng-star-inserted\">\n<div>Ac\u00e7\u00e3o: R\u00e1pida e moderada<\/div>\n<div>\u00a0<\/div>\n<\/div>\n<div class=\"feature-wrapper ng-star-inserted\">\n<div>Reel Seat: Fuji VSS<\/div>\n<div>\u00a0<\/div>\n<\/div>\n<div class=\"feature-wrapper ng-star-inserted\">\n<div>Tipo\/Modelo: Spinning<\/div>\n<div>\u00a0<\/div>\n<\/div>\n<div class=\"feature-wrapper ng-star-inserted\">\n<div>Comprimento fechado (cm): 154<\/div>\n<div>\u00a0<\/div>\n<\/div>\n<div class=\"feature-wrapper ng-star-inserted\">\n<div>Peso de lan\u00e7amento (g): 7-35<\/div>\n<div>\u00a0<\/div>\n<\/div>\n<div class=\"feature-wrapper ng-star-inserted\">\n<div>Tipo de Punho: Split Grip<\/div>\n<div>\u00a0<\/div>\n<\/div>\n<div class=\"feature-wrapper ng-star-inserted\">\n<div>Material do punho: Corti\u00e7a<\/div>\n<div>\u00a0<\/div>\n<\/div>\n<div class=\"feature-wrapper ng-star-inserted\">\n<div>Tipo de passadores: Fuji Alconite K-type<\/div>\n<div>\u00a0<\/div>\n<\/div>\n<div class=\"feature-wrapper ng-star-inserted\">\n<div>Material da estrutura dos passadores: A\u00e7o inox (Stainless Steel)<\/div>\n<\/div>\n<div class=\"feature-wrapper ng-star-inserted\">\n<div>\u00a0<\/div>\n<\/div>\n<div class=\"feature-wrapper ng-star-inserted\">\n<div>Blank Material &amp; Constru\u00e7\u00e3o:\u00a0<\/p>\n<div class=\"feature-wrapper ng-star-inserted\">\n<div>\u00a0<\/div>\n<div>High Modulus Full Carbon + XSR + Diaflash<\/div>\n<\/div>\n<div>\u00a0<\/div>\n<div>REF.SSTR910MMFC<\/div>\n<div class=\"feature-wrapper ng-star-inserted\">\u00a0<\/div>\n<p>\u00a0<\/p>\n<\/div>\n<div>\u00a0<\/div>\n<\/div>\n<p>\u00a0<\/p>\n","protected":false},"excerpt":{"rendered":"<p>Novidade para 2023<\/p>\n","protected":false},"featured_media":28789,"comment_status":"open","ping_status":"closed","template":"","meta":[],"product_brand":[],"product_cat":[545,93],"product_tag":[],"class_list":{"0":"post-24032","1":"product","2":"type-product","3":"status-publish","4":"has-post-thumbnail","6":"product_cat-010200-spinning","7":"product_cat-010206-shimano","9":"first","10":"outofstock","11":"taxable","12":"shipping-taxable","13":"purchasable","14":"product-type-variable"},"_links":{"self":[{"href":"https:\/\/idealpesca.com\/loja\/wp-json\/wp\/v2\/product\/24032","targetHints":{"allow":["GET"]}}],"collection":[{"href":"https:\/\/idealpesca.com\/loja\/wp-json\/wp\/v2\/product"}],"about":[{"href":"https:\/\/idealpesca.com\/loja\/wp-json\/wp\/v2\/types\/product"}],"replies":[{"embeddable":true,"href":"https:\/\/idealpesca.com\/loja\/wp-json\/wp\/v2\/comments?post=24032"}],"wp:featuredmedia":[{"embeddable":true,"href":"https:\/\/idealpesca.com\/loja\/wp-json\/wp\/v2\/media\/28789"}],"wp:attachment":[{"href":"https:\/\/idealpesca.com\/loja\/wp-json\/wp\/v2\/media?parent=24032"}],"wp:term":[{"taxonomy":"product_brand","embeddable":true,"href":"https:\/\/idealpesca.com\/loja\/wp-json\/wp\/v2\/product_brand?post=24032"},{"taxonomy":"product_cat","embeddable":true,"href":"https:\/\/idealpesca.com\/loja\/wp-json\/wp\/v2\/product_cat?post=24032"},{"taxonomy":"product_tag","embeddable":true,"href":"https:\/\/idealpesca.com\/loja\/wp-json\/wp\/v2\/product_tag?post=24032"}],"curies":[{"name":"wp","href":"https:\/\/api.w.org\/{rel}","templated":true}]}}