{"id":23473,"date":"2023-05-05T11:20:04","date_gmt":"2023-05-05T10:20:04","guid":{"rendered":"https:\/\/idealpesca.com\/loja\/produto\/cana-okuma-competition-avenger-5-00mtrs\/"},"modified":"2026-05-14T17:17:20","modified_gmt":"2026-05-14T16:17:20","slug":"cana-okuma-competition-avenger-5-00mtrs","status":"publish","type":"product","link":"https:\/\/idealpesca.com\/loja\/produto\/cana-okuma-competition-avenger-5-00mtrs\/","title":{"rendered":"Cana Okuma COMPETITION AVENGER 5.00mtrs"},"content":{"rendered":"<p>As canas Competition Avenger telescopicas s\u00e3o construidas com extrema precis\u00e3o: uma experi\u00eancia ineg\u00e1vel para a +pesca \u00e1 boia. A constru\u00e7\u00e3o ligeira mas potente do blank de alto m\u00f3dulo oferece sensibilidade e for\u00e7a necess\u00e1ria para o combate com grandes exemplares em zonas de rocha ou em altura.\u00a0<\/p>\n<ul>\n<li>Blanks em carbono 30 Tn .<\/li>\n<li>carbono cruzado em X .<\/li>\n<li>Passadores Fuji K-Concept .<\/li>\n<li>Aneis\u00a0Fuji Alconite.<\/li>\n<li>Porta-carreto Fuji NS placa.<\/li>\n<li>Saco em tecido.<\/li>\n<\/ul>\n<p>\u00a0<\/p>\n<div class=\"additional-attributes-wrapper table-wrapper\">\n<table id=\"product-attribute-specs-table\" class=\"data table additional-attributes\">\n<caption class=\"table-caption\">Caracteristicas<\/caption>\n<tbody>\n<tr>\n<th class=\"col label\" scope=\"row\">Marca<\/th>\n<td class=\"col data\" data-th=\"Marque\">OKUMA<\/td>\n<\/tr>\n<tr>\n<th class=\"col label\" scope=\"row\">Potencia<\/th>\n<td class=\"col data\" data-th=\"Puissance de lancer\">40-100 g<\/td>\n<\/tr>\n<tr>\n<th class=\"col label\" scope=\"row\">N\u00ba de passadores<\/th>\n<td class=\"col data\" data-th=\"Nombre d'anneaux\">9+1<\/td>\n<\/tr>\n<tr>\n<th class=\"col label\" scope=\"row\">N\u00ba de elementos<\/th>\n<td class=\"col data\" data-th=\"Nombre de brins\">5<\/td>\n<\/tr>\n<tr>\n<th class=\"col label\" scope=\"row\">Ac\u00e7\u00e3o<\/th>\n<td class=\"col data\" data-th=\"R\u00e9sistance\">MH<\/td>\n<\/tr>\n<tr>\n<th class=\"col label\" scope=\"row\">Modelo<\/th>\n<td class=\"col data\" data-th=\"Mod\u00e8le\">COMPETITION AVENGER 500CM 6SEC<\/td>\n<\/tr>\n<tr>\n<th class=\"col label\" scope=\"row\">Comprimento<\/th>\n<td class=\"col data\" data-th=\"Taille\">500 cm<\/td>\n<\/tr>\n<\/tbody>\n<\/table>\n<\/div>\n","protected":false},"excerpt":{"rendered":"<p>Novidade<\/p>\n","protected":false},"featured_media":28541,"comment_status":"open","ping_status":"closed","template":"","meta":[],"product_brand":[],"product_cat":[556,140],"product_tag":[],"class_list":{"0":"post-23473","1":"product","2":"type-product","3":"status-publish","4":"has-post-thumbnail","6":"product_cat-010400-boia-e-chumbadinha","7":"product_cat-010408-okuma","9":"first","10":"instock","11":"taxable","12":"shipping-taxable","13":"purchasable","14":"product-type-variable"},"_links":{"self":[{"href":"https:\/\/idealpesca.com\/loja\/wp-json\/wp\/v2\/product\/23473","targetHints":{"allow":["GET"]}}],"collection":[{"href":"https:\/\/idealpesca.com\/loja\/wp-json\/wp\/v2\/product"}],"about":[{"href":"https:\/\/idealpesca.com\/loja\/wp-json\/wp\/v2\/types\/product"}],"replies":[{"embeddable":true,"href":"https:\/\/idealpesca.com\/loja\/wp-json\/wp\/v2\/comments?post=23473"}],"wp:featuredmedia":[{"embeddable":true,"href":"https:\/\/idealpesca.com\/loja\/wp-json\/wp\/v2\/media\/28541"}],"wp:attachment":[{"href":"https:\/\/idealpesca.com\/loja\/wp-json\/wp\/v2\/media?parent=23473"}],"wp:term":[{"taxonomy":"product_brand","embeddable":true,"href":"https:\/\/idealpesca.com\/loja\/wp-json\/wp\/v2\/product_brand?post=23473"},{"taxonomy":"product_cat","embeddable":true,"href":"https:\/\/idealpesca.com\/loja\/wp-json\/wp\/v2\/product_cat?post=23473"},{"taxonomy":"product_tag","embeddable":true,"href":"https:\/\/idealpesca.com\/loja\/wp-json\/wp\/v2\/product_tag?post=23473"}],"curies":[{"name":"wp","href":"https:\/\/api.w.org\/{rel}","templated":true}]}}