{"id":23143,"date":"2023-01-31T16:50:59","date_gmt":"2023-01-31T16:50:59","guid":{"rendered":"https:\/\/idealpesca.com\/loja\/produto\/cabecotes-fiiish-black-minnow-90\/"},"modified":"2026-05-14T17:17:20","modified_gmt":"2026-05-14T16:17:20","slug":"cabecotes-fiiish-black-minnow-90","status":"publish","type":"product","link":"https:\/\/idealpesca.com\/loja\/produto\/cabecotes-fiiish-black-minnow-90\/","title":{"rendered":"CABE\u00c7OTES Fiiish Black Minnow 90"},"content":{"rendered":"<h3 style=\"text-align: justify\"><span style=\"color: #000000\">SISTEMA DE ENCAIXE ANZOL CABE\u00c7OTE PH\u00b2S\u00ae:<\/span><\/h3>\n<p style=\"text-align: justify\"><span style=\"color: #000000\">Este sistema inovador foi pensado para permitir a utiliza\u00e7\u00e3o de um anzol articulado escondido no interior do vinil, ele permite aumentar a longevidade do vinil gra\u00e7as a uma melhor liga\u00e7\u00e3o entre a cabe\u00e7a e o corpo, facilitando igualmente a montagem da amostra.<img decoding=\"async\" class=\"aligncenter\" src=\"https:\/\/www.modern-angler.com\/wp-content\/uploads\/2018\/11\/2.-black-minnow-systeme-ph2s-300x90.jpeg\" alt=\"black minnow systeme ph2s\" width=\"300\" height=\"90\" \/><\/span><\/p>\n<p><span style=\"font-size: large\"><strong>\u00a0<\/strong><\/span><\/p>\n<p><span style=\"font-size: large\"><strong>\u00a0<\/strong><\/span><\/p>\n","protected":false},"excerpt":{"rendered":"<p>Cabe\u00e7otes Fiiish <\/p>\n","protected":false},"featured_media":28416,"comment_status":"open","ping_status":"closed","template":"","meta":[],"product_brand":[],"product_cat":[143,228],"product_tag":[],"class_list":{"0":"post-23143","1":"product","2":"type-product","3":"status-publish","4":"has-post-thumbnail","6":"product_cat-031000-cabecotes","7":"product_cat-031002-fiiish","9":"first","10":"instock","11":"taxable","12":"shipping-taxable","13":"purchasable","14":"product-type-variable"},"_links":{"self":[{"href":"https:\/\/idealpesca.com\/loja\/wp-json\/wp\/v2\/product\/23143","targetHints":{"allow":["GET"]}}],"collection":[{"href":"https:\/\/idealpesca.com\/loja\/wp-json\/wp\/v2\/product"}],"about":[{"href":"https:\/\/idealpesca.com\/loja\/wp-json\/wp\/v2\/types\/product"}],"replies":[{"embeddable":true,"href":"https:\/\/idealpesca.com\/loja\/wp-json\/wp\/v2\/comments?post=23143"}],"wp:featuredmedia":[{"embeddable":true,"href":"https:\/\/idealpesca.com\/loja\/wp-json\/wp\/v2\/media\/28416"}],"wp:attachment":[{"href":"https:\/\/idealpesca.com\/loja\/wp-json\/wp\/v2\/media?parent=23143"}],"wp:term":[{"taxonomy":"product_brand","embeddable":true,"href":"https:\/\/idealpesca.com\/loja\/wp-json\/wp\/v2\/product_brand?post=23143"},{"taxonomy":"product_cat","embeddable":true,"href":"https:\/\/idealpesca.com\/loja\/wp-json\/wp\/v2\/product_cat?post=23143"},{"taxonomy":"product_tag","embeddable":true,"href":"https:\/\/idealpesca.com\/loja\/wp-json\/wp\/v2\/product_tag?post=23143"}],"curies":[{"name":"wp","href":"https:\/\/api.w.org\/{rel}","templated":true}]}}