{"id":23035,"date":"2022-12-20T17:25:39","date_gmt":"2022-12-20T17:25:39","guid":{"rendered":"https:\/\/idealpesca.com\/loja\/produto\/cana-daiwa-tanacom-boat-2\/"},"modified":"2026-05-15T19:43:16","modified_gmt":"2026-05-15T18:43:16","slug":"cana-daiwa-tanacom-boat-2","status":"publish","type":"product","link":"https:\/\/idealpesca.com\/loja\/produto\/cana-daiwa-tanacom-boat-2\/","title":{"rendered":"Cana DAIWA TANACOM BOAT"},"content":{"rendered":"<div class=\"layout-content layout-strip\" style=\"margin-bottom: -369px\">\n<section class=\"product-single rod\">\n<div class=\"layout-wrapper page-content\">\n<div class=\"product-content\">\n<div class=\"product-content-inner\">\n<div class=\"row\">\n<div class=\"col-1_1  product-technologies\">\n<div class=\"row xcondensed\">\n<div class=\"col-1_4 sm-1_5 md-1_4 lg-1_6 xl-1_8\"><a class=\"open-techno-modal\" title=\"GLATECH\" href=\"https:\/\/www.daiwa.pt\/tecnologias\/canas\/glatech-2?ajax=1\" data-slug=\"glatech-2\">\u00a0 <\/a><\/div>\n<\/div>\n<\/div>\n<\/div>\n<div class=\"polymorphic-table product-table\">\n<div class=\"polymorphic-table-inner\">\n<table class=\"table bordered js-pswp-gallery\">\n<thead>\n<tr>\n<th>Refer\u00eancia<\/th>\n<th>Comprimento<\/th>\n<th>Elementos<\/th>\n<th>Desmontada<\/th>\n<th>Peso<\/th>\n<th>Passadores<\/th>\n<th>Pot\u00eancia<\/th>\n<\/tr>\n<\/thead>\n<tbody>\n<tr>\n<td>TNCB180GCF<\/td>\n<td>1,80<\/td>\n<td>1+1<\/td>\n<td>115<\/td>\n<td>609<\/td>\n<td>8<\/td>\n<td>150-800<\/td>\n<\/tr>\n<\/tbody>\n<\/table>\n<\/div>\n<\/div>\n<p><\/p>\n<ul class=\"product-specifications\">\n<li>\n<div class=\"product-desc\">\n<p>O blank da Tanacom Boat \u00e9 o fruto de uma tecnologia exclusiva Daiwa conferindo elasticidade e leveza. Na verdade, a tecnologia Glatech consiste em adicionar telas unidirecionais de fibras de vidro num enrolamento espiral de carbono. Capaz de retransmitir os toques, a cana Tanacom Boat asseguta a manuten\u00e7\u00e3o do lastro no fundo mesmo na presen\u00e7a de forte corrente. De comprimento curto, \u00e9 f\u00e1cil de usar em semirr\u00edgidos.<\/p>\n<\/div>\n<ul class=\"product-specifications\">\n<li>Blank Glatech<\/li>\n<li>Encaixe direito<\/li>\n<li>Passadores Pacific Bay, passador de ponta Fuji SiC<\/li>\n<li>Porta-carreto tubular com rosca com anel de seguran\u00e7a<\/li>\n<li>A\u00e7\u00e3o progressiva<\/li>\n<li>Ponteira maci\u00e7a<\/li>\n<li>Cardan na base<\/li>\n<\/ul>\n<\/li>\n<\/ul>\n<div class=\"row\">\u00a0<\/div>\n<p><\/p>\n<p>\u00a0<\/p>\n<p>\u00a0<\/p>\n<p>\u00a0<\/p>\n<p>\u00a0<\/p>\n<p>\u00a0<\/p>\n<div class=\"polymorphic-table product-table overflow-right\">\u00a0<\/div>\n<p><\/p>\n<div class=\"polymorphic-table product-table overflow-right\">\u00a0<\/div>\n<\/div>\n<\/div>\n<\/div>\n<\/section>\n<\/div>\n","protected":false},"excerpt":{"rendered":"<p>\u00a0 Refer\u00eancia Comprimento Elementos Desmontada Peso Passadores Pot\u00eancia TNCB180GCF 1,80 1+1 115 609 8 150-800 O blank da Tanacom Boat \u00e9 o fruto de uma tecnologia exclusiva Daiwa conferindo elasticidade e leveza. Na verdade, a tecnologia Glatech consiste em adicionar telas unidirecionais de fibras de vidro num enrolamento espiral de carbono. Capaz de retransmitir os [&hellip;]<\/p>\n","protected":false},"featured_media":4658,"comment_status":"open","ping_status":"closed","template":"","meta":[],"product_brand":[],"product_cat":[518,418],"product_tag":[],"class_list":{"0":"post-23035","1":"product","2":"type-product","3":"status-publish","4":"has-post-thumbnail","6":"product_cat-010300-pesca-embarcada","7":"product_cat-010304-daiwa","9":"first","10":"instock","11":"taxable","12":"shipping-taxable","13":"purchasable","14":"product-type-simple"},"_links":{"self":[{"href":"https:\/\/idealpesca.com\/loja\/wp-json\/wp\/v2\/product\/23035","targetHints":{"allow":["GET"]}}],"collection":[{"href":"https:\/\/idealpesca.com\/loja\/wp-json\/wp\/v2\/product"}],"about":[{"href":"https:\/\/idealpesca.com\/loja\/wp-json\/wp\/v2\/types\/product"}],"replies":[{"embeddable":true,"href":"https:\/\/idealpesca.com\/loja\/wp-json\/wp\/v2\/comments?post=23035"}],"wp:featuredmedia":[{"embeddable":true,"href":"https:\/\/idealpesca.com\/loja\/wp-json\/wp\/v2\/media\/4658"}],"wp:attachment":[{"href":"https:\/\/idealpesca.com\/loja\/wp-json\/wp\/v2\/media?parent=23035"}],"wp:term":[{"taxonomy":"product_brand","embeddable":true,"href":"https:\/\/idealpesca.com\/loja\/wp-json\/wp\/v2\/product_brand?post=23035"},{"taxonomy":"product_cat","embeddable":true,"href":"https:\/\/idealpesca.com\/loja\/wp-json\/wp\/v2\/product_cat?post=23035"},{"taxonomy":"product_tag","embeddable":true,"href":"https:\/\/idealpesca.com\/loja\/wp-json\/wp\/v2\/product_tag?post=23035"}],"curies":[{"name":"wp","href":"https:\/\/api.w.org\/{rel}","templated":true}]}}