{"id":2302,"date":"2026-03-20T12:23:49","date_gmt":"2026-03-20T12:23:49","guid":{"rendered":"https:\/\/idealpesca.com\/loja\/produto\/agulha-dupla-para-iscar-stonfo-art-712\/"},"modified":"2026-03-20T23:37:55","modified_gmt":"2026-03-20T23:37:55","slug":"agulha-dupla-para-iscar-stonfo-art-712","status":"publish","type":"product","link":"https:\/\/idealpesca.com\/loja\/produto\/agulha-dupla-para-iscar-stonfo-art-712\/","title":{"rendered":"AGULHA DUPLA PARA ISCAR STONFO art.712"},"content":{"rendered":"<p>&#8211; BLISTER COM 1 UNIDADES;<\/p>\n<p>&#8211; CABO EM AMARELO;<\/p>\n<p>\u00a0<\/p>\n<div class=\"font-bold\">-C\u00d3DIGO PRODUTO: 712<\/div>\n<div class=\"font-light text-sm my-4\">\n<p>Agulha dupla a\u00e7o inox, perfecta para iscadas de sardinha, camar\u00e3o&#8230;. A dist\u00e2ncia entre agulhas ajusta entre 5 a 15 mm consoante o isco.<\/p>\n<\/div>\n<p>\u00a0<\/p>\n<p>\u00a0<\/p>\n","protected":false},"excerpt":{"rendered":"<p>REF.712<\/p>\n","protected":false},"featured_media":5527,"comment_status":"open","ping_status":"closed","template":"","meta":[],"product_brand":[],"product_cat":[234,517],"product_tag":[],"class_list":{"0":"post-2302","1":"product","2":"type-product","3":"status-publish","4":"has-post-thumbnail","6":"product_cat-080101-agulhas-para-iscar","7":"product_cat-ideal-pesca","9":"first","10":"instock","11":"taxable","12":"shipping-taxable","13":"purchasable","14":"product-type-variable"},"_links":{"self":[{"href":"https:\/\/idealpesca.com\/loja\/wp-json\/wp\/v2\/product\/2302","targetHints":{"allow":["GET"]}}],"collection":[{"href":"https:\/\/idealpesca.com\/loja\/wp-json\/wp\/v2\/product"}],"about":[{"href":"https:\/\/idealpesca.com\/loja\/wp-json\/wp\/v2\/types\/product"}],"replies":[{"embeddable":true,"href":"https:\/\/idealpesca.com\/loja\/wp-json\/wp\/v2\/comments?post=2302"}],"wp:featuredmedia":[{"embeddable":true,"href":"https:\/\/idealpesca.com\/loja\/wp-json\/wp\/v2\/media\/5527"}],"wp:attachment":[{"href":"https:\/\/idealpesca.com\/loja\/wp-json\/wp\/v2\/media?parent=2302"}],"wp:term":[{"taxonomy":"product_brand","embeddable":true,"href":"https:\/\/idealpesca.com\/loja\/wp-json\/wp\/v2\/product_brand?post=2302"},{"taxonomy":"product_cat","embeddable":true,"href":"https:\/\/idealpesca.com\/loja\/wp-json\/wp\/v2\/product_cat?post=2302"},{"taxonomy":"product_tag","embeddable":true,"href":"https:\/\/idealpesca.com\/loja\/wp-json\/wp\/v2\/product_tag?post=2302"}],"curies":[{"name":"wp","href":"https:\/\/api.w.org\/{rel}","templated":true}]}}