{"id":22890,"date":"2022-10-18T11:30:40","date_gmt":"2022-10-18T10:30:40","guid":{"rendered":"https:\/\/idealpesca.com\/loja\/produto\/cana-daiwa-crosscast-932hxh-cf-shore-seabass\/"},"modified":"2026-05-15T19:43:15","modified_gmt":"2026-05-15T18:43:15","slug":"cana-daiwa-crosscast-932hxh-cf-shore-seabass","status":"publish","type":"product","link":"https:\/\/idealpesca.com\/loja\/produto\/cana-daiwa-crosscast-932hxh-cf-shore-seabass\/","title":{"rendered":"CANA DAIWA CROSSCAST 932HXH-CF SHORE SEABASS"},"content":{"rendered":"<div class=\"product-desc\" style=\"background-color: transparent;color: #292f38;font-family: OpenSansRegular,Arial,sans-serif;font-size: 15px;font-style: normal;font-variant: normal;font-weight: 400;letter-spacing: normal;text-align: left;text-decoration: none;text-indent: 0px;text-transform: none;white-space: normal\">\n<div class=\"product-content\">\n<div class=\"product-content-inner\">\n<div class=\"product-desc\">\n<div class=\"product-content\">\n<div class=\"product-content-inner\">\n<div class=\"product-desc\">\n<p>Esta gama Crosscast oferece uma grande variedade de canas para todas as pescas de mar e est\u00e1 equipada com passadores Fuji Concept O. O porta-carreto exclusivo Daiwa \u00e9 dos mais ergon\u00f3micos e os encaixes V-Joint oferecem uma curvatura perfeita. Do kayak ao shore jigging e passando pela grande cl\u00e1ssica amostra com paleta, todas as pescas est\u00e3o no programa.<\/p>\n<\/div>\n<ul class=\"product-specifications\">\n<li>Blank carbono HVF (High Volume Fiber)<\/li>\n<li>Encaixe V-Joint<\/li>\n<li>Passadores Fuji Concept O<\/li>\n<li>Porta-carreto ergon\u00f3mico exclusivo Daiwa<\/li>\n<li>Pega mousse EVA alta densidade<\/li>\n<li>A\u00e7\u00e3o de ponta progressiva<\/li>\n<li>Ponteira maci\u00e7a<\/li>\n<\/ul>\n<div class=\"row\">\n<div class=\"col-1_1  product-technologies\">\n<h4 class=\"title\">Tecnologias<\/h4>\n<div class=\"row xcondensed\">\n<div class=\"col-1_4 sm-1_5 md-1_4 lg-1_6 xl-1_8\"><a class=\"open-techno-modal\" title=\"SVF COMPILE-X\" href=\"https:\/\/www.daiwa.pt\/tecnologias\/canas\/svf-compile-x-2?ajax=1\" data-slug=\"svf-compile-x-2\"><img decoding=\"async\" src=\"https:\/\/www.daiwa.pt\/uploads\/2016\/10\/svf-compile-x_100x60.jpg\" alt=\"\" width=\"100\" height=\"60\" \/><\/a><\/div>\n<p>\u00a0<\/p>\n<div class=\"col-1_4 sm-1_5 md-1_4 lg-1_6 xl-1_8\"><a class=\"open-techno-modal\" title=\"HVF\" href=\"https:\/\/www.daiwa.pt\/tecnologias\/canas\/hvf-2?ajax=1\" data-slug=\"hvf-2\"><img decoding=\"async\" src=\"https:\/\/www.daiwa.pt\/uploads\/2016\/10\/hvf_100x60.jpg\" alt=\"\" width=\"100\" height=\"60\" \/><\/a><\/div>\n<p>\u00a0<\/p>\n<div class=\"col-1_4 sm-1_5 md-1_4 lg-1_6 xl-1_8\"><a class=\"open-techno-modal\" title=\"ZERO COATING\" href=\"https:\/\/www.daiwa.pt\/tecnologias\/canas\/zero-coating-2?ajax=1\" data-slug=\"zero-coating-2\"><img decoding=\"async\" src=\"https:\/\/www.daiwa.pt\/uploads\/2016\/10\/zero-coating_100x60.jpg\" alt=\"\" width=\"100\" height=\"60\" \/><\/a><\/div>\n<p>\u00a0<\/p>\n<div class=\"col-1_4 sm-1_5 md-1_4 lg-1_6 xl-1_8\"><a class=\"open-techno-modal\" title=\"Porta-carretos ZAION\" href=\"https:\/\/www.daiwa.pt\/tecnologias\/canas\/pm-zaion-2?ajax=1\" data-slug=\"pm-zaion-2\"><img loading=\"lazy\" decoding=\"async\" src=\"https:\/\/www.daiwa.pt\/uploads\/2016\/10\/porte-moulinet-zaion_100x60.jpg\" alt=\"\" width=\"100\" height=\"60\" \/><\/a><\/div>\n<p>\u00a0<\/p>\n<div class=\"col-1_4 sm-1_5 md-1_4 lg-1_6 xl-1_8\"><a class=\"open-techno-modal\" title=\"Passadores FUJI O\" href=\"https:\/\/www.daiwa.pt\/tecnologias\/canas\/passadores-fuji-o-2?ajax=1\" data-slug=\"passadores-fuji-o-2\"><img loading=\"lazy\" decoding=\"async\" src=\"https:\/\/www.daiwa.pt\/uploads\/2016\/10\/anneaux-fuji-o_100x60.jpg\" alt=\"\" width=\"100\" height=\"60\" \/><\/a><\/div>\n<p>\u00a0<\/p>\n<div class=\"col-1_4 sm-1_5 md-1_4 lg-1_6 xl-1_8\"><a class=\"open-techno-modal\" title=\"FUJI\" href=\"https:\/\/www.daiwa.pt\/tecnologias\/canas\/fuji-2?ajax=1\" data-slug=\"fuji-2\"><img loading=\"lazy\" decoding=\"async\" src=\"https:\/\/www.daiwa.pt\/uploads\/2016\/10\/composants-fuji_100x60.jpg\" alt=\"\" width=\"100\" height=\"60\" \/><\/a><\/div>\n<\/div>\n<\/div>\n<\/div>\n<\/div>\n<\/div>\n<div class=\"product-content-next\">\n<div class=\"product-content-next-inner\">\n<div class=\"polymorphic-table product-table\">\n<div class=\"polymorphic-table-inner\">\n<table class=\"table bordered js-pswp-gallery\">\n<thead>\n<tr>\n<th>\u00a0<\/th>\n<th>Refer\u00eancia<\/th>\n<th>Nome<\/th>\n<th>Comprimento<\/th>\n<th>Elementos<\/th>\n<th>Desmontada<\/th>\n<th>Peso<\/th>\n<th>Passadores<\/th>\n<th>Pot\u00eancia<\/th>\n<\/tr>\n<\/thead>\n<tbody>\n<tr>\n<td><span class=\"new\">N<\/span><\/td>\n<td><a class=\"picture js-pswp-item\" href=\"https:\/\/www.daiwa.pt\/uploads\/products\/rods\/2019\/10\/crs1002hxhfscf_1200x2400.jpg\" data-size=\"1200x2400\" data-med=\"\/uploads\/products\/rods\/2019\/10\/crs1002hxhfscf_1200x2400.jpg\" data-med-size=\"1200x2400\"><span class=\"inner\"><img loading=\"lazy\" decoding=\"async\" src=\"image\/gif;base64,R0lGODlhAQACAIAAAMLCwgAAACH5BAAAAAAALAAAAAABAAIAAAICBAoAOw==\" alt=\"\" width=\"1\" height=\"2\" \/><\/span><\/a><\/p>\n<figure>CRS932HXH FS CF<\/figure>\n<\/td>\n<td>Shore Seabass<\/td>\n<td>2.82m<\/td>\n<td>2<\/td>\n<td>142cm<\/td>\n<td>185g<\/td>\n<td>9<\/td>\n<td>14-56g<\/td>\n<\/tr>\n<\/tbody>\n<\/table>\n<\/div>\n<\/div>\n<\/div>\n<\/div>\n<\/div>\n<div class=\"row\">\n<div class=\"col-1_1  product-technologies\">\n<h4 class=\"title\">\u00a0<\/h4>\n<div class=\"row xcondensed\">\u00a0<\/div>\n<\/div>\n<\/div>\n<\/div>\n<\/div>\n<div class=\"product-content-next\">\n<div class=\"product-content-next-inner\">\n<div class=\"polymorphic-table product-table\">\n<div class=\"polymorphic-table-inner\">\n<table class=\"table bordered js-pswp-gallery\">\n<tbody>\n<tr>\n<td>\u00a0<\/td>\n<\/tr>\n<\/tbody>\n<\/table>\n<\/div>\n<\/div>\n<\/div>\n<\/div>\n<p style=\"font-style: normal;font-weight: 400;margin: 0px 0px 10px 0px\">\u00a0<\/p>\n<div class=\"product-desc\">\n<div class=\"product-content\">\n<div class=\"product-content-inner\">\n<div class=\"row\">\n<div class=\"col-1_1  product-technologies\">\n<div class=\"row xcondensed\">\n<div class=\"col-1_4 sm-1_5 md-1_4 lg-1_6 xl-1_8\">\n<div class=\"col-1_4 sm-1_5 md-1_4 lg-1_6 xl-1_8\">\u00a0<\/div>\n<p>\u00a0<\/p><\/div>\n<div class=\"col-1_4 sm-1_5 md-1_4 lg-1_6 xl-1_8\">\u00a0<\/div>\n<p>\u00a0<\/p>\n<div class=\"col-1_4 sm-1_5 md-1_4 lg-1_6 xl-1_8\">\u00a0<\/div>\n<\/div>\n<\/div>\n<\/div>\n<\/div>\n<\/div>\n<div class=\"product-content-next\">\u00a0<\/div>\n<p>\u00a0<\/p>\n<\/div>\n<\/div>\n<ul class=\"product-specifications\" style=\"background-color: transparent;color: #292f38;font-family: OpenSansRegular,Arial,sans-serif;font-size: 15px;font-style: normal;font-variant: normal;font-weight: 400;letter-spacing: normal;list-style-type: none;text-align: left;text-decoration: none;text-indent: 0px;text-transform: none;white-space: normal;padding: 0px;margin: 0px 0px 20px 0px\">\n<li style=\"font-family: OpenSansRegular,Arial,sans-serif;font-size: 15px;font-style: normal;font-weight: 400;left: auto;line-height: 18px;padding-bottom: 5px;padding-left: 30px;position: relative;top: auto\"><!-- product-table --><br \/>\n<footer class=\"layout-footer layout-strip main-footer\" style=\"height: 369px\">\n<div class=\"layout-wrapper\">\n<div class=\"row footer-links\">\n<div class=\"col-1_1 md-1_2 lg-1_4\">\n<h5 class=\"title\">\u00a0<\/h5>\n<\/div>\n<\/div>\n<p><!-- footer-links --><\/p>\n<div class=\"footer-signature\">\n<div class=\"image\">\u00a0<\/div>\n<div class=\"text\">&lt;!&#8211; <a href=\"http:\/\/www.crossemedia.fr\/\" target=\"_blank\"><\/a> &#8211;&gt;<\/div>\n<\/div>\n<\/div>\n<p><!--.layout-wrapper --><\/footer>\n<p><!--.layout-footer --> <!-- script ie8 --><\/p>\n<div class=\"pswp\">\n<div class=\"pswp__bg\">\u00a0<\/div>\n<div class=\"pswp__scroll-wrap\">\n<div class=\"pswp__container\">\u00a0<\/div>\n<div class=\"pswp__ui pswp__ui--hidden\">\n<div class=\"pswp__top-bar\">\n<div class=\"pswp__counter\">\u00a0<\/div>\n<div class=\"pswp__preloader\">\u00a0<\/div>\n<\/div>\n<div class=\"pswp__share-modal pswp__share-modal--hidden pswp__single-tap\">\u00a0<\/div>\n<\/div>\n<\/div>\n<\/div>\n<\/li>\n<\/ul>\n","protected":false},"excerpt":{"rendered":"<p>Essencialmente concebidas para os pescadores de costa.<br \/>\nTAMANHO DISPONIVEL 2.82MTRS<\/p>\n","protected":false},"featured_media":27126,"comment_status":"open","ping_status":"closed","template":"","meta":[],"product_brand":[],"product_cat":[545,145],"product_tag":[],"class_list":{"0":"post-22890","1":"product","2":"type-product","3":"status-publish","4":"has-post-thumbnail","6":"product_cat-010200-spinning","7":"product_cat-010203-daiwa","9":"first","10":"instock","11":"taxable","12":"shipping-taxable","13":"purchasable","14":"product-type-simple"},"_links":{"self":[{"href":"https:\/\/idealpesca.com\/loja\/wp-json\/wp\/v2\/product\/22890","targetHints":{"allow":["GET"]}}],"collection":[{"href":"https:\/\/idealpesca.com\/loja\/wp-json\/wp\/v2\/product"}],"about":[{"href":"https:\/\/idealpesca.com\/loja\/wp-json\/wp\/v2\/types\/product"}],"replies":[{"embeddable":true,"href":"https:\/\/idealpesca.com\/loja\/wp-json\/wp\/v2\/comments?post=22890"}],"wp:featuredmedia":[{"embeddable":true,"href":"https:\/\/idealpesca.com\/loja\/wp-json\/wp\/v2\/media\/27126"}],"wp:attachment":[{"href":"https:\/\/idealpesca.com\/loja\/wp-json\/wp\/v2\/media?parent=22890"}],"wp:term":[{"taxonomy":"product_brand","embeddable":true,"href":"https:\/\/idealpesca.com\/loja\/wp-json\/wp\/v2\/product_brand?post=22890"},{"taxonomy":"product_cat","embeddable":true,"href":"https:\/\/idealpesca.com\/loja\/wp-json\/wp\/v2\/product_cat?post=22890"},{"taxonomy":"product_tag","embeddable":true,"href":"https:\/\/idealpesca.com\/loja\/wp-json\/wp\/v2\/product_tag?post=22890"}],"curies":[{"name":"wp","href":"https:\/\/api.w.org\/{rel}","templated":true}]}}