{"id":22778,"date":"2022-07-02T11:05:00","date_gmt":"2022-07-02T10:05:00","guid":{"rendered":"https:\/\/idealpesca.com\/loja\/produto\/cana-daiwa-legalis-oceano-581-vertical-jigging\/"},"modified":"2026-05-14T17:17:19","modified_gmt":"2026-05-14T16:17:19","slug":"cana-daiwa-legalis-oceano-581-vertical-jigging","status":"publish","type":"product","link":"https:\/\/idealpesca.com\/loja\/produto\/cana-daiwa-legalis-oceano-581-vertical-jigging\/","title":{"rendered":"Cana DAIWA LEGALIS OCEANO 581 Vertical Jigging"},"content":{"rendered":"<div class=\"product-desc\">\n<p>Estas canas s\u00e3o concebidas para as pescas verticais de barco, combinando o conforto da a\u00e7\u00e3o jig e a pot\u00eancia. Os modelos spinning permitem pescar fundo peixes como os dent\u00f5es e os pargos com jig. Os dois modelos casting permitem iniciar-se nas pescas verticais em casting.<\/p>\n<\/div>\n<ul class=\"product-specifications\">\n<li>Blank carbono Alto M\u00f3dulo<\/li>\n<li>Encaixe &#8220;Off Set&#8221; (a ponteira encaixa no elemento base) e monoelemento<\/li>\n<li>Passadores Fuji Lowrider exceto sobre os modelos Vertical Jigging, equipados de passadores Fuji \u00f3xido de alum\u00ednio tripata refor\u00e7ados<\/li>\n<li>Porta-carreto Fuji DPS<\/li>\n<li>Pega EVA envolvida de shrink<\/li>\n<li>A\u00e7\u00e3o jig<\/li>\n<li>Batente tipo BRC na base<\/li>\n<\/ul>\n<p>\u00a0<\/p>\n<p>\u00a0<\/p>\n<table class=\"table bordered js-pswp-gallery\">\n<thead>\n<tr>\n<th>Refer\u00eancia<\/th>\n<th>Nome<\/th>\n<th>Comprimento<\/th>\n<th>Elementos<\/th>\n<th>Desmontada<\/th>\n<th>Peso<\/th>\n<th>Passadores<\/th>\n<th>Pot\u00eancia<\/th>\n<th>Pre\u00e7o p\u00fablico recomendado<\/th>\n<\/tr>\n<\/thead>\n<tbody>\n<tr>\n<td><a class=\"picture js-pswp-item\" href=\"https:\/\/www.daiwa.pt\/uploads\/products\/rods\/2019\/10\/legojg581hsaf_1200x2400.jpg\" data-size=\"1200x2400\" data-med=\"\/uploads\/products\/rods\/2019\/10\/legojg581hsaf_1200x2400.jpg\" data-med-size=\"1200x2400\"> <span class=\"inner\"> <img decoding=\"async\" src=\"image\/gif;base64,R0lGODlhAQACAIAAAMLCwgAAACH5BAAAAAAALAAAAAABAAIAAAICBAoAOw==\" alt=\"\" width=\"1\" height=\"2\" \/><\/span><\/a><\/p>\n<figure>LEGOJG581HSAF<\/figure>\n<\/td>\n<td>Vertical Jigging<\/td>\n<td>1,72m<\/td>\n<td>1<\/td>\n<td>172cm<\/td>\n<td>251g<\/td>\n<td>6<\/td>\n<td>90-210g &#8211; PE3<\/td>\n<td>84\u20ac<\/td>\n<\/tr>\n<\/tbody>\n<\/table>\n","protected":false},"excerpt":{"rendered":"<p>Estas canas s\u00e3o concebidas para as pescas verticais de barco, combinando o conforto da a\u00e7\u00e3o jig e a pot\u00eancia. Os modelos spinning permitem pescar fundo peixes como os dent\u00f5es e os pargos com jig. <\/p>\n","protected":false},"featured_media":28229,"comment_status":"open","ping_status":"closed","template":"","meta":[],"product_brand":[],"product_cat":[561,552],"product_tag":[],"class_list":{"0":"post-22778","1":"product","2":"type-product","3":"status-publish","4":"has-post-thumbnail","6":"product_cat-010600-jigging-e-trolling","7":"product_cat-010603-daiwa","9":"first","10":"instock","11":"taxable","12":"shipping-taxable","13":"purchasable","14":"product-type-variable"},"_links":{"self":[{"href":"https:\/\/idealpesca.com\/loja\/wp-json\/wp\/v2\/product\/22778","targetHints":{"allow":["GET"]}}],"collection":[{"href":"https:\/\/idealpesca.com\/loja\/wp-json\/wp\/v2\/product"}],"about":[{"href":"https:\/\/idealpesca.com\/loja\/wp-json\/wp\/v2\/types\/product"}],"replies":[{"embeddable":true,"href":"https:\/\/idealpesca.com\/loja\/wp-json\/wp\/v2\/comments?post=22778"}],"wp:featuredmedia":[{"embeddable":true,"href":"https:\/\/idealpesca.com\/loja\/wp-json\/wp\/v2\/media\/28229"}],"wp:attachment":[{"href":"https:\/\/idealpesca.com\/loja\/wp-json\/wp\/v2\/media?parent=22778"}],"wp:term":[{"taxonomy":"product_brand","embeddable":true,"href":"https:\/\/idealpesca.com\/loja\/wp-json\/wp\/v2\/product_brand?post=22778"},{"taxonomy":"product_cat","embeddable":true,"href":"https:\/\/idealpesca.com\/loja\/wp-json\/wp\/v2\/product_cat?post=22778"},{"taxonomy":"product_tag","embeddable":true,"href":"https:\/\/idealpesca.com\/loja\/wp-json\/wp\/v2\/product_tag?post=22778"}],"curies":[{"name":"wp","href":"https:\/\/api.w.org\/{rel}","templated":true}]}}