{"id":225,"date":"2026-03-20T12:13:05","date_gmt":"2026-03-20T12:13:05","guid":{"rendered":"https:\/\/idealpesca.com\/loja\/produto\/cinnetic-fluorocarbono-mimetic-50-mt\/"},"modified":"2026-03-20T23:51:53","modified_gmt":"2026-03-20T23:51:53","slug":"cinnetic-fluorocarbono-mimetic-50-mt","status":"publish","type":"product","link":"https:\/\/idealpesca.com\/loja\/produto\/cinnetic-fluorocarbono-mimetic-50-mt\/","title":{"rendered":"CINNETIC FLUOROCARBONO MIMETIC 50 MT."},"content":{"rendered":"<p><span style=\"font-size: large;color: #000000\"><strong>&#8211; BOBINES DE 50 METROS<\/strong><\/span><\/p>\n<p><span style=\"font-size: large;color: #000000\"><strong>&#8211; FLUOROCARBONO DE ALTA QUALIDADE, MUITO RESISTE AO N\u00d3 E A ABRAS\u00c3O.<\/strong><\/span><\/p>\n<p><span style=\"font-size: large;color: #000000\"><strong>&#8211; 100% INVIS\u00cdVEL<\/strong><\/span><\/p>\n<p>\u00a0<\/p>\n","protected":false},"excerpt":{"rendered":"<p>&#8211; BOBINES DE 50 METROS &#8211; FLUOROCARBONO DE ALTA QUALIDADE, MUITO RESISTE AO N\u00d3 E A ABRAS\u00c3O. &#8211; 100% INVIS\u00cdVEL \u00a0<\/p>\n","protected":false},"featured_media":2889,"comment_status":"open","ping_status":"closed","template":"","meta":[],"product_brand":[],"product_cat":[304,328],"product_tag":[],"class_list":{"0":"post-225","1":"product","2":"type-product","3":"status-publish","4":"has-post-thumbnail","6":"product_cat-060500-fluorocarbono-50-metros","7":"product_cat-060504-cinnetic","9":"first","10":"instock","11":"taxable","12":"shipping-taxable","13":"purchasable","14":"product-type-variable"},"_links":{"self":[{"href":"https:\/\/idealpesca.com\/loja\/wp-json\/wp\/v2\/product\/225","targetHints":{"allow":["GET"]}}],"collection":[{"href":"https:\/\/idealpesca.com\/loja\/wp-json\/wp\/v2\/product"}],"about":[{"href":"https:\/\/idealpesca.com\/loja\/wp-json\/wp\/v2\/types\/product"}],"replies":[{"embeddable":true,"href":"https:\/\/idealpesca.com\/loja\/wp-json\/wp\/v2\/comments?post=225"}],"wp:featuredmedia":[{"embeddable":true,"href":"https:\/\/idealpesca.com\/loja\/wp-json\/wp\/v2\/media\/2889"}],"wp:attachment":[{"href":"https:\/\/idealpesca.com\/loja\/wp-json\/wp\/v2\/media?parent=225"}],"wp:term":[{"taxonomy":"product_brand","embeddable":true,"href":"https:\/\/idealpesca.com\/loja\/wp-json\/wp\/v2\/product_brand?post=225"},{"taxonomy":"product_cat","embeddable":true,"href":"https:\/\/idealpesca.com\/loja\/wp-json\/wp\/v2\/product_cat?post=225"},{"taxonomy":"product_tag","embeddable":true,"href":"https:\/\/idealpesca.com\/loja\/wp-json\/wp\/v2\/product_tag?post=225"}],"curies":[{"name":"wp","href":"https:\/\/api.w.org\/{rel}","templated":true}]}}