{"id":22447,"date":"2022-03-11T16:36:12","date_gmt":"2022-03-11T16:36:12","guid":{"rendered":"https:\/\/idealpesca.com\/loja\/produto\/cana-tyrnos-b-trolling-lite-203m-68-20lb-11-pc\/"},"modified":"2026-05-14T17:17:18","modified_gmt":"2026-05-14T16:17:18","slug":"cana-tyrnos-b-trolling-lite-203m-68-20lb-11-pc","status":"publish","type":"product","link":"https:\/\/idealpesca.com\/loja\/produto\/cana-tyrnos-b-trolling-lite-203m-68-20lb-11-pc\/","title":{"rendered":"Cana Tyrnos B Trolling Lite 2,03m 6&#8217;8&#8221; 20lb 1+1 pc"},"content":{"rendered":"<div id=\"pd-specifications\" class=\"accordeon-item targetActive\">\n<dl class=\"lv-list\">\n<dt>\n<div class=\"feature-wrapper ng-star-inserted\">\n<div>Porta carretos: Pac Bay Aluminium<\/div>\n<\/div>\n<div class=\"feature-wrapper ng-star-inserted\">\n<div>\u00a0<\/div>\n<div>N\u00ba de elementos: 2<\/div>\n<div>\u00a0<\/div>\n<\/div>\n<div class=\"feature-wrapper ng-star-inserted\">\n<div>Total(m): 2.03<\/div>\n<div>\u00a0<\/div>\n<\/div>\n<div class=\"feature-wrapper ng-star-inserted\">\n<div>Total(ft): 6&#8217;8&#8243;<\/div>\n<div>\u00a0<\/div>\n<\/div>\n<div class=\"feature-wrapper ng-star-inserted\">\n<div>Tipo\/Modelo: Trolling<\/div>\n<\/div>\n<div class=\"feature-wrapper ng-star-inserted\">\n<div>\u00a0<\/div>\n<div>Comprimento fechado (cm): 163<\/div>\n<\/div>\n<div class=\"feature-wrapper ng-star-inserted\">\n<div>\u00a0<\/div>\n<div>Peso (g): 693<\/div>\n<\/div>\n<div class=\"feature-wrapper ng-star-inserted\">\n<div>\u00a0<\/div>\n<div>Peso Linha principal \/Nylon (lb): 20<\/div>\n<\/div>\n<div class=\"feature-wrapper ng-star-inserted\">\n<div>\u00a0<\/div>\n<div>Tipo de Punho: Full Grip<\/div>\n<\/div>\n<div class=\"feature-wrapper ng-star-inserted\">\n<div>\u00a0<\/div>\n<div>Material do punho: EVA<\/div>\n<\/div>\n<div class=\"feature-wrapper ng-star-inserted\">\n<div>\u00a0<\/div>\n<div>Tipo de passadores: Fuji Alconite K-type<\/div>\n<\/div>\n<div class=\"feature-wrapper ng-star-inserted\">\n<div>\u00a0<\/div>\n<div>Material da estrutura dos passadores: Stainless Steel<\/div>\n<\/div>\n<div class=\"feature-wrapper ng-star-inserted\">\n<div>\u00a0<\/div>\n<div>M\u00e9todo de fixa\u00e7\u00e3o do carreto: Casting<\/div>\n<\/div>\n<div class=\"feature-wrapper ng-star-inserted\">\n<div>\u00a0<\/div>\n<div>Blank Material &amp; Constru\u00e7\u00e3o: Full Carbon + HPC + Biofibre + Twist Control<\/div>\n<\/div>\n<div class=\"feature-wrapper ng-star-inserted\">\n<div>\u00a0<\/div>\n<div>Tipo de Gimbal: Aluminium<\/div>\n<\/div>\n<\/dt>\n<\/dl>\n<p><span class=\"attr-name\">N\u00famero do artigo: <\/span><span class=\"attr-value\">TYRBRTRLL20W<\/span><span class=\"attr-name\">EAN\/JAN <\/span><\/p>\n<p><span class=\"attr-name ng-star-inserted\">Nome do modelo: <\/span><span class=\"attr-value ng-star-inserted\">Shimano Cana Tyrnos B Trolling Lite<\/span><\/p>\n<\/div>\n","protected":false},"excerpt":{"rendered":"<p>Passadores em espiral<\/p>\n","protected":false},"featured_media":28082,"comment_status":"open","ping_status":"closed","template":"","meta":[],"product_brand":[],"product_cat":[561,546],"product_tag":[],"class_list":{"0":"post-22447","1":"product","2":"type-product","3":"status-publish","4":"has-post-thumbnail","6":"product_cat-010600-jigging-e-trolling","7":"product_cat-010605-shimano","9":"first","10":"instock","11":"taxable","12":"shipping-taxable","13":"purchasable","14":"product-type-variable"},"_links":{"self":[{"href":"https:\/\/idealpesca.com\/loja\/wp-json\/wp\/v2\/product\/22447","targetHints":{"allow":["GET"]}}],"collection":[{"href":"https:\/\/idealpesca.com\/loja\/wp-json\/wp\/v2\/product"}],"about":[{"href":"https:\/\/idealpesca.com\/loja\/wp-json\/wp\/v2\/types\/product"}],"replies":[{"embeddable":true,"href":"https:\/\/idealpesca.com\/loja\/wp-json\/wp\/v2\/comments?post=22447"}],"wp:featuredmedia":[{"embeddable":true,"href":"https:\/\/idealpesca.com\/loja\/wp-json\/wp\/v2\/media\/28082"}],"wp:attachment":[{"href":"https:\/\/idealpesca.com\/loja\/wp-json\/wp\/v2\/media?parent=22447"}],"wp:term":[{"taxonomy":"product_brand","embeddable":true,"href":"https:\/\/idealpesca.com\/loja\/wp-json\/wp\/v2\/product_brand?post=22447"},{"taxonomy":"product_cat","embeddable":true,"href":"https:\/\/idealpesca.com\/loja\/wp-json\/wp\/v2\/product_cat?post=22447"},{"taxonomy":"product_tag","embeddable":true,"href":"https:\/\/idealpesca.com\/loja\/wp-json\/wp\/v2\/product_tag?post=22447"}],"curies":[{"name":"wp","href":"https:\/\/api.w.org\/{rel}","templated":true}]}}