{"id":22077,"date":"2021-07-08T16:04:45","date_gmt":"2021-07-08T15:04:45","guid":{"rendered":"https:\/\/idealpesca.com\/loja\/produto\/cana-daiwa-legalis-tenya-832-mh\/"},"modified":"2026-05-15T19:43:13","modified_gmt":"2026-05-15T18:43:13","slug":"cana-daiwa-legalis-tenya-832-mh","status":"publish","type":"product","link":"https:\/\/idealpesca.com\/loja\/produto\/cana-daiwa-legalis-tenya-832-mh\/","title":{"rendered":"Cana DAIWA LEGALIS TENYA 832 MH"},"content":{"rendered":"<div class=\"product-desc\" style=\"background-color: transparent;color: #292f38;font-family: OpenSansRegular,Arial,sans-serif;font-size: 15px;font-style: normal;font-variant: normal;font-weight: 400;letter-spacing: normal;text-align: left;text-decoration: none;text-indent: 0px;text-transform: none;white-space: normal\">\u00a0<\/div>\n<ul class=\"product-specifications\" style=\"background-color: transparent;color: #292f38;font-family: OpenSansRegular,Arial,sans-serif;font-size: 15px;font-style: normal;font-variant: normal;font-weight: 400;letter-spacing: normal;list-style-type: none;text-align: left;text-decoration: none;text-indent: 0px;text-transform: none;white-space: normal;padding: 0px;margin: 0px 0px 20px 0px\">\n<li style=\"font-family: OpenSansRegular,Arial,sans-serif;font-size: 15px;font-style: normal;font-weight: 400;left: auto;line-height: 18px;padding-bottom: 5px;padding-left: 30px;position: relative;top: auto\">\n<footer class=\"layout-footer layout-strip main-footer\" style=\"height: 369px\">\n<div class=\"layout-wrapper\">\n<div class=\"footer-signature\">\n<div class=\"text\">\n<div class=\"product-desc\">\n<p>As canas Legalis Tenya s\u00e3o dotadas de uma a\u00e7\u00e3o progressiva ideal para a pesca de espar\u00eddeos com &#8220;Tenya&#8221;. A sua ponteira maci\u00e7a detetar\u00e1 o menor toque sem aumentar a desconfian\u00e7a dos espar\u00eddeos, nomeadamente da dourada quando ela come\u00e7am a morder o isco. Um refor\u00e7o em carbono cruzado ao longo de toda a cana para refor\u00e7ar o blank. S\u00e3o canas leves com um porta-carreto tubular com rosca com um anel de carbono e uma pega confort\u00e1vel.<\/p>\n<\/div>\n<ul class=\"product-specifications\">\n<li>Blank carbono alto m\u00f3dulo com refor\u00e7o carbono cruzado sobre todo o comprimento da cana<\/li>\n<li>Encaixe invertido<\/li>\n<li>Passadores Fuji O Ring<\/li>\n<li>Porta-carreto tubular de rosca com anel de carbono Fuji VSS<\/li>\n<li>Pega mousse EVA alta densidade<\/li>\n<li>A\u00e7\u00e3o ponta suave e progressiva<\/li>\n<li>Ponteira carbono maci\u00e7a refor\u00e7ada<\/li>\n<\/ul>\n<p>&lt;!&#8211; <a href=\"http:\/\/www.crossemedia.fr\/\" target=\"_blank\"><\/a> &#8211;&gt;<\/div>\n<div class=\"text\">\n<p>2.52 mtr\u00a0 comprimento<\/p>\n<p>171 grs\u00a0 \u00a0peso<\/p>\n<p>20-80gr\u00a0 a\u00e7\u00e3o\u00a0<\/p>\n<p>129cm comprimento desmontada<\/p>\n<p>12\u00a0 passadores<\/p>\n<\/div>\n<\/div>\n<\/div>\n<\/footer>\n<div class=\"pswp\">\n<div class=\"pswp__scroll-wrap\">\n<div class=\"pswp__ui pswp__ui--hidden\">\n<div class=\"pswp__top-bar\">\n<div class=\"pswp__preloader\">\u00a0<\/div>\n<\/div>\n<div class=\"pswp__share-modal pswp__share-modal--hidden pswp__single-tap\">\u00a0<\/div>\n<\/div>\n<\/div>\n<\/div>\n<\/li>\n<\/ul>\n","protected":false},"excerpt":{"rendered":"<p>Destinada a pesca de espar\u00eddeos na vertical (Tenya, Kabura)<\/p>\n","protected":false},"featured_media":27907,"comment_status":"open","ping_status":"closed","template":"","meta":[],"product_brand":[],"product_cat":[34,518,418,561,552],"product_tag":[],"class_list":{"0":"post-22077","1":"product","2":"type-product","3":"status-publish","4":"has-post-thumbnail","6":"product_cat-010000-canas","7":"product_cat-010300-pesca-embarcada","8":"product_cat-010304-daiwa","9":"product_cat-010600-jigging-e-trolling","10":"product_cat-010603-daiwa","12":"first","13":"instock","14":"taxable","15":"shipping-taxable","16":"purchasable","17":"product-type-simple"},"_links":{"self":[{"href":"https:\/\/idealpesca.com\/loja\/wp-json\/wp\/v2\/product\/22077","targetHints":{"allow":["GET"]}}],"collection":[{"href":"https:\/\/idealpesca.com\/loja\/wp-json\/wp\/v2\/product"}],"about":[{"href":"https:\/\/idealpesca.com\/loja\/wp-json\/wp\/v2\/types\/product"}],"replies":[{"embeddable":true,"href":"https:\/\/idealpesca.com\/loja\/wp-json\/wp\/v2\/comments?post=22077"}],"wp:featuredmedia":[{"embeddable":true,"href":"https:\/\/idealpesca.com\/loja\/wp-json\/wp\/v2\/media\/27907"}],"wp:attachment":[{"href":"https:\/\/idealpesca.com\/loja\/wp-json\/wp\/v2\/media?parent=22077"}],"wp:term":[{"taxonomy":"product_brand","embeddable":true,"href":"https:\/\/idealpesca.com\/loja\/wp-json\/wp\/v2\/product_brand?post=22077"},{"taxonomy":"product_cat","embeddable":true,"href":"https:\/\/idealpesca.com\/loja\/wp-json\/wp\/v2\/product_cat?post=22077"},{"taxonomy":"product_tag","embeddable":true,"href":"https:\/\/idealpesca.com\/loja\/wp-json\/wp\/v2\/product_tag?post=22077"}],"curies":[{"name":"wp","href":"https:\/\/api.w.org\/{rel}","templated":true}]}}