{"id":2166,"date":"2026-03-20T12:22:24","date_gmt":"2026-03-20T12:22:24","guid":{"rendered":"https:\/\/idealpesca.com\/loja\/produto\/cana-penn-tidal-x-k450-surfcasting\/"},"modified":"2026-03-20T23:48:40","modified_gmt":"2026-03-20T23:48:40","slug":"cana-penn-tidal-x-k450-surfcasting","status":"publish","type":"product","link":"https:\/\/idealpesca.com\/loja\/produto\/cana-penn-tidal-x-k450-surfcasting\/","title":{"rendered":"CANA PENN TIDAL X K450 SURFCASTING"},"content":{"rendered":"<p><span style=\"font-size: 18pt\"><strong>TAMANHO: 4.50 MT.<\/strong><\/span><\/p>\n<p><span style=\"font-size: 18pt\"><strong>AC\u00c7\u00c3O: 100-250 GRAMAS<\/strong><\/span><\/p>\n<p><span style=\"font-size: 18pt\"><strong>PASSADORES:\u00a0 Fuji\u00a0 K\u00a0\u00a0<\/strong><\/span><\/p>\n<p><span style=\"font-size: 18pt\"><strong>PORTA-CARRETOS: TUBULAR<\/strong><\/span><\/p>\n<p><span style=\"font-size: 18pt\"><strong>Ponteira hibrida<\/strong><\/span><\/p>\n<p><span style=\"font-size: 18pt\"><strong>A\u00e7\u00e3o de lan\u00e7amento ideal 170 grs<\/strong><\/span><\/p>\n<p><span style=\"font-size: 18pt\"><strong>Carbono 30T + x-wrap<\/strong><\/span><\/p>\n","protected":false},"excerpt":{"rendered":"<p>Cana de 3 elementos criada para pesca de surfcasting com 4.50 metros de comprimento<br \/>\nPonteira hibrida, passadores Fuji K, permite lan\u00e7amentos firmes e longos.<\/p>\n","protected":false},"featured_media":5412,"comment_status":"open","ping_status":"closed","template":"","meta":[],"product_brand":[],"product_cat":[551,102],"product_tag":[],"class_list":{"0":"post-2166","1":"product","2":"type-product","3":"status-publish","4":"has-post-thumbnail","6":"product_cat-010100-surfcasting-pesca-de-lancamento","7":"product_cat-010108-penn","9":"first","10":"instock","11":"taxable","12":"shipping-taxable","13":"purchasable","14":"product-type-variable"},"_links":{"self":[{"href":"https:\/\/idealpesca.com\/loja\/wp-json\/wp\/v2\/product\/2166","targetHints":{"allow":["GET"]}}],"collection":[{"href":"https:\/\/idealpesca.com\/loja\/wp-json\/wp\/v2\/product"}],"about":[{"href":"https:\/\/idealpesca.com\/loja\/wp-json\/wp\/v2\/types\/product"}],"replies":[{"embeddable":true,"href":"https:\/\/idealpesca.com\/loja\/wp-json\/wp\/v2\/comments?post=2166"}],"wp:featuredmedia":[{"embeddable":true,"href":"https:\/\/idealpesca.com\/loja\/wp-json\/wp\/v2\/media\/5412"}],"wp:attachment":[{"href":"https:\/\/idealpesca.com\/loja\/wp-json\/wp\/v2\/media?parent=2166"}],"wp:term":[{"taxonomy":"product_brand","embeddable":true,"href":"https:\/\/idealpesca.com\/loja\/wp-json\/wp\/v2\/product_brand?post=2166"},{"taxonomy":"product_cat","embeddable":true,"href":"https:\/\/idealpesca.com\/loja\/wp-json\/wp\/v2\/product_cat?post=2166"},{"taxonomy":"product_tag","embeddable":true,"href":"https:\/\/idealpesca.com\/loja\/wp-json\/wp\/v2\/product_tag?post=2166"}],"curies":[{"name":"wp","href":"https:\/\/api.w.org\/{rel}","templated":true}]}}