{"id":2147,"date":"2026-03-20T12:22:15","date_gmt":"2026-03-20T12:22:15","guid":{"rendered":"https:\/\/idealpesca.com\/loja\/produto\/amostra-bassday-logs-124f\/"},"modified":"2026-03-20T23:38:19","modified_gmt":"2026-03-20T23:38:19","slug":"amostra-bassday-logs-124f","status":"publish","type":"product","link":"https:\/\/idealpesca.com\/loja\/produto\/amostra-bassday-logs-124f\/","title":{"rendered":"Amostra BASSDAY LOGS 124F"},"content":{"rendered":"<p><span style=\"font-size: large;color: #000000\"><strong>\u00a0<\/strong><\/span><\/p>\n<h2>Descri\u00e7\u00e3o Do Produto<\/h2>\n<div>A Bassday 124f \u00e9 uma excelente lan\u00e7adora. Dispon\u00edvel em afundante com TSL sistema exclusivo da Bassday permite atingir longas dist\u00e2ncias de acordo com os testes da marca cerca de 75 metros.<\/div>\n<p>\u00a0<\/p>\n<table class=\"table01\">\n<tr>\n<th>COMPRIMENTO<\/th>\n<td>124mm<\/td>\n<\/tr>\n<tr>\n<th>PESO<\/th>\n<td>22.6g<\/td>\n<\/tr>\n<tr>\n<th>TIPO<\/th>\n<td>FLUTUANTE<\/td>\n<\/tr>\n<tr>\n<th>OUTROS<\/th>\n<td>3XN\u00ba4 FATEIXAS<\/td>\n<\/tr>\n<\/table>\n","protected":false},"excerpt":{"rendered":"<p>Amostra BASSDAY 124 FLUTUANTE<\/p>\n","protected":false},"featured_media":5161,"comment_status":"open","ping_status":"closed","template":"","meta":[],"product_brand":[],"product_cat":[49,507,517],"product_tag":[],"class_list":{"0":"post-2147","1":"product","2":"type-product","3":"status-publish","4":"has-post-thumbnail","6":"product_cat-030100-jerkbait-spinning","7":"product_cat-030119-bass-day","8":"product_cat-ideal-pesca","10":"first","11":"instock","12":"taxable","13":"shipping-taxable","14":"purchasable","15":"product-type-variable"},"_links":{"self":[{"href":"https:\/\/idealpesca.com\/loja\/wp-json\/wp\/v2\/product\/2147","targetHints":{"allow":["GET"]}}],"collection":[{"href":"https:\/\/idealpesca.com\/loja\/wp-json\/wp\/v2\/product"}],"about":[{"href":"https:\/\/idealpesca.com\/loja\/wp-json\/wp\/v2\/types\/product"}],"replies":[{"embeddable":true,"href":"https:\/\/idealpesca.com\/loja\/wp-json\/wp\/v2\/comments?post=2147"}],"wp:featuredmedia":[{"embeddable":true,"href":"https:\/\/idealpesca.com\/loja\/wp-json\/wp\/v2\/media\/5161"}],"wp:attachment":[{"href":"https:\/\/idealpesca.com\/loja\/wp-json\/wp\/v2\/media?parent=2147"}],"wp:term":[{"taxonomy":"product_brand","embeddable":true,"href":"https:\/\/idealpesca.com\/loja\/wp-json\/wp\/v2\/product_brand?post=2147"},{"taxonomy":"product_cat","embeddable":true,"href":"https:\/\/idealpesca.com\/loja\/wp-json\/wp\/v2\/product_cat?post=2147"},{"taxonomy":"product_tag","embeddable":true,"href":"https:\/\/idealpesca.com\/loja\/wp-json\/wp\/v2\/product_tag?post=2147"}],"curies":[{"name":"wp","href":"https:\/\/api.w.org\/{rel}","templated":true}]}}