{"id":2145,"date":"2026-03-20T12:22:14","date_gmt":"2026-03-20T12:22:14","guid":{"rendered":"https:\/\/idealpesca.com\/loja\/produto\/geecrack-imokemushi-1\/"},"modified":"2026-03-20T23:53:04","modified_gmt":"2026-03-20T23:53:04","slug":"geecrack-imokemushi-1","status":"publish","type":"product","link":"https:\/\/idealpesca.com\/loja\/produto\/geecrack-imokemushi-1\/","title":{"rendered":"GEECRACK IMOKEMUSHI 1&#8243;"},"content":{"rendered":"<p>COMPRIMENTO: 2.54CM.;<\/p>\n<p>QUANTIDADE POR EMBALAGEM: 4 UNIDADES\u00a0<\/p>\n","protected":false},"excerpt":{"rendered":"<p>VINIL DE ALTA QUALIDADE JAPONESA<\/p>\n<p>PRE\u00c7O S\u00d3 DA EMBALAGEM DOS VINIS<br \/>\nCOMBINA COM CABE\u00c7OTES DAIWA JIG HEAD VENDIDOS \u00c0 PARTE NA CATEGORIA DE CABE\u00c7OTES<\/p>\n","protected":false},"featured_media":5396,"comment_status":"open","ping_status":"closed","template":"","meta":[],"product_brand":[],"product_cat":[53,532,540,194,536,517],"product_tag":[],"class_list":{"0":"post-2145","1":"product","2":"type-product","3":"status-publish","4":"has-post-thumbnail","6":"product_cat-030400-amostras-vinil","7":"product_cat-030420-geecrack","8":"product_cat-030620-geecrack","9":"product_cat-030900-amostras-de-agua-doce","10":"product_cat-0309024-geecrack","11":"product_cat-ideal-pesca","13":"first","14":"instock","15":"taxable","16":"shipping-taxable","17":"purchasable","18":"product-type-variable"},"_links":{"self":[{"href":"https:\/\/idealpesca.com\/loja\/wp-json\/wp\/v2\/product\/2145","targetHints":{"allow":["GET"]}}],"collection":[{"href":"https:\/\/idealpesca.com\/loja\/wp-json\/wp\/v2\/product"}],"about":[{"href":"https:\/\/idealpesca.com\/loja\/wp-json\/wp\/v2\/types\/product"}],"replies":[{"embeddable":true,"href":"https:\/\/idealpesca.com\/loja\/wp-json\/wp\/v2\/comments?post=2145"}],"wp:featuredmedia":[{"embeddable":true,"href":"https:\/\/idealpesca.com\/loja\/wp-json\/wp\/v2\/media\/5396"}],"wp:attachment":[{"href":"https:\/\/idealpesca.com\/loja\/wp-json\/wp\/v2\/media?parent=2145"}],"wp:term":[{"taxonomy":"product_brand","embeddable":true,"href":"https:\/\/idealpesca.com\/loja\/wp-json\/wp\/v2\/product_brand?post=2145"},{"taxonomy":"product_cat","embeddable":true,"href":"https:\/\/idealpesca.com\/loja\/wp-json\/wp\/v2\/product_cat?post=2145"},{"taxonomy":"product_tag","embeddable":true,"href":"https:\/\/idealpesca.com\/loja\/wp-json\/wp\/v2\/product_tag?post=2145"}],"curies":[{"name":"wp","href":"https:\/\/api.w.org\/{rel}","templated":true}]}}