{"id":20812,"date":"2020-04-24T17:57:49","date_gmt":"2020-04-24T16:57:49","guid":{"rendered":"https:\/\/idealpesca.com\/loja\/produto\/cana-daiwa-megaforce-trolling\/"},"modified":"2026-05-14T17:17:13","modified_gmt":"2026-05-14T16:17:13","slug":"cana-daiwa-megaforce-trolling","status":"publish","type":"product","link":"https:\/\/idealpesca.com\/loja\/produto\/cana-daiwa-megaforce-trolling\/","title":{"rendered":"CANA DAIWA MEGAFORCE trolling"},"content":{"rendered":"<div class=\"product-desc\">\n<p>\u00a0<\/p>\n<table class=\"table bordered js-pswp-gallery\">\n<thead>\n<tr>\n<th>Refer\u00eancia<\/th>\n<th>Passadores<\/th>\n<th>Comprimento<\/th>\n<th>Elementos<\/th>\n<th>Desmontada<\/th>\n<th>Peso<\/th>\n<th>Passadores<\/th>\n<th>Pot\u00eancia<\/th>\n<\/tr>\n<\/thead>\n<tbody>\n<tr>\n<td>MFTR3050BF<\/td>\n<td>\u00a0<\/td>\n<td>1,7m<\/td>\n<td>1<\/td>\n<td>170cm<\/td>\n<td>456g<\/td>\n<td>6<\/td>\n<td>30-50 lb<\/td>\n<\/tr>\n<tr>\n<td>MFTR3050ARBF<\/td>\n<td>rod\u00edzios<\/td>\n<td>1,7m<\/td>\n<td>1<\/td>\n<td>170cm<\/td>\n<td>516g<\/td>\n<td>6 poulies<\/td>\n<td>30-50 lb<\/td>\n<\/tr>\n<\/tbody>\n<\/table>\n<p>\u00a0<\/p>\n<p>\u00a0<\/p>\n<div class=\"product-desc\">\n<p>As canas stand-up Megaforce Trolling s\u00e3o concebidas para o corrico em alto mar ao corrico. Os passadores tripata s\u00e3o revestidos com anel em cer\u00e2mica refor\u00e7ada ou com roletes no modelo AR. O cardan assegura uma boa fixa\u00e7\u00e3o no porta canas e o blank s\u00f3lido permite aguentar as primeiras corridas!<\/p>\n<\/div>\n<ul class=\"product-specifications\">\n<li>Blank fibra tubular<\/li>\n<li>Monoelemento<\/li>\n<li>Passadores tripata refor\u00e7ados e roletes no modelo AR<\/li>\n<li>Porta carreto tubular de rosca<\/li>\n<li>Pega mista &#8220;Slick butt&#8221; (Parte superior em mousse EVA e baixa em comp\u00f3sito)<\/li>\n<li>A\u00e7\u00e3o poderosa<\/li>\n<li>Cardan na base<\/li>\n<\/ul>\n<\/div>\n","protected":false},"excerpt":{"rendered":"<p>MEGAFORCE TROLLING<br \/>\n2 vers\u00f5es dispon\u00edveis, uma com passadores normais outra com passadores de rod\u00edzios integral<\/p>\n","protected":false},"featured_media":27357,"comment_status":"open","ping_status":"closed","template":"","meta":[],"product_brand":[],"product_cat":[561,552],"product_tag":[],"class_list":{"0":"post-20812","1":"product","2":"type-product","3":"status-publish","4":"has-post-thumbnail","6":"product_cat-010600-jigging-e-trolling","7":"product_cat-010603-daiwa","9":"first","10":"instock","11":"taxable","12":"shipping-taxable","13":"purchasable","14":"product-type-variable"},"_links":{"self":[{"href":"https:\/\/idealpesca.com\/loja\/wp-json\/wp\/v2\/product\/20812","targetHints":{"allow":["GET"]}}],"collection":[{"href":"https:\/\/idealpesca.com\/loja\/wp-json\/wp\/v2\/product"}],"about":[{"href":"https:\/\/idealpesca.com\/loja\/wp-json\/wp\/v2\/types\/product"}],"replies":[{"embeddable":true,"href":"https:\/\/idealpesca.com\/loja\/wp-json\/wp\/v2\/comments?post=20812"}],"wp:featuredmedia":[{"embeddable":true,"href":"https:\/\/idealpesca.com\/loja\/wp-json\/wp\/v2\/media\/27357"}],"wp:attachment":[{"href":"https:\/\/idealpesca.com\/loja\/wp-json\/wp\/v2\/media?parent=20812"}],"wp:term":[{"taxonomy":"product_brand","embeddable":true,"href":"https:\/\/idealpesca.com\/loja\/wp-json\/wp\/v2\/product_brand?post=20812"},{"taxonomy":"product_cat","embeddable":true,"href":"https:\/\/idealpesca.com\/loja\/wp-json\/wp\/v2\/product_cat?post=20812"},{"taxonomy":"product_tag","embeddable":true,"href":"https:\/\/idealpesca.com\/loja\/wp-json\/wp\/v2\/product_tag?post=20812"}],"curies":[{"name":"wp","href":"https:\/\/api.w.org\/{rel}","templated":true}]}}