{"id":20764,"date":"2020-04-23T11:15:08","date_gmt":"2020-04-23T10:15:08","guid":{"rendered":"https:\/\/idealpesca.com\/loja\/produto\/cana-shimano-catana-bx-stp\/"},"modified":"2026-05-14T17:17:13","modified_gmt":"2026-05-14T16:17:13","slug":"cana-shimano-catana-bx-stp","status":"publish","type":"product","link":"https:\/\/idealpesca.com\/loja\/produto\/cana-shimano-catana-bx-stp\/","title":{"rendered":"CANA SHIMANO CATANA BX-STP"},"content":{"rendered":"<p><span style=\"font-size: 18pt\"><strong>TAMANHO:\u00a01.65 MT.<\/strong><\/span><\/p>\n<p><span style=\"font-size: 18pt\"><strong>AC\u00c7\u00c3O: 16-20 LBS(7-9KGS) COM PONTEIRA NORMAL<br \/><\/strong><\/span><\/p>\n<p><span style=\"font-size: 18pt\"><strong>AC\u00c7\u00c3O: 20-30 LBS(9-13KGS) COM PONTEIRA DE ROD\u00cdZIO<br \/><\/strong><\/span><\/p>\n<p>\u00a0<\/p>\n<p>\u00a0<\/p>\n","protected":false},"excerpt":{"rendered":"<p>2 VERS\u00d5ES DISPON\u00cdVEIS<br \/>\nCARBONO XT-30<\/p>\n","protected":false},"featured_media":27319,"comment_status":"open","ping_status":"closed","template":"","meta":[],"product_brand":[],"product_cat":[561,546],"product_tag":[],"class_list":{"0":"post-20764","1":"product","2":"type-product","3":"status-publish","4":"has-post-thumbnail","6":"product_cat-010600-jigging-e-trolling","7":"product_cat-010605-shimano","9":"first","10":"instock","11":"taxable","12":"shipping-taxable","13":"purchasable","14":"product-type-variable"},"_links":{"self":[{"href":"https:\/\/idealpesca.com\/loja\/wp-json\/wp\/v2\/product\/20764","targetHints":{"allow":["GET"]}}],"collection":[{"href":"https:\/\/idealpesca.com\/loja\/wp-json\/wp\/v2\/product"}],"about":[{"href":"https:\/\/idealpesca.com\/loja\/wp-json\/wp\/v2\/types\/product"}],"replies":[{"embeddable":true,"href":"https:\/\/idealpesca.com\/loja\/wp-json\/wp\/v2\/comments?post=20764"}],"wp:featuredmedia":[{"embeddable":true,"href":"https:\/\/idealpesca.com\/loja\/wp-json\/wp\/v2\/media\/27319"}],"wp:attachment":[{"href":"https:\/\/idealpesca.com\/loja\/wp-json\/wp\/v2\/media?parent=20764"}],"wp:term":[{"taxonomy":"product_brand","embeddable":true,"href":"https:\/\/idealpesca.com\/loja\/wp-json\/wp\/v2\/product_brand?post=20764"},{"taxonomy":"product_cat","embeddable":true,"href":"https:\/\/idealpesca.com\/loja\/wp-json\/wp\/v2\/product_cat?post=20764"},{"taxonomy":"product_tag","embeddable":true,"href":"https:\/\/idealpesca.com\/loja\/wp-json\/wp\/v2\/product_tag?post=20764"}],"curies":[{"name":"wp","href":"https:\/\/api.w.org\/{rel}","templated":true}]}}