{"id":20551,"date":"2020-04-15T15:39:12","date_gmt":"2020-04-15T14:39:12","guid":{"rendered":"https:\/\/idealpesca.com\/loja\/produto\/linha-elastica-daiwa\/"},"modified":"2026-05-14T17:17:13","modified_gmt":"2026-05-14T16:17:13","slug":"linha-elastica-daiwa","status":"publish","type":"product","link":"https:\/\/idealpesca.com\/loja\/produto\/linha-elastica-daiwa\/","title":{"rendered":"Linha EL\u00c1STICA DAIWA"},"content":{"rendered":"<table class=\"table bordered js-pswp-gallery\">\n<thead>\n<tr>\n<th>tamanho<\/th>\n<th>Cor<\/th>\n<th>Quant\/saqueta<\/th>\n<th>Refer\u00eancia<\/th>\n<\/tr>\n<\/thead>\n<tbody>\n<tr>\n<td>\u00a0S \/ M<\/td>\n<td>Transparente<\/td>\n<td>2<\/td>\n<td>EL258265<\/td>\n<td><a class=\"picture js-pswp-item\" href=\"https:\/\/www.daiwa.pt\/uploads\/products\/line_equipment\/2019\/10\/el258265_1200x1200.jpg\" data-size=\"1200x1200\" data-med=\"\/uploads\/products\/line_equipment\/2019\/10\/el258265_800x800.jpg\" data-med-size=\"800x800\"> <span class=\"inner\"> <img decoding=\"async\" src=\"image\/gif;base64,R0lGODlhAQABAIAAAMLCwgAAACH5BAAAAAAALAAAAAABAAEAAAICRAEAOw==\" alt=\"\" width=\"1\" height=\"1\" \/>0.20MM 0.30MM<\/span><\/a><\/p>\n<figure><\/figure>\n<\/td>\n<\/tr>\n<tr>\n<td><span class=\"new\">XS \/ 2XS<\/span><\/td>\n<td>Transparente<\/td>\n<td>2<\/td>\n<td>EL392297<\/td>\n<td>0.10MM 0.15MM<\/td>\n<\/tr>\n<\/tbody>\n<\/table>\n<p>\u00a0<\/p>\n","protected":false},"excerpt":{"rendered":"<p>Dispon\u00edvel em 2 combina\u00e7\u00f5es:<br \/>\n-Dois rolos de fio el\u00e1stico em tamanho S (0,2 mm) e M (0,3 mm)<br \/>\ne<br \/>\n-Dois rolos de fio el\u00e1stico em tamanho XS (0,15 mm) e 2XS (0,1 mm)<br \/>\n             Para garantir a fixa\u00e7\u00e3o perfeita dos iscos no anzol.<\/p>\n","protected":false},"featured_media":27240,"comment_status":"open","ping_status":"closed","template":"","meta":[],"product_brand":[],"product_cat":[204],"product_tag":[],"class_list":{"0":"post-20551","1":"product","2":"type-product","3":"status-publish","4":"has-post-thumbnail","6":"product_cat-080107-linha-elastica-para-isco","8":"first","9":"instock","10":"taxable","11":"shipping-taxable","12":"purchasable","13":"product-type-variable"},"_links":{"self":[{"href":"https:\/\/idealpesca.com\/loja\/wp-json\/wp\/v2\/product\/20551","targetHints":{"allow":["GET"]}}],"collection":[{"href":"https:\/\/idealpesca.com\/loja\/wp-json\/wp\/v2\/product"}],"about":[{"href":"https:\/\/idealpesca.com\/loja\/wp-json\/wp\/v2\/types\/product"}],"replies":[{"embeddable":true,"href":"https:\/\/idealpesca.com\/loja\/wp-json\/wp\/v2\/comments?post=20551"}],"wp:featuredmedia":[{"embeddable":true,"href":"https:\/\/idealpesca.com\/loja\/wp-json\/wp\/v2\/media\/27240"}],"wp:attachment":[{"href":"https:\/\/idealpesca.com\/loja\/wp-json\/wp\/v2\/media?parent=20551"}],"wp:term":[{"taxonomy":"product_brand","embeddable":true,"href":"https:\/\/idealpesca.com\/loja\/wp-json\/wp\/v2\/product_brand?post=20551"},{"taxonomy":"product_cat","embeddable":true,"href":"https:\/\/idealpesca.com\/loja\/wp-json\/wp\/v2\/product_cat?post=20551"},{"taxonomy":"product_tag","embeddable":true,"href":"https:\/\/idealpesca.com\/loja\/wp-json\/wp\/v2\/product_tag?post=20551"}],"curies":[{"name":"wp","href":"https:\/\/api.w.org\/{rel}","templated":true}]}}