{"id":20537,"date":"2020-04-14T16:57:21","date_gmt":"2020-04-14T15:57:21","guid":{"rendered":"https:\/\/idealpesca.com\/loja\/produto\/barros-kevlar-assist-string\/"},"modified":"2026-05-14T17:17:13","modified_gmt":"2026-05-14T16:17:13","slug":"barros-kevlar-assist-string","status":"publish","type":"product","link":"https:\/\/idealpesca.com\/loja\/produto\/barros-kevlar-assist-string\/","title":{"rendered":"BARROS KEVLAR ASSIST STRING"},"content":{"rendered":"<p style=\"text-align: center\">\u00a0Fabricado no Jap\u00e3o. O kevlar tem propriedades que conferem aos cabos, grande resist\u00eancia linear, ao corte e abras\u00e3o,\u00a0 \u00e0 exposi\u00e7\u00e3o aos\u00a0 elementos (sol, calor e \u00e1gua salgada) e aus\u00eancia total de elasticidade. Este \u00e9 o melhor material que se pode usar na prepara\u00e7\u00e3o dos assist hook, principalmente para a pesca de peixes com dentes. Ideal para a prepara\u00e7\u00e3o de assist hook para o jigging vertical, slow jigging e inchiku.<\/p>\n<p style=\"text-align: center\">\u00a0<\/p>\n<table class=\"modelTableBox\">\n<tbody>\n<tr>\n<td>\n<table class=\"modelTable modelTableT3\">\n<tbody>\n<tr>\n<td>C\u00f3digo<\/td>\n<td>Resist\u00eancia<\/td>\n<td>Metros por embalagem<\/td>\n<\/tr>\n<tr>\n<td>655-57-012<\/td>\n<td>120 lbs<\/td>\n<td>4<\/td>\n<\/tr>\n<\/tbody>\n<\/table>\n<\/td>\n<\/tr>\n<\/tbody>\n<\/table>\n<p>\u00a0<\/p>\n<p>\u00a0<\/p>\n<p>\u00a0<\/p>\n<p>\u00a0<\/p>\n","protected":false},"excerpt":{"rendered":"<p>Cabo entran\u00e7ado de oito filamentos em kevlar<\/p>\n","protected":false},"featured_media":27234,"comment_status":"open","ping_status":"closed","template":"","meta":[],"product_brand":[],"product_cat":[205],"product_tag":[],"class_list":{"0":"post-20537","1":"product","2":"type-product","3":"status-publish","4":"has-post-thumbnail","6":"product_cat-061200-linhas-para-assist","8":"first","9":"instock","10":"taxable","11":"shipping-taxable","12":"purchasable","13":"product-type-variable"},"_links":{"self":[{"href":"https:\/\/idealpesca.com\/loja\/wp-json\/wp\/v2\/product\/20537","targetHints":{"allow":["GET"]}}],"collection":[{"href":"https:\/\/idealpesca.com\/loja\/wp-json\/wp\/v2\/product"}],"about":[{"href":"https:\/\/idealpesca.com\/loja\/wp-json\/wp\/v2\/types\/product"}],"replies":[{"embeddable":true,"href":"https:\/\/idealpesca.com\/loja\/wp-json\/wp\/v2\/comments?post=20537"}],"wp:featuredmedia":[{"embeddable":true,"href":"https:\/\/idealpesca.com\/loja\/wp-json\/wp\/v2\/media\/27234"}],"wp:attachment":[{"href":"https:\/\/idealpesca.com\/loja\/wp-json\/wp\/v2\/media?parent=20537"}],"wp:term":[{"taxonomy":"product_brand","embeddable":true,"href":"https:\/\/idealpesca.com\/loja\/wp-json\/wp\/v2\/product_brand?post=20537"},{"taxonomy":"product_cat","embeddable":true,"href":"https:\/\/idealpesca.com\/loja\/wp-json\/wp\/v2\/product_cat?post=20537"},{"taxonomy":"product_tag","embeddable":true,"href":"https:\/\/idealpesca.com\/loja\/wp-json\/wp\/v2\/product_tag?post=20537"}],"curies":[{"name":"wp","href":"https:\/\/api.w.org\/{rel}","templated":true}]}}