{"id":20219,"date":"2020-03-26T11:53:18","date_gmt":"2020-03-26T11:53:18","guid":{"rendered":"https:\/\/idealpesca.com\/loja\/produto\/perolas-c-perfuracao-cruzada-stonfo-s65\/"},"modified":"2026-05-14T17:17:12","modified_gmt":"2026-05-14T16:17:12","slug":"perolas-c-perfuracao-cruzada-stonfo-s65","status":"publish","type":"product","link":"https:\/\/idealpesca.com\/loja\/produto\/perolas-c-perfuracao-cruzada-stonfo-s65\/","title":{"rendered":"P\u00c9ROLAS c\/ PERFURA\u00c7\u00c3O CRUZADA STONFO S65"},"content":{"rendered":"<p><span style=\"font-size: large;color: #000000\"><strong>&#8211; Embalagens com 24 unidades<\/strong><\/span><\/p>\n<div class=\"product__serial\">\u00a0artigo serie 65<\/div>\n<div class=\"product__description\">\n<p>\u00a0<\/p>\n<p>Medida \u00d8 mm 1.8: \u00d8 madre de 0.16 to 0.30 mm &#8211; \u00d8 empate de 0.08 to 0.18 mm.<\/p>\n<p>Medida\u00d8 mm 2.2: \u00d8 madre de 0.20 to 0.35 mm &#8211; \u00d8 empate de 0.10 to 0.20 mm.<\/p>\n<p>Medida \u00d8 mm 3.0: \u00d8 madre de 0.25 to 0.40 mm &#8211; \u00d8 empate de 0.10 to 0.25 mm.<\/p>\n<p>\u00a0<\/p>\n<\/div>\n","protected":false},"excerpt":{"rendered":"<p>&#8211; Embalagens com 24 unidades \u00a0artigo serie 65 \u00a0 Medida \u00d8 mm 1.8: \u00d8 madre de 0.16 to 0.30 mm &#8211; \u00d8 empate de 0.08 to 0.18 mm. Medida\u00d8 mm 2.2: \u00d8 madre de 0.20 to 0.35 mm &#8211; \u00d8 empate de 0.10 to 0.20 mm. Medida \u00d8 mm 3.0: \u00d8 madre de 0.25 to [&hellip;]<\/p>\n","protected":false},"featured_media":27103,"comment_status":"open","ping_status":"closed","template":"","meta":[],"product_brand":[],"product_cat":[198,426],"product_tag":[],"class_list":{"0":"post-20219","1":"product","2":"type-product","3":"status-publish","4":"has-post-thumbnail","6":"product_cat-050200-crossbeads-e-missangas","7":"product_cat-050203-stonfo","9":"first","10":"instock","11":"taxable","12":"shipping-taxable","13":"purchasable","14":"product-type-variable"},"_links":{"self":[{"href":"https:\/\/idealpesca.com\/loja\/wp-json\/wp\/v2\/product\/20219","targetHints":{"allow":["GET"]}}],"collection":[{"href":"https:\/\/idealpesca.com\/loja\/wp-json\/wp\/v2\/product"}],"about":[{"href":"https:\/\/idealpesca.com\/loja\/wp-json\/wp\/v2\/types\/product"}],"replies":[{"embeddable":true,"href":"https:\/\/idealpesca.com\/loja\/wp-json\/wp\/v2\/comments?post=20219"}],"wp:featuredmedia":[{"embeddable":true,"href":"https:\/\/idealpesca.com\/loja\/wp-json\/wp\/v2\/media\/27103"}],"wp:attachment":[{"href":"https:\/\/idealpesca.com\/loja\/wp-json\/wp\/v2\/media?parent=20219"}],"wp:term":[{"taxonomy":"product_brand","embeddable":true,"href":"https:\/\/idealpesca.com\/loja\/wp-json\/wp\/v2\/product_brand?post=20219"},{"taxonomy":"product_cat","embeddable":true,"href":"https:\/\/idealpesca.com\/loja\/wp-json\/wp\/v2\/product_cat?post=20219"},{"taxonomy":"product_tag","embeddable":true,"href":"https:\/\/idealpesca.com\/loja\/wp-json\/wp\/v2\/product_tag?post=20219"}],"curies":[{"name":"wp","href":"https:\/\/api.w.org\/{rel}","templated":true}]}}