{"id":19034,"date":"2016-08-09T15:41:23","date_gmt":"2016-08-09T14:41:23","guid":{"rendered":"https:\/\/idealpesca.com\/loja\/produto\/cabecotes-daiwa-bullet-jig-head\/"},"modified":"2026-05-14T17:17:09","modified_gmt":"2026-05-14T16:17:09","slug":"cabecotes-daiwa-bullet-jig-head","status":"publish","type":"product","link":"https:\/\/idealpesca.com\/loja\/produto\/cabecotes-daiwa-bullet-jig-head\/","title":{"rendered":"CABE\u00c7OTES DAIWA BULLET JIG HEAD"},"content":{"rendered":"<p><span style=\"font-size: large;color: #000000\"><strong>&#8211; BLISTERS DE CABE\u00c7OTES DAIWA<\/strong><\/span><\/p>\n<p><span style=\"font-size: large;color: #000000\"><strong>&#8211; INFORMA\u00c7\u00d5ES T\u00c9CNICAS NA FOTOGRAFIA EM ANEXO<\/strong><\/span><\/p>\n<p><span style=\"font-size: large;color: #000000\"><strong>&#8211; DISPON\u00cdVEL DESDE 3 GR. AT\u00c9 35 GR.<\/strong><\/span><\/p>\n","protected":false},"excerpt":{"rendered":"<p>&#8211; BLISTERS DE CABE\u00c7OTES DAIWA &#8211; INFORMA\u00c7\u00d5ES T\u00c9CNICAS NA FOTOGRAFIA EM ANEXO &#8211; DISPON\u00cdVEL DESDE 3 GR. AT\u00c9 35 GR.<\/p>\n","protected":false},"featured_media":26572,"comment_status":"open","ping_status":"closed","template":"","meta":[],"product_brand":[],"product_cat":[143,224],"product_tag":[],"class_list":{"0":"post-19034","1":"product","2":"type-product","3":"status-publish","4":"has-post-thumbnail","6":"product_cat-031000-cabecotes","7":"product_cat-031001-daiwa","9":"first","10":"instock","11":"taxable","12":"shipping-taxable","13":"purchasable","14":"product-type-variable"},"_links":{"self":[{"href":"https:\/\/idealpesca.com\/loja\/wp-json\/wp\/v2\/product\/19034","targetHints":{"allow":["GET"]}}],"collection":[{"href":"https:\/\/idealpesca.com\/loja\/wp-json\/wp\/v2\/product"}],"about":[{"href":"https:\/\/idealpesca.com\/loja\/wp-json\/wp\/v2\/types\/product"}],"replies":[{"embeddable":true,"href":"https:\/\/idealpesca.com\/loja\/wp-json\/wp\/v2\/comments?post=19034"}],"wp:featuredmedia":[{"embeddable":true,"href":"https:\/\/idealpesca.com\/loja\/wp-json\/wp\/v2\/media\/26572"}],"wp:attachment":[{"href":"https:\/\/idealpesca.com\/loja\/wp-json\/wp\/v2\/media?parent=19034"}],"wp:term":[{"taxonomy":"product_brand","embeddable":true,"href":"https:\/\/idealpesca.com\/loja\/wp-json\/wp\/v2\/product_brand?post=19034"},{"taxonomy":"product_cat","embeddable":true,"href":"https:\/\/idealpesca.com\/loja\/wp-json\/wp\/v2\/product_cat?post=19034"},{"taxonomy":"product_tag","embeddable":true,"href":"https:\/\/idealpesca.com\/loja\/wp-json\/wp\/v2\/product_tag?post=19034"}],"curies":[{"name":"wp","href":"https:\/\/api.w.org\/{rel}","templated":true}]}}