{"id":1878,"date":"2026-03-20T12:19:58","date_gmt":"2026-03-20T12:19:58","guid":{"rendered":"https:\/\/idealpesca.com\/loja\/produto\/cana-daiwa-liberty-surf-33-450-af\/"},"modified":"2026-03-20T23:47:20","modified_gmt":"2026-03-20T23:47:20","slug":"cana-daiwa-liberty-surf-33-450-af","status":"publish","type":"product","link":"https:\/\/idealpesca.com\/loja\/produto\/cana-daiwa-liberty-surf-33-450-af\/","title":{"rendered":"Cana DAIWA LIBERTY SURF 33 450-AF"},"content":{"rendered":"<table class=\"table bordered js-pswp-gallery\">\n<tr>\n<th>\u00a0<\/th>\n<th><span style=\"float: none;background-color: #292f38;color: #ffffff;font-family: MontserratRegular,Arial,sans-serif;font-size: 12px;font-style: normal;font-variant: normal;font-weight: 400;letter-spacing: normal;line-height: 12px;text-align: center;text-decoration: none;text-indent: 0px;text-transform: none;white-space: normal\">Refer\u00eancia<\/span><\/th>\n<th><span style=\"float: none;background-color: #292f38;color: #ffffff;font-family: MontserratRegular,Arial,sans-serif;font-size: 12px;font-style: normal;font-variant: normal;font-weight: 400;letter-spacing: normal;line-height: 12px;text-align: center;text-decoration: none;text-indent: 0px;text-transform: none;white-space: normal\">Ponteira\/Porta carretos<\/span><\/th>\n<th><span style=\"float: none;background-color: #292f38;color: #ffffff;font-family: MontserratRegular,Arial,sans-serif;font-size: 12px;font-style: normal;font-variant: normal;font-weight: 400;letter-spacing: normal;line-height: 12px;text-align: center;text-decoration: none;text-indent: 0px;text-transform: none;white-space: normal\">Comprimento (m)<\/span><\/th>\n<th><span style=\"float: none;background-color: #292f38;color: #ffffff;font-family: MontserratRegular,Arial,sans-serif;font-size: 12px;font-style: normal;font-variant: normal;font-weight: 400;letter-spacing: normal;line-height: 12px;text-align: center;text-decoration: none;text-indent: 0px;text-transform: none;white-space: normal\">Elementos<\/span><\/th>\n<th><span style=\"float: none;background-color: #292f38;color: #ffffff;font-family: MontserratRegular,Arial,sans-serif;font-size: 12px;font-style: normal;font-variant: normal;font-weight: 400;letter-spacing: normal;line-height: 12px;text-align: center;text-decoration: none;text-indent: 0px;text-transform: none;white-space: normal\">Desmontada (m)<\/span><\/th>\n<th><span style=\"float: none;background-color: #292f38;color: #ffffff;font-family: MontserratRegular,Arial,sans-serif;font-size: 12px;font-style: normal;font-variant: normal;font-weight: 400;letter-spacing: normal;line-height: 12px;text-align: center;text-decoration: none;text-indent: 0px;text-transform: none;white-space: normal\">Peso (g)<\/span><\/th>\n<th><span style=\"float: none;background-color: #292f38;color: #ffffff;font-family: MontserratRegular,Arial,sans-serif;font-size: 12px;font-style: normal;font-variant: normal;font-weight: 400;letter-spacing: normal;line-height: 12px;text-align: center;text-decoration: none;text-indent: 0px;text-transform: none;white-space: normal\">Passadores<\/span><\/th>\n<th><span style=\"float: none;background-color: #3399ff;color: #ffffff;font-family: MontserratRegular,Arial,sans-serif;font-size: 12px;font-style: normal;font-variant: normal;font-weight: 400;letter-spacing: normal;line-height: 12px;text-align: center;text-decoration: none;text-indent: 0px;text-transform: none;white-space: normal\">Pot\u00eancia (g)<\/span><\/th>\n<td>\u00a0<\/td>\n<\/tr>\n<tr>\n<td><span class=\"new\" style=\"font-weight: 400;font-style: normal;vertical-align: middle;background-color: #cc2127;color: #ffffff;padding: 4px;font-size: 8px;margin: -2px 0px 1px;font-family: MontserratRegular, Arial, sans-serif;border-radius: 2px\">N<\/span><\/td>\n<td>LTS33450AF<\/td>\n<td>\u00a0\u00a0Tubular\/ns-7<\/td>\n<td>4,50<\/td>\n<td>3<\/td>\n<td>158<\/td>\n<td>574<\/td>\n<td>7<\/td>\n<td>100-225<\/td>\n<td>\u00a0<\/td>\n<\/tr>\n<\/table>\n<ul>\n<li>\u00a0<\/li>\n<li>\u00a0<\/li>\n<li>\u00a0<\/li>\n<li>-Blank carbono alto modulo<\/li>\n<li>-Encaixes invertidos<\/li>\n<li>-Passadores Fuji Lowrider<\/li>\n<li>-Porta carreto cremalheira NS-7 Fuji<\/li>\n<li>-Porta carreto tubular dps Fuji em 2 vers\u00f5es hibridas de 4,20 e 4,50mts<\/li>\n<li>-A\u00e7\u00e3o de ponta<\/li>\n<\/ul>\n","protected":false},"excerpt":{"rendered":"<p>As Liberty Surf far\u00e3o a felicidade dos pescadores de surf casting que procuram um bom compromisso entre tecnologias, est\u00e9tica e pre\u00e7o!<br \/>\n3 vers\u00f5es dispon\u00edveis<\/p>\n","protected":false},"featured_media":5112,"comment_status":"open","ping_status":"closed","template":"","meta":[],"product_brand":[],"product_cat":[551,99,43],"product_tag":[],"class_list":{"0":"post-1878","1":"product","2":"type-product","3":"status-publish","4":"has-post-thumbnail","6":"product_cat-010100-surfcasting-pesca-de-lancamento","7":"product_cat-010105-daiwa","8":"product_cat-310000-novidades-gerais","10":"first","11":"instock","12":"taxable","13":"shipping-taxable","14":"purchasable","15":"product-type-variable"},"_links":{"self":[{"href":"https:\/\/idealpesca.com\/loja\/wp-json\/wp\/v2\/product\/1878","targetHints":{"allow":["GET"]}}],"collection":[{"href":"https:\/\/idealpesca.com\/loja\/wp-json\/wp\/v2\/product"}],"about":[{"href":"https:\/\/idealpesca.com\/loja\/wp-json\/wp\/v2\/types\/product"}],"replies":[{"embeddable":true,"href":"https:\/\/idealpesca.com\/loja\/wp-json\/wp\/v2\/comments?post=1878"}],"wp:featuredmedia":[{"embeddable":true,"href":"https:\/\/idealpesca.com\/loja\/wp-json\/wp\/v2\/media\/5112"}],"wp:attachment":[{"href":"https:\/\/idealpesca.com\/loja\/wp-json\/wp\/v2\/media?parent=1878"}],"wp:term":[{"taxonomy":"product_brand","embeddable":true,"href":"https:\/\/idealpesca.com\/loja\/wp-json\/wp\/v2\/product_brand?post=1878"},{"taxonomy":"product_cat","embeddable":true,"href":"https:\/\/idealpesca.com\/loja\/wp-json\/wp\/v2\/product_cat?post=1878"},{"taxonomy":"product_tag","embeddable":true,"href":"https:\/\/idealpesca.com\/loja\/wp-json\/wp\/v2\/product_tag?post=1878"}],"curies":[{"name":"wp","href":"https:\/\/api.w.org\/{rel}","templated":true}]}}