{"id":18728,"date":"2015-09-22T13:17:11","date_gmt":"2015-09-22T12:17:11","guid":{"rendered":"https:\/\/idealpesca.com\/loja\/produto\/amostra-rapala-max-rap-long-range-12-cm\/"},"modified":"2026-05-15T19:43:42","modified_gmt":"2026-05-15T18:43:42","slug":"amostra-rapala-max-rap-long-range-12-cm","status":"publish","type":"product","link":"https:\/\/idealpesca.com\/loja\/produto\/amostra-rapala-max-rap-long-range-12-cm\/","title":{"rendered":"AMOSTRA RAPALA MAX RAP LONG RANGE 12 CM."},"content":{"rendered":"<p>\u00a0<\/p>\n<p>\u00a0<\/p>\n<p><span style=\"font-size: large\"><strong>TAMANHO: 12 CM.<\/strong><\/span><\/p>\n<p><span style=\"font-size: large\"><strong>PESO: 20 GRAMAS<\/strong><\/span><\/p>\n<p><span style=\"font-size: large\"><strong>AFUNDANTE: AT\u00c9 1.2 MT.<\/strong><\/span><\/p>\n<p><span style=\"font-size: large\"><strong>\u00a0<\/strong><\/span><\/p>\n<p><span style=\"font-size: large\"><strong>OBSERVA\u00c7\u00d5ES: \u00a0A\u00a0<\/strong><\/span><span style=\"font-size: large\"><strong>Rapala MaxRap Long Range incorpora um mecanismo Long Casting tipico das amostras MaxRap mas com uma vers\u00e3o melhorada e com resultados incr\u00edveis. A MaxRap Long Range supera em dist\u00e2ncia de lan\u00e7amento todas as amostras compar\u00e1veis na sua dimens\u00e3o e categoria.<\/strong><\/span><\/p>\n","protected":false},"excerpt":{"rendered":"<p>com 12cm. e 20 gr.<\/p>\n","protected":false},"featured_media":26465,"comment_status":"open","ping_status":"closed","template":"","meta":[],"product_brand":[],"product_cat":[49,119],"product_tag":[],"class_list":{"0":"post-18728","1":"product","2":"type-product","3":"status-publish","4":"has-post-thumbnail","6":"product_cat-030100-jerkbait-spinning","7":"product_cat-030109-rapala","9":"first","10":"instock","11":"taxable","12":"shipping-taxable","13":"purchasable","14":"product-type-variable"},"_links":{"self":[{"href":"https:\/\/idealpesca.com\/loja\/wp-json\/wp\/v2\/product\/18728","targetHints":{"allow":["GET"]}}],"collection":[{"href":"https:\/\/idealpesca.com\/loja\/wp-json\/wp\/v2\/product"}],"about":[{"href":"https:\/\/idealpesca.com\/loja\/wp-json\/wp\/v2\/types\/product"}],"replies":[{"embeddable":true,"href":"https:\/\/idealpesca.com\/loja\/wp-json\/wp\/v2\/comments?post=18728"}],"wp:featuredmedia":[{"embeddable":true,"href":"https:\/\/idealpesca.com\/loja\/wp-json\/wp\/v2\/media\/26465"}],"wp:attachment":[{"href":"https:\/\/idealpesca.com\/loja\/wp-json\/wp\/v2\/media?parent=18728"}],"wp:term":[{"taxonomy":"product_brand","embeddable":true,"href":"https:\/\/idealpesca.com\/loja\/wp-json\/wp\/v2\/product_brand?post=18728"},{"taxonomy":"product_cat","embeddable":true,"href":"https:\/\/idealpesca.com\/loja\/wp-json\/wp\/v2\/product_cat?post=18728"},{"taxonomy":"product_tag","embeddable":true,"href":"https:\/\/idealpesca.com\/loja\/wp-json\/wp\/v2\/product_tag?post=18728"}],"curies":[{"name":"wp","href":"https:\/\/api.w.org\/{rel}","templated":true}]}}