{"id":1777,"date":"2026-03-20T12:19:23","date_gmt":"2026-03-20T12:19:23","guid":{"rendered":"https:\/\/idealpesca.com\/loja\/produto\/bota-de-vadear-wb-daiwa\/"},"modified":"2026-03-20T23:43:32","modified_gmt":"2026-03-20T23:43:32","slug":"bota-de-vadear-wb-daiwa","status":"publish","type":"product","link":"https:\/\/idealpesca.com\/loja\/produto\/bota-de-vadear-wb-daiwa\/","title":{"rendered":"Bota de vadear WB Daiwa"},"content":{"rendered":"<p>\u00a0<\/p>\n<p>Projetados para pesca intensiva em ambientes aqu\u00e1ticos, os cal\u00e7ados wading DAIWA WB oferecem conforto excepcional e maior resist\u00eancia.\u00a0A sucess\u00e3o de 3 camadas de tecidos respir\u00e1veis \u200b\u200be anti-apodrecimento garantem um bom suporte ao p\u00e9 e combinam perfeitamente o prazer da caminhada subaqu\u00e1tica e a prote\u00e7\u00e3o contra pedras e qualquer outro choque.\u00a0Costuras refor\u00e7adas proporcionam maior vida \u00fatil.\u00a0Os grampos DAIWA s\u00e3o projetados para promover ader\u00eancia em todos os tipos de substrato.\u00a0Os sapatos v\u00eam com 32 tachas aparafus\u00e1veis \u200b\u200bpara otimizar a ader\u00eancia dos grampos!<br \/>Os atacadores montados em seis pares de fechos met\u00e1licos garantem um ajuste perfeito ao p\u00e9.\u00a0Dispon\u00edvel dos tamanhos 40 ao 46.<br \/>Quanto ao tamanho, recomendamos que escolha um tamanho maior que o dos seus sapatos sociais.<\/p>\n<div class=\"specs\">\n<div class=\"table-specs\">\n<table>\n<tr>\n<th>REFER\u00caNCIA<\/th>\n<th>COR<\/th>\n<th>PESO<\/th>\n<\/tr>\n<tr>\n<td>WB40<\/td>\n<td>Cinza<\/td>\n<td>1303g<\/td>\n<\/tr>\n<tr>\n<td>WB 41<\/td>\n<td>Cinza<\/td>\n<td>1369g<\/td>\n<\/tr>\n<tr>\n<td>WB 42<\/td>\n<td>Cinza<\/td>\n<td>1339g<\/td>\n<\/tr>\n<tr>\n<td>WB 43<\/td>\n<td>Cinza<\/td>\n<td>1409g<\/td>\n<\/tr>\n<tr>\n<td>WB 44<\/td>\n<td>Cinza<\/td>\n<td>1325g<\/td>\n<\/tr>\n<tr>\n<td>WB45<\/td>\n<td>Cinza<\/td>\n<td>1325g<\/td>\n<\/tr>\n<tr>\n<td>WB 46<\/td>\n<td>Cinza<\/td>\n<td>1544g<\/td>\n<\/tr>\n<\/table>\n<\/div>\n<\/div>\n<div class=\"socials\">\n<h2>\u00a0<\/h2>\n<\/div>\n","protected":false},"excerpt":{"rendered":"<p>Bota com Sola em borracha e tachas extra para melhor ader\u00eancia em pisos escorregadios<br \/>\nindicada para a pesca de spinning em locais rochosos<\/p>\n","protected":false},"featured_media":5009,"comment_status":"open","ping_status":"closed","template":"","meta":[],"product_brand":[],"product_cat":[62],"product_tag":[],"class_list":{"0":"post-1777","1":"product","2":"type-product","3":"status-publish","4":"has-post-thumbnail","6":"product_cat-100106-calcado","8":"first","9":"instock","10":"taxable","11":"shipping-taxable","12":"purchasable","13":"product-type-variable"},"_links":{"self":[{"href":"https:\/\/idealpesca.com\/loja\/wp-json\/wp\/v2\/product\/1777","targetHints":{"allow":["GET"]}}],"collection":[{"href":"https:\/\/idealpesca.com\/loja\/wp-json\/wp\/v2\/product"}],"about":[{"href":"https:\/\/idealpesca.com\/loja\/wp-json\/wp\/v2\/types\/product"}],"replies":[{"embeddable":true,"href":"https:\/\/idealpesca.com\/loja\/wp-json\/wp\/v2\/comments?post=1777"}],"wp:featuredmedia":[{"embeddable":true,"href":"https:\/\/idealpesca.com\/loja\/wp-json\/wp\/v2\/media\/5009"}],"wp:attachment":[{"href":"https:\/\/idealpesca.com\/loja\/wp-json\/wp\/v2\/media?parent=1777"}],"wp:term":[{"taxonomy":"product_brand","embeddable":true,"href":"https:\/\/idealpesca.com\/loja\/wp-json\/wp\/v2\/product_brand?post=1777"},{"taxonomy":"product_cat","embeddable":true,"href":"https:\/\/idealpesca.com\/loja\/wp-json\/wp\/v2\/product_cat?post=1777"},{"taxonomy":"product_tag","embeddable":true,"href":"https:\/\/idealpesca.com\/loja\/wp-json\/wp\/v2\/product_tag?post=1777"}],"curies":[{"name":"wp","href":"https:\/\/api.w.org\/{rel}","templated":true}]}}