{"id":1768,"date":"2026-03-20T12:19:20","date_gmt":"2026-03-20T12:19:20","guid":{"rendered":"https:\/\/idealpesca.com\/loja\/produto\/carreto-vega-hellion-tx-9000\/"},"modified":"2026-03-20T23:51:33","modified_gmt":"2026-03-20T23:51:33","slug":"carreto-vega-hellion-tx-9000","status":"publish","type":"product","link":"https:\/\/idealpesca.com\/loja\/produto\/carreto-vega-hellion-tx-9000\/","title":{"rendered":"CARRETO VEGA HELLION TX 9000"},"content":{"rendered":"<p>Carreto Vega indicado para pesca em praias onde \u00e9 necess\u00e1rio lan\u00e7ar o mais longe poss\u00edvel<\/p>\n<p>PESO &#8211; 620 gramas<\/p>\n<p>EMBRAIAGEM &#8211; 15 KGS<\/p>\n<p>RECUPERA\u00c7\u00c3O POR VOLTA &#8211; 4:4-1<\/p>\n<p>ROLAMENTOS &#8211; 7<\/p>\n<p>2 BOBINES EXTRA\u00a0 CAPACIDADE 0.35MM 300MTRS\u00a0 E 0.25MM 300MTRS<\/p>\n","protected":false},"excerpt":{"rendered":"<p>Carreto de surfcasting a um pre\u00e7o acess\u00edvel para longos lan\u00e7amentos<\/p>\n","protected":false},"featured_media":5002,"comment_status":"open","ping_status":"closed","template":"","meta":[],"product_brand":[],"product_cat":[35,46,82],"product_tag":[],"class_list":{"0":"post-1768","1":"product","2":"type-product","3":"status-publish","4":"has-post-thumbnail","6":"product_cat-020000-carretos","7":"product_cat-020100-surfcasting-pesca-de-lancamento","8":"product_cat-020109-vega","10":"first","11":"instock","12":"taxable","13":"shipping-taxable","14":"purchasable","15":"product-type-variable"},"_links":{"self":[{"href":"https:\/\/idealpesca.com\/loja\/wp-json\/wp\/v2\/product\/1768","targetHints":{"allow":["GET"]}}],"collection":[{"href":"https:\/\/idealpesca.com\/loja\/wp-json\/wp\/v2\/product"}],"about":[{"href":"https:\/\/idealpesca.com\/loja\/wp-json\/wp\/v2\/types\/product"}],"replies":[{"embeddable":true,"href":"https:\/\/idealpesca.com\/loja\/wp-json\/wp\/v2\/comments?post=1768"}],"wp:featuredmedia":[{"embeddable":true,"href":"https:\/\/idealpesca.com\/loja\/wp-json\/wp\/v2\/media\/5002"}],"wp:attachment":[{"href":"https:\/\/idealpesca.com\/loja\/wp-json\/wp\/v2\/media?parent=1768"}],"wp:term":[{"taxonomy":"product_brand","embeddable":true,"href":"https:\/\/idealpesca.com\/loja\/wp-json\/wp\/v2\/product_brand?post=1768"},{"taxonomy":"product_cat","embeddable":true,"href":"https:\/\/idealpesca.com\/loja\/wp-json\/wp\/v2\/product_cat?post=1768"},{"taxonomy":"product_tag","embeddable":true,"href":"https:\/\/idealpesca.com\/loja\/wp-json\/wp\/v2\/product_tag?post=1768"}],"curies":[{"name":"wp","href":"https:\/\/api.w.org\/{rel}","templated":true}]}}