{"id":1688,"date":"2026-03-20T12:18:56","date_gmt":"2026-03-20T12:18:56","guid":{"rendered":"https:\/\/idealpesca.com\/loja\/produto\/carreto-daiwa-leobritz-300jle\/"},"modified":"2026-03-20T23:50:23","modified_gmt":"2026-03-20T23:50:23","slug":"carreto-daiwa-leobritz-300jle","status":"publish","type":"product","link":"https:\/\/idealpesca.com\/loja\/produto\/carreto-daiwa-leobritz-300jle\/","title":{"rendered":"Carreto DAIWA LEOBRITZ 300JLE"},"content":{"rendered":"<ul>\n<li>Drag ATD estrela<\/li>\n<li>Rolamentos : 12<\/li>\n<li>Corpo em alum\u00ednio<\/li>\n<li>Bobina alum\u00ednio<\/li>\n<li>Manivella alum\u00ednio<\/li>\n<li>Manivela com pega EVA redonda<\/li>\n<li>Cabo de liga\u00e7\u00e3o fornecido com o carreto<\/li>\n<\/ul>\n<table class=\"table bordered js-pswp-gallery\">\n<tr>\n<th>Refer\u00eancia<\/th>\n<th>Pega<\/th>\n<th>R\u00e1cio (\/1)<\/th>\n<th>VMV<\/th>\n<th>Peso<\/th>\n<th>Multifilamento<\/th>\n<th>Drag<\/th>\n<\/tr>\n<tr>\n<td><a href=\"https:\/\/www.daiwa.pt\/uploads\/products\/reels\/2019\/10\/leobritz200jl_1200x1200.jpg\"><span class=\"inner\"><img decoding=\"async\" src=\"image\/gif;base64,R0lGODlhAQABAIAAAMLCwgAAACH5BAAAAAAALAAAAAABAAEAAAICRAEAOw==\" alt=\"\" width=\"1\" height=\"1\" \/><\/span><\/a><br \/>\nLEOBRITZ300JLE\n<\/td>\n<td>O EVA<\/td>\n<td>5,1<\/td>\n<td>70cm<\/td>\n<td>540g<\/td>\n<td>400m\/PE3<\/td>\n<td>13kg<\/td>\n<\/tr>\n<\/table>\n<div class=\"product-desc\">\n<div class=\"page\">\n<div class=\"section\">\n<div class=\"layoutArea\">\n<div class=\"column\">\n<p>Novo carreto el\u00e9trico (para destro) que oferece a possibilidade de pesca profunda mantendo a cana na m\u00e3o devido ao baixo peso deste Leobritz 300 (540 g). Equipado com a alavanca ergon\u00f3mica \u201cJOG\u201d, o acionamento da fun\u00e7\u00e3o autom\u00e1tica \u00e9 feita com a ponta do polegar com uma facilidade desconcertante, deixando ao pescador a possibilidade de controlar o drag com a outra m\u00e3o ou de segurar a manivela para uma pega firme.<\/p>\n<p>A sua recupera\u00e7\u00e3o a 190 m\/minuto permite recuperar a linha rapidamente para a voltar a colocar a pescar com rapidez. O ecr\u00e3 do carreto \u00e9 compat\u00edvel com a utiliza\u00e7\u00e3o de \u00f3culos polarizados e facilita a leitura da informa\u00e7\u00e3o.<\/p>\n<p>Perfeito para o slow jigging muito profundo nas \u201cfossas\u201d do Mediterr\u00e2neo e Atl\u00e2ntico, pode tamb\u00e9m ser utilizado para a pesca com isco em zonas para al\u00e9m dos 100 m de profundidade em busca de gorazes.<\/p>\n<\/div>\n<\/div>\n<\/div>\n<\/div>\n<\/div>\n","protected":false},"excerpt":{"rendered":"<p>Carreto el\u00e9trico compacto e poderoso<\/p>\n","protected":false},"featured_media":4905,"comment_status":"open","ping_status":"closed","template":"","meta":[],"product_brand":[],"product_cat":[285,434],"product_tag":[],"class_list":{"0":"post-1688","1":"product","2":"type-product","3":"status-publish","4":"has-post-thumbnail","6":"product_cat-020400-slow-jigging-casting-e-electricos","7":"product_cat-020401-daiwa","9":"first","10":"instock","11":"taxable","12":"shipping-taxable","13":"purchasable","14":"product-type-variable"},"_links":{"self":[{"href":"https:\/\/idealpesca.com\/loja\/wp-json\/wp\/v2\/product\/1688","targetHints":{"allow":["GET"]}}],"collection":[{"href":"https:\/\/idealpesca.com\/loja\/wp-json\/wp\/v2\/product"}],"about":[{"href":"https:\/\/idealpesca.com\/loja\/wp-json\/wp\/v2\/types\/product"}],"replies":[{"embeddable":true,"href":"https:\/\/idealpesca.com\/loja\/wp-json\/wp\/v2\/comments?post=1688"}],"wp:featuredmedia":[{"embeddable":true,"href":"https:\/\/idealpesca.com\/loja\/wp-json\/wp\/v2\/media\/4905"}],"wp:attachment":[{"href":"https:\/\/idealpesca.com\/loja\/wp-json\/wp\/v2\/media?parent=1688"}],"wp:term":[{"taxonomy":"product_brand","embeddable":true,"href":"https:\/\/idealpesca.com\/loja\/wp-json\/wp\/v2\/product_brand?post=1688"},{"taxonomy":"product_cat","embeddable":true,"href":"https:\/\/idealpesca.com\/loja\/wp-json\/wp\/v2\/product_cat?post=1688"},{"taxonomy":"product_tag","embeddable":true,"href":"https:\/\/idealpesca.com\/loja\/wp-json\/wp\/v2\/product_tag?post=1688"}],"curies":[{"name":"wp","href":"https:\/\/api.w.org\/{rel}","templated":true}]}}