{"id":1628,"date":"2026-03-20T12:18:36","date_gmt":"2026-03-20T12:18:36","guid":{"rendered":"https:\/\/idealpesca.com\/loja\/produto\/cana-cinnetic-armed-translight-4-20mts-lc-hybrid\/"},"modified":"2026-03-20T23:46:11","modified_gmt":"2026-03-20T23:46:11","slug":"cana-cinnetic-armed-translight-4-20mts-lc-hybrid","status":"publish","type":"product","link":"https:\/\/idealpesca.com\/loja\/produto\/cana-cinnetic-armed-translight-4-20mts-lc-hybrid\/","title":{"rendered":"CANA CINNETIC ARMED TRANSLIGHT 4.20MTS LC HYBRID"},"content":{"rendered":"<p><b><span style=\"font-size: x-large\">PONTEIRA\u00a0 POWER HYBRID LC<br \/><\/span><\/b><\/p>\n<p><span style=\"font-size: 18pt\"><strong>TAMANHO: 4.20 MT.<\/strong><\/span><\/p>\n<p><span style=\"font-size: 18pt\"><strong>AC\u00c7\u00c3O: 113-250 GRAMAS<\/strong><\/span><\/p>\n<p><span style=\"font-size: 18pt\"><strong>PESO: 510 GRAMAS<\/strong><\/span><\/p>\n<p><span style=\"font-size: 18pt\"><strong>DIAMETRO: 21.25 MM.<\/strong><\/span><\/p>\n<p><span style=\"font-size: 18pt\"><strong>comprimento de transporte: 147 cm.<\/strong><\/span><\/p>\n<p><span style=\"font-size: 18pt\"><strong>3 sec\u00e7\u00f5es<\/strong><\/span><\/p>\n<p>\u00a0<\/p>\n<p><span style=\"font-size: 18pt\"><strong>\u00a0Blank\u00a0 FULL 30 tons. Ponteira POWER hybrid de \u00faltima gera\u00e7\u00e3o, passadores Fuji low rider alconite e porta carretos Fuji DPS gm. <br \/><\/strong><\/span><\/p>\n","protected":false},"excerpt":{"rendered":"<p>REF. 9601 NOVO MODELO 2023<\/p>\n","protected":false},"featured_media":4843,"comment_status":"open","ping_status":"closed","template":"","meta":[],"product_brand":[],"product_cat":[551,438,43],"product_tag":[],"class_list":{"0":"post-1628","1":"product","2":"type-product","3":"status-publish","4":"has-post-thumbnail","6":"product_cat-010100-surfcasting-pesca-de-lancamento","7":"product_cat-010103-cinnetic","8":"product_cat-310000-novidades-gerais","10":"first","11":"instock","12":"taxable","13":"shipping-taxable","14":"purchasable","15":"product-type-variable"},"_links":{"self":[{"href":"https:\/\/idealpesca.com\/loja\/wp-json\/wp\/v2\/product\/1628","targetHints":{"allow":["GET"]}}],"collection":[{"href":"https:\/\/idealpesca.com\/loja\/wp-json\/wp\/v2\/product"}],"about":[{"href":"https:\/\/idealpesca.com\/loja\/wp-json\/wp\/v2\/types\/product"}],"replies":[{"embeddable":true,"href":"https:\/\/idealpesca.com\/loja\/wp-json\/wp\/v2\/comments?post=1628"}],"wp:featuredmedia":[{"embeddable":true,"href":"https:\/\/idealpesca.com\/loja\/wp-json\/wp\/v2\/media\/4843"}],"wp:attachment":[{"href":"https:\/\/idealpesca.com\/loja\/wp-json\/wp\/v2\/media?parent=1628"}],"wp:term":[{"taxonomy":"product_brand","embeddable":true,"href":"https:\/\/idealpesca.com\/loja\/wp-json\/wp\/v2\/product_brand?post=1628"},{"taxonomy":"product_cat","embeddable":true,"href":"https:\/\/idealpesca.com\/loja\/wp-json\/wp\/v2\/product_cat?post=1628"},{"taxonomy":"product_tag","embeddable":true,"href":"https:\/\/idealpesca.com\/loja\/wp-json\/wp\/v2\/product_tag?post=1628"}],"curies":[{"name":"wp","href":"https:\/\/api.w.org\/{rel}","templated":true}]}}