{"id":1601,"date":"2026-03-20T12:18:29","date_gmt":"2026-03-20T12:18:29","guid":{"rendered":"https:\/\/idealpesca.com\/loja\/produto\/carreto-shimano-stella-sw-8000-pg-c\/"},"modified":"2026-03-20T23:51:10","modified_gmt":"2026-03-20T23:51:10","slug":"carreto-shimano-stella-sw-8000-pg-c","status":"publish","type":"product","link":"https:\/\/idealpesca.com\/loja\/produto\/carreto-shimano-stella-sw-8000-pg-c\/","title":{"rendered":"Carreto Shimano Stella SW 8000 PG C"},"content":{"rendered":"<p><span style=\"font-size: large;color: #000000\"><strong>Modelo:<\/strong>\u00a08000 PGC<\/span><\/p>\n<p><span style=\"font-size: large;color: #000000\"><strong>Rolamentos:<\/strong> 14<\/span><\/p>\n<p><span style=\"font-size: large;color: #000000\"><strong> Ratio:<\/strong>\u00a04.9:1 <\/span><\/p>\n<p><span style=\"font-size: large;color: #000000\"><strong>Drag:<\/strong>\u00a025 Kg. <\/span><\/p>\n<p><span style=\"font-size: large;color: #000000\"><strong>Enrolamento:<\/strong>\u00a094 cm.\/volta <\/span><\/p>\n<p><span style=\"font-size: large;color: #000000\"><strong>Bobines:<\/strong> 1<\/span><\/p>\n<p><span style=\"font-size: large;color: #000000\"><strong> Capacidade de linha:<\/strong> 340 metros de 0,40mm.<\/span><\/p>\n<p><span style=\"font-size: large;color: #000000\"><strong> Peso:<\/strong>\u00a0625 gramas<\/span><\/p>\n<p><span style=\"font-size: large;color: #000000\"><strong> Material:<\/strong> Alum\u00ednio e Magn\u00e9sio, com protec\u00e7\u00e3o para \u00e1gua salgada <\/span><\/p>\n<p><span style=\"font-size: large;color: #000000\"><strong>Observa\u00e7\u00f5es:<\/strong> Finalmente um dos grandes desejos dos pescadores Europeus chegou. O novo Stella SW, vem com todas as propriedades do seu irm\u00e3o mais velho, mas com altera\u00e7\u00f5es de design e robustez que lhe conferem mais for\u00e7a, durabilidade e melhor performance. O novo Stella vem munido de sistemas estanques que permitem mais resist\u00eancia no contacto com \u00e1gua salgada.<\/span><\/p>\n<p>\u00a0<\/p>\n","protected":false},"excerpt":{"rendered":"<p>O topo de gama da Shimano<\/p>\n","protected":false},"featured_media":4815,"comment_status":"open","ping_status":"closed","template":"","meta":[],"product_brand":[],"product_cat":[44,66,517],"product_tag":[],"class_list":{"0":"post-1601","1":"product","2":"type-product","3":"status-publish","4":"has-post-thumbnail","6":"product_cat-020300-barco-buldo-falesia","7":"product_cat-020307-shimano","8":"product_cat-ideal-pesca","10":"first","11":"instock","12":"taxable","13":"shipping-taxable","14":"purchasable","15":"product-type-variable"},"_links":{"self":[{"href":"https:\/\/idealpesca.com\/loja\/wp-json\/wp\/v2\/product\/1601","targetHints":{"allow":["GET"]}}],"collection":[{"href":"https:\/\/idealpesca.com\/loja\/wp-json\/wp\/v2\/product"}],"about":[{"href":"https:\/\/idealpesca.com\/loja\/wp-json\/wp\/v2\/types\/product"}],"replies":[{"embeddable":true,"href":"https:\/\/idealpesca.com\/loja\/wp-json\/wp\/v2\/comments?post=1601"}],"wp:featuredmedia":[{"embeddable":true,"href":"https:\/\/idealpesca.com\/loja\/wp-json\/wp\/v2\/media\/4815"}],"wp:attachment":[{"href":"https:\/\/idealpesca.com\/loja\/wp-json\/wp\/v2\/media?parent=1601"}],"wp:term":[{"taxonomy":"product_brand","embeddable":true,"href":"https:\/\/idealpesca.com\/loja\/wp-json\/wp\/v2\/product_brand?post=1601"},{"taxonomy":"product_cat","embeddable":true,"href":"https:\/\/idealpesca.com\/loja\/wp-json\/wp\/v2\/product_cat?post=1601"},{"taxonomy":"product_tag","embeddable":true,"href":"https:\/\/idealpesca.com\/loja\/wp-json\/wp\/v2\/product_tag?post=1601"}],"curies":[{"name":"wp","href":"https:\/\/api.w.org\/{rel}","templated":true}]}}