{"id":14979,"date":"2026-04-20T19:00:09","date_gmt":"2026-04-20T18:00:09","guid":{"rendered":"https:\/\/idealpesca.com\/loja\/produto\/linha-daiwa-competition-drig-light-fluorocarbon\/"},"modified":"2026-04-20T19:00:09","modified_gmt":"2026-04-20T18:00:09","slug":"linha-daiwa-competition-drig-light-fluorocarbon","status":"publish","type":"product","link":"https:\/\/idealpesca.com\/loja\/produto\/linha-daiwa-competition-drig-light-fluorocarbon\/","title":{"rendered":"Linha Daiwa Competition D&#8217;Rig Light Fluorocarbon"},"content":{"rendered":"<p>Linha de pesca <strong>Daiwa Competition D&#8217;Rig Light<\/strong> especialmente desenvolvida para t\u00e9cnicas de rigging em \u00e1gua doce. Material de elevada qualidade com fluorocarbon que oferece invisibilidade superior debaixo de \u00e1gua.<\/p>\n<p><strong>Caracter\u00edsticas principais:<\/strong><\/p>\n<ul>\n<li>Material: Fluorocarbon de alta resist\u00eancia<\/li>\n<li>Tipo: Linha de competi\u00e7\u00e3o D&#8217;Rig Light<\/li>\n<li>Aplica\u00e7\u00e3o: T\u00e9cnicas de rigging e pesca de precis\u00e3o<\/li>\n<li>Composi\u00e7\u00e3o: Fluorocarbon puro<\/li>\n<li>Tamanho dispon\u00edvel: L (Large)<\/li>\n<li>Configura\u00e7\u00e3o: Pr\u00e9-montada com anzol Chinu #4 e #2<\/li>\n<li>Marca: Daiwa &#8211; fabricante l\u00edder em equipamento de pesca<\/li>\n<\/ul>\n<p>Ideal para pescadores que procuram linhas invis\u00edveis e de elevada sensibilidade. A tecnologia fluorocarbon garante menor visibilidade e melhor transmiss\u00e3o de sensa\u00e7\u00f5es.<\/p>\n","protected":false},"excerpt":{"rendered":"<p>Linha de pesca Daiwa Competition D&#8217;Rig Light em fluorocarbon puro. Montagem pr\u00e9-configurada para t\u00e9cnicas de rigging profissional.<\/p>\n","protected":false},"featured_media":14980,"comment_status":"open","ping_status":"closed","template":"","meta":[],"product_brand":[],"product_cat":[456],"product_tag":[4154,4155,4148,4157,4153,3546,4156],"class_list":{"0":"post-14979","1":"product","2":"type-product","3":"status-publish","4":"has-post-thumbnail","6":"product_cat-090103-daiwa","7":"product_tag-competicao","8":"product_tag-drig","9":"product_tag-daiwa","10":"product_tag-invisivel","11":"product_tag-linha-fluorocarbon","12":"product_tag-pesca-agua-doce","13":"product_tag-rigging","15":"first","16":"outofstock","17":"taxable","18":"shipping-taxable","19":"product-type-variable"},"_links":{"self":[{"href":"https:\/\/idealpesca.com\/loja\/wp-json\/wp\/v2\/product\/14979","targetHints":{"allow":["GET"]}}],"collection":[{"href":"https:\/\/idealpesca.com\/loja\/wp-json\/wp\/v2\/product"}],"about":[{"href":"https:\/\/idealpesca.com\/loja\/wp-json\/wp\/v2\/types\/product"}],"replies":[{"embeddable":true,"href":"https:\/\/idealpesca.com\/loja\/wp-json\/wp\/v2\/comments?post=14979"}],"wp:featuredmedia":[{"embeddable":true,"href":"https:\/\/idealpesca.com\/loja\/wp-json\/wp\/v2\/media\/14980"}],"wp:attachment":[{"href":"https:\/\/idealpesca.com\/loja\/wp-json\/wp\/v2\/media?parent=14979"}],"wp:term":[{"taxonomy":"product_brand","embeddable":true,"href":"https:\/\/idealpesca.com\/loja\/wp-json\/wp\/v2\/product_brand?post=14979"},{"taxonomy":"product_cat","embeddable":true,"href":"https:\/\/idealpesca.com\/loja\/wp-json\/wp\/v2\/product_cat?post=14979"},{"taxonomy":"product_tag","embeddable":true,"href":"https:\/\/idealpesca.com\/loja\/wp-json\/wp\/v2\/product_tag?post=14979"}],"curies":[{"name":"wp","href":"https:\/\/api.w.org\/{rel}","templated":true}]}}