{"id":1469,"date":"2026-03-20T12:17:51","date_gmt":"2026-03-20T12:17:51","guid":{"rendered":"https:\/\/idealpesca.com\/loja\/produto\/amostra-akami-nishoku-3-0\/"},"modified":"2026-03-20T23:38:19","modified_gmt":"2026-03-20T23:38:19","slug":"amostra-akami-nishoku-3-0","status":"publish","type":"product","link":"https:\/\/idealpesca.com\/loja\/produto\/amostra-akami-nishoku-3-0\/","title":{"rendered":"AMOSTRA AKAMI NISHOKU 3.0"},"content":{"rendered":"<p>\u00a0<\/p>\n<p>O NISHOKU \u00e9 um palha\u00e7o com chumbo que vai ser obrigat\u00f3rio na sua caixa de pesca: ele possui caracter\u00edsticas que o v\u00e3o transformar num aut\u00eantico matador de chocos e lulas! Para come\u00e7ar tem um tecido de alta qualidade muito resistente, sensorial e t\u00e9rmico; a textura da sua cobertura t\u00eam um efeito escamoso e as suas cores com tratamentos UV tornam-se mais vis\u00edveis em \u00e1guas mais escuras bem como o seu corpo, que \u00e9 de uma alta fosforesc\u00eancia avermelhada. A juntar a isto tem pintada uma linha lateral que simula o corpo de um peixe vivo e as suas barrigas s\u00e3o vermelhas como se esse peixe estivesse a sangrar, sendo muito eficaz quando os cefal\u00f3podes est\u00e3o a alimentar-se de pequenos peixes.<br \/>Este palha\u00e7o vem equipado com olhos 3D, anz\u00f3is de qualidade em a\u00e7o de alta t\u00eampera com elevado poder de penetra\u00e7\u00e3o e grande n\u00edvel de resist\u00eancia revestidos a teflon!<br \/>O seu formato apresenta-se mais flu\u00eddo e realista e com um equil\u00edbrio quase perfeito.<\/p>\n<p>\u00a0<\/p>\n<p>\u00a0<\/p>\n","protected":false},"excerpt":{"rendered":"<p>TONEIRAS PARA O CHOCO AKAMI<br \/>\nBOA RELA\u00c7\u00c3O QUALIDADE \/ PRE\u00c7O<\/p>\n","protected":false},"featured_media":4680,"comment_status":"open","ping_status":"closed","template":"","meta":[],"product_brand":[],"product_cat":[52,491],"product_tag":[],"class_list":{"0":"post-1469","1":"product","2":"type-product","3":"status-publish","4":"has-post-thumbnail","6":"product_cat-030800-palhacos-toneiras-para-chocos-e-lulas","7":"product_cat-030801-akami-nbs","9":"first","10":"instock","11":"taxable","12":"shipping-taxable","13":"purchasable","14":"product-type-variable"},"_links":{"self":[{"href":"https:\/\/idealpesca.com\/loja\/wp-json\/wp\/v2\/product\/1469","targetHints":{"allow":["GET"]}}],"collection":[{"href":"https:\/\/idealpesca.com\/loja\/wp-json\/wp\/v2\/product"}],"about":[{"href":"https:\/\/idealpesca.com\/loja\/wp-json\/wp\/v2\/types\/product"}],"replies":[{"embeddable":true,"href":"https:\/\/idealpesca.com\/loja\/wp-json\/wp\/v2\/comments?post=1469"}],"wp:featuredmedia":[{"embeddable":true,"href":"https:\/\/idealpesca.com\/loja\/wp-json\/wp\/v2\/media\/4680"}],"wp:attachment":[{"href":"https:\/\/idealpesca.com\/loja\/wp-json\/wp\/v2\/media?parent=1469"}],"wp:term":[{"taxonomy":"product_brand","embeddable":true,"href":"https:\/\/idealpesca.com\/loja\/wp-json\/wp\/v2\/product_brand?post=1469"},{"taxonomy":"product_cat","embeddable":true,"href":"https:\/\/idealpesca.com\/loja\/wp-json\/wp\/v2\/product_cat?post=1469"},{"taxonomy":"product_tag","embeddable":true,"href":"https:\/\/idealpesca.com\/loja\/wp-json\/wp\/v2\/product_tag?post=1469"}],"curies":[{"name":"wp","href":"https:\/\/api.w.org\/{rel}","templated":true}]}}