{"id":1420,"date":"2026-03-20T12:17:38","date_gmt":"2026-03-20T12:17:38","guid":{"rendered":"https:\/\/idealpesca.com\/loja\/produto\/carreto-saltiga-15-hl\/"},"modified":"2026-03-20T23:50:47","modified_gmt":"2026-03-20T23:50:47","slug":"carreto-saltiga-15-hl","status":"publish","type":"product","link":"https:\/\/idealpesca.com\/loja\/produto\/carreto-saltiga-15-hl\/","title":{"rendered":"Carreto SALTIGA 15 HL"},"content":{"rendered":"<div class=\"product-desc\">\n<p>\u00a0<\/p>\n<table class=\"table bordered js-pswp-gallery\">\n<tr>\n<th>Refer\u00eancia<\/th>\n<th>Pega<\/th>\n<th>R\u00e1cio (\/1)<\/th>\n<th>VMV<\/th>\n<th>Peso<\/th>\n<th>Capacidade<\/th>\n<th>Drag<\/th>\n<th>Pre\u00e7o p\u00fablico recomendado<\/th>\n<th>Bobina<\/th>\n<\/tr>\n<tr>\n<td><a href=\"https:\/\/www.daiwa.pt\/uploads\/products\/reels\/2022\/10\/saltiga2215hl_1200x1200.jpg\"> <span class=\"inner\"> <img decoding=\"async\" src=\"image\/gif;base64,R0lGODlhAQABAIAAAMLCwgAAACH5BAAAAAAALAAAAAABAAEAAAICRAEAOw==\" alt=\"\" width=\"1\" height=\"1\" \/><\/span><\/a><br \/>\nSALTIGA2215HL\n<\/td>\n<td>Egg Shape<\/td>\n<td>7,1<\/td>\n<td>115cm<\/td>\n<td>480g<\/td>\n<td>400m\/#3-400<\/td>\n<td>13kg<\/td>\n<td>859\u20ac<\/td>\n<td>M204101<\/td>\n<\/tr>\n<\/table>\n<p><\/p>\n<p>\u00a0<\/p>\n<div class=\"product-desc\">\n<p>Fabricado no Jap\u00e3o, este carreto \u00e9 adequado para a pesca vertical (jigging, slow jigging&#8230;) Como frequentemente com a sa\u00edda de um novo modelo emblem\u00e1tico, ele beneficia de novas tecnologias visando melhorar o desempenho de pesca deste produto de exce\u00e7\u00e3o. O conceito chave reside no chamado design &#8220;Hyperdrive&#8221;, que agrupa quatro pontos chave de refor\u00e7o do carreto.<\/p>\n<p><strong>Hyperdrive Digigear,<\/strong> um nova roda-de-coroa visando melhorar a resist\u00eancia sem alterar a fluidez.<\/p>\n<p><strong>Hyper Armed Housing<\/strong>, um trabalho sobre a rigidez do corpo monobloco em alum\u00ednio e sua precis\u00e3o de ajustamento.<\/p>\n<p><strong>Hyper duplo suporte<\/strong>\u00a0d\u00e1 ao pinh\u00e3o e \u00e0 coroa uma inigual\u00e1vel suporte para maior resist\u00eancia e precis\u00e3o.<\/p>\n<p><strong>Hyper Tough Clutch<\/strong> visa refor\u00e7ar a alavanca de engate e garantir uma forte robustez.<\/p>\n<\/div>\n<ul>\n<li>Drag com tecnologia ATD (Automatic Tournament Drag)<\/li>\n<li>Rolamentos : 8 sendo 7 CRBB e 1 Mag\u00a0Sealed<\/li>\n<li>Corpo em alum\u00ednio&#8221;Hyper armed housing&#8221;<\/li>\n<li>Pinh\u00e3o Hyper Drive Gear<\/li>\n<li>Guia fio oscilante<\/li>\n<li>Blocagem da bobina<\/li>\n<li>Manivela de carbono<\/li>\n<\/ul>\n<div class=\"embed-video product-video\"><\/div>\n<\/div>\n","protected":false},"excerpt":{"rendered":"<p>Drag com tecnologia ATD (Automatic Tournamemt Drag) com cliquet ruidoso<br \/>\nRolamentos : 8 + 1 sendo 7 CRBB e 1 Mag Sealed<br \/>\nCorpo e flange em alum\u00ednio monobloco<br \/>\nBobina alum\u00ednio prateada<br \/>\nManivela alum\u00ednio com 1 pega Power redonda EVA, exceto modelo SJ dotado de uma manivela em alum\u00ednio longa e ergon\u00f3mica<br \/>\nManivela do lado esquerdo para pescador destro<\/p>\n","protected":false},"featured_media":4622,"comment_status":"open","ping_status":"closed","template":"","meta":[],"product_brand":[],"product_cat":[285,434],"product_tag":[],"class_list":{"0":"post-1420","1":"product","2":"type-product","3":"status-publish","4":"has-post-thumbnail","6":"product_cat-020400-slow-jigging-casting-e-electricos","7":"product_cat-020401-daiwa","9":"first","10":"instock","11":"taxable","12":"shipping-taxable","13":"purchasable","14":"product-type-variable"},"_links":{"self":[{"href":"https:\/\/idealpesca.com\/loja\/wp-json\/wp\/v2\/product\/1420","targetHints":{"allow":["GET"]}}],"collection":[{"href":"https:\/\/idealpesca.com\/loja\/wp-json\/wp\/v2\/product"}],"about":[{"href":"https:\/\/idealpesca.com\/loja\/wp-json\/wp\/v2\/types\/product"}],"replies":[{"embeddable":true,"href":"https:\/\/idealpesca.com\/loja\/wp-json\/wp\/v2\/comments?post=1420"}],"wp:featuredmedia":[{"embeddable":true,"href":"https:\/\/idealpesca.com\/loja\/wp-json\/wp\/v2\/media\/4622"}],"wp:attachment":[{"href":"https:\/\/idealpesca.com\/loja\/wp-json\/wp\/v2\/media?parent=1420"}],"wp:term":[{"taxonomy":"product_brand","embeddable":true,"href":"https:\/\/idealpesca.com\/loja\/wp-json\/wp\/v2\/product_brand?post=1420"},{"taxonomy":"product_cat","embeddable":true,"href":"https:\/\/idealpesca.com\/loja\/wp-json\/wp\/v2\/product_cat?post=1420"},{"taxonomy":"product_tag","embeddable":true,"href":"https:\/\/idealpesca.com\/loja\/wp-json\/wp\/v2\/product_tag?post=1420"}],"curies":[{"name":"wp","href":"https:\/\/api.w.org\/{rel}","templated":true}]}}