{"id":1345,"date":"2026-03-20T12:17:19","date_gmt":"2026-03-20T12:17:19","guid":{"rendered":"https:\/\/idealpesca.com\/loja\/produto\/mochila-daiwa-surf-50-l-sad50l\/"},"modified":"2026-04-17T18:10:22","modified_gmt":"2026-04-17T17:10:22","slug":"mochila-daiwa-surf-50-l-sad50l","status":"publish","type":"product","link":"https:\/\/idealpesca.com\/loja\/produto\/mochila-daiwa-surf-50-l-sad50l\/","title":{"rendered":"Mochila DAIWA SURF 50 L SAD50L"},"content":{"rendered":"<p>\u00a0<\/p>\n<table class=\"table bordered js-pswp-gallery\">\n<tr>\n<th>Refer\u00eancia<\/th>\n<th>Cor<\/th>\n<th>Dimens\u00f5es<\/th>\n<th>Capacidade<\/th>\n<\/tr>\n<tr>\n<td><span class=\"new\">SAD50L<\/span><\/td>\n<td>Vermelho e preto<\/td>\n<td>42 x 40 x 24 cm<\/td>\n<td>50 l<\/td>\n<td>\u00a0<\/td>\n<\/tr>\n<\/table>\n<p>Todas as vantagens da nossa bagagem dedicada ao surf casting, reunida num s\u00f3 saco! Este saco possui um sistema de transporte confort\u00e1vel, acolchoado e ajust\u00e1vel ao n\u00edvel dos ombros, busto e quadris. E este conforto n\u00e3o ser\u00e1 desprez\u00edvel se encher os seus 50 L de capacidade com todo o seu equipamento de pesca: carretos, bobinas, caixas, baixadas, tubo de agulha, chumbadas, acess\u00f3rios, etc .<\/p>\n<p>O grande bolso central do saco cont\u00e9m uma maleta e duas bolsas para carreto DSTM1. A maleta est\u00e1 dividida em 6 compartimentos amov\u00edveis (gra\u00e7as a um sistema de velcro) para guardar as suas bobinas suplementares, acess\u00f3rios ou ainda 2 carretos. Um bolso de malha com fecho est\u00e1 fixado do lado interno da aba: ele pode acomodar as chumbadas ou os seus acess\u00f3rios de corte (tesoura, alicate, corta-unhas) por exemplo .<\/p>\n<p>A parte superior do saco \u00e9 composta por um grande bolso dividido em 4 compartimentos amov\u00edveis (gra\u00e7as a um sistema de velcro) e dois pequenos bolsos laterais para guardar pequenas caixas ou acess\u00f3rios. Um el\u00e1stico localizado na parte superior do saco permitir\u00e1 que coloque roupas extras ou uma garrafa de \u00e1gua .<\/p>\n<p>Tr\u00eas grandes bolsos nas laterais e na frente da bagagem completam este saco inteligente e pr\u00e1tico. Os bolsos laterais cont\u00eam cada um uma caixa de 18 x 27 x 4 cm para armazenar os destorcedores, agrafes, p\u00e9rolas, anz\u00f3is, etc.<\/p>\n<p>A parte inferior externa do saco \u00e9 \u00e0 prova d&#8217;\u00e1gua para manter o equipamento seco. Todas os fechos do saco s\u00e3o de pl\u00e1stico para otimizar sua vida \u00fatil em ambiente salino .<\/p>\n<p>\u00c9 uma ferramenta ideal para pescadores exigentes e organizados que n\u00e3o negligenciam no equipamento levado para a beira-mar.<\/p>\n","protected":false},"excerpt":{"rendered":"<p>MOCHILA DAIWA SURF 50 LITROS DE CAPACIDADE<br \/>\nUm saco engenhoso com uma capacidade generosa!<\/p>\n","protected":false},"featured_media":4507,"comment_status":"open","ping_status":"closed","template":"","meta":[],"product_brand":[],"product_cat":[171,43],"product_tag":[],"class_list":{"0":"post-1345","1":"product","2":"type-product","3":"status-publish","4":"has-post-thumbnail","6":"product_cat-070000-mochilas-e-bolsas-de-pesca","7":"product_cat-310000-novidades-gerais","9":"first","10":"outofstock","11":"taxable","12":"shipping-taxable","13":"purchasable","14":"product-type-simple"},"_links":{"self":[{"href":"https:\/\/idealpesca.com\/loja\/wp-json\/wp\/v2\/product\/1345","targetHints":{"allow":["GET"]}}],"collection":[{"href":"https:\/\/idealpesca.com\/loja\/wp-json\/wp\/v2\/product"}],"about":[{"href":"https:\/\/idealpesca.com\/loja\/wp-json\/wp\/v2\/types\/product"}],"replies":[{"embeddable":true,"href":"https:\/\/idealpesca.com\/loja\/wp-json\/wp\/v2\/comments?post=1345"}],"wp:featuredmedia":[{"embeddable":true,"href":"https:\/\/idealpesca.com\/loja\/wp-json\/wp\/v2\/media\/4507"}],"wp:attachment":[{"href":"https:\/\/idealpesca.com\/loja\/wp-json\/wp\/v2\/media?parent=1345"}],"wp:term":[{"taxonomy":"product_brand","embeddable":true,"href":"https:\/\/idealpesca.com\/loja\/wp-json\/wp\/v2\/product_brand?post=1345"},{"taxonomy":"product_cat","embeddable":true,"href":"https:\/\/idealpesca.com\/loja\/wp-json\/wp\/v2\/product_cat?post=1345"},{"taxonomy":"product_tag","embeddable":true,"href":"https:\/\/idealpesca.com\/loja\/wp-json\/wp\/v2\/product_tag?post=1345"}],"curies":[{"name":"wp","href":"https:\/\/api.w.org\/{rel}","templated":true}]}}