{"id":1316,"date":"2026-03-20T12:17:11","date_gmt":"2026-03-20T12:17:11","guid":{"rendered":"https:\/\/idealpesca.com\/loja\/produto\/destorcedor-com-agrafe-dsnap-chumbo-compeicao\/"},"modified":"2026-03-20T23:52:29","modified_gmt":"2026-03-20T23:52:29","slug":"destorcedor-com-agrafe-dsnap-chumbo-compeicao","status":"publish","type":"product","link":"https:\/\/idealpesca.com\/loja\/produto\/destorcedor-com-agrafe-dsnap-chumbo-compeicao\/","title":{"rendered":"Destorcedor com agrafe D&#8217;Snap chumbo compei\u00e7\u00e3o"},"content":{"rendered":"<p>Destorcedor com agrafe endurecido com uma bainha para evitar emaranhados. Um agrafe r\u00e1pido e fi\u00e1vel para conectar chumbo ou baixadas.<\/p>\n<table class=\"table bordered js-pswp-gallery\">\n<tr>\n<th>Tamanho<\/th>\n<th>Resist\u00eancia<\/th>\n<th>Quant\/saqueta<\/th>\n<th>Refer\u00eancia<\/th>\n<\/tr>\n<tr>\n<td>XS<\/td>\n<td>14 kg<\/td>\n<td>x 12<\/td>\n<td>AG404044<\/td>\n<\/tr>\n<tr>\n<td>S<\/td>\n<td>14 kg<\/td>\n<td>x 12<\/td>\n<td>AG384506<\/td>\n<\/tr>\n<tr>\n<td>M<\/td>\n<td>16 kg<\/td>\n<td>x 12<\/td>\n<td><a href=\"https:\/\/www.daiwa.pt\/uploads\/products\/line_equipment\/2019\/10\/ag384513_1200x1200.jpg\"> <span class=\"inner\"> <img decoding=\"async\" src=\"image\/gif;base64,R0lGODlhAQABAIAAAMLCwgAAACH5BAAAAAAALAAAAAABAAEAAAICRAEAOw==\" alt=\"\" width=\"1\" height=\"1\" \/><\/span><\/a><br \/>\nAG384513\n<\/td>\n<\/tr>\n<tr>\n<td>L<\/td>\n<td>20 kg<\/td>\n<td>x 12<\/td>\n<td>AG384520<\/td>\n<\/tr>\n<\/table>\n","protected":false},"excerpt":{"rendered":"<p>Uma forma conhecida e indispens\u00e1vel para competidores e amadores de pescas finas em surf casting.<\/p>\n","protected":false},"featured_media":4461,"comment_status":"open","ping_status":"closed","template":"","meta":[],"product_brand":[],"product_cat":[142,430,517],"product_tag":[],"class_list":{"0":"post-1316","1":"product","2":"type-product","3":"status-publish","4":"has-post-thumbnail","6":"product_cat-050000-destorcedores-clips-e-argolas-crossbeads-e-missangas","7":"product_cat-050104-daiwa","8":"product_cat-ideal-pesca","10":"first","11":"instock","12":"taxable","13":"shipping-taxable","14":"purchasable","15":"product-type-variable"},"_links":{"self":[{"href":"https:\/\/idealpesca.com\/loja\/wp-json\/wp\/v2\/product\/1316","targetHints":{"allow":["GET"]}}],"collection":[{"href":"https:\/\/idealpesca.com\/loja\/wp-json\/wp\/v2\/product"}],"about":[{"href":"https:\/\/idealpesca.com\/loja\/wp-json\/wp\/v2\/types\/product"}],"replies":[{"embeddable":true,"href":"https:\/\/idealpesca.com\/loja\/wp-json\/wp\/v2\/comments?post=1316"}],"wp:featuredmedia":[{"embeddable":true,"href":"https:\/\/idealpesca.com\/loja\/wp-json\/wp\/v2\/media\/4461"}],"wp:attachment":[{"href":"https:\/\/idealpesca.com\/loja\/wp-json\/wp\/v2\/media?parent=1316"}],"wp:term":[{"taxonomy":"product_brand","embeddable":true,"href":"https:\/\/idealpesca.com\/loja\/wp-json\/wp\/v2\/product_brand?post=1316"},{"taxonomy":"product_cat","embeddable":true,"href":"https:\/\/idealpesca.com\/loja\/wp-json\/wp\/v2\/product_cat?post=1316"},{"taxonomy":"product_tag","embeddable":true,"href":"https:\/\/idealpesca.com\/loja\/wp-json\/wp\/v2\/product_tag?post=1316"}],"curies":[{"name":"wp","href":"https:\/\/api.w.org\/{rel}","templated":true}]}}