{"id":1256,"date":"2026-03-20T12:16:56","date_gmt":"2026-03-20T12:16:56","guid":{"rendered":"https:\/\/idealpesca.com\/loja\/produto\/carreto-aero-technium-mgs-xsd-14000\/"},"modified":"2026-03-20T23:49:56","modified_gmt":"2026-03-20T23:49:56","slug":"carreto-aero-technium-mgs-xsd-14000","status":"publish","type":"product","link":"https:\/\/idealpesca.com\/loja\/produto\/carreto-aero-technium-mgs-xsd-14000\/","title":{"rendered":"Carreto Aero Technium MgS XSD 14000"},"content":{"rendered":"<p>O Aero Technium MgS \u00e9 o modelo topo de gama.<\/p>\n<p>\u00c9 um carreto \u00fanico no mercado com os melhores componentes. A lista de caracter\u00edsticas no carreto \u00e9 enorme: cada peda\u00e7o de tecnolog\u00eda de topo que a Shimano pode colocar num carreto de surf\/big pit, foi aplicado a este carreto.<\/p>\n<h3>Caracter\u00edsticas<\/h3>\n<p>\u00a0<\/p>\n<p>\u2013 Hagane Gear<br \/>\u2013 Hagane corpo (magnesio)<br \/>\u2013 Capacidade: 0,35mm -550mt<br \/>\u2013 Ratio: 4.3:1<br \/>\u2013 Enrolamento: 103cm<br \/>\u2013 Resistencia a agua<br \/>\u2013 Drag: 20kg<br \/>\u2013 Peso: 510gr<br \/>\u2013 CF aluminio bobine + bobine extra<br \/>\u2013 Novo desenho <br \/>\u2013 Reductores de linha incluidos (2&#215;3500,2&#215;6000 e 2&#215;10000)<\/p>\n<p>\u00a0<\/p>\n<\/p>\n<p>\u00a0<\/p>\n<p>\u00a0<\/p>\n<p>\u00a0<\/p>\n<p>\u00a0<\/p>\n","protected":false},"excerpt":{"rendered":"<p>NOVIDADE 2022<br \/>\ncom bobine de 45 mm<\/p>\n","protected":false},"featured_media":4383,"comment_status":"open","ping_status":"closed","template":"","meta":[],"product_brand":[],"product_cat":[46,80,517],"product_tag":[],"class_list":{"0":"post-1256","1":"product","2":"type-product","3":"status-publish","4":"has-post-thumbnail","6":"product_cat-020100-surfcasting-pesca-de-lancamento","7":"product_cat-020106-shimano","8":"product_cat-ideal-pesca","10":"first","11":"instock","12":"taxable","13":"shipping-taxable","14":"purchasable","15":"product-type-variable"},"_links":{"self":[{"href":"https:\/\/idealpesca.com\/loja\/wp-json\/wp\/v2\/product\/1256","targetHints":{"allow":["GET"]}}],"collection":[{"href":"https:\/\/idealpesca.com\/loja\/wp-json\/wp\/v2\/product"}],"about":[{"href":"https:\/\/idealpesca.com\/loja\/wp-json\/wp\/v2\/types\/product"}],"replies":[{"embeddable":true,"href":"https:\/\/idealpesca.com\/loja\/wp-json\/wp\/v2\/comments?post=1256"}],"wp:featuredmedia":[{"embeddable":true,"href":"https:\/\/idealpesca.com\/loja\/wp-json\/wp\/v2\/media\/4383"}],"wp:attachment":[{"href":"https:\/\/idealpesca.com\/loja\/wp-json\/wp\/v2\/media?parent=1256"}],"wp:term":[{"taxonomy":"product_brand","embeddable":true,"href":"https:\/\/idealpesca.com\/loja\/wp-json\/wp\/v2\/product_brand?post=1256"},{"taxonomy":"product_cat","embeddable":true,"href":"https:\/\/idealpesca.com\/loja\/wp-json\/wp\/v2\/product_cat?post=1256"},{"taxonomy":"product_tag","embeddable":true,"href":"https:\/\/idealpesca.com\/loja\/wp-json\/wp\/v2\/product_tag?post=1256"}],"curies":[{"name":"wp","href":"https:\/\/api.w.org\/{rel}","templated":true}]}}