{"id":108,"date":"2026-03-20T12:12:48","date_gmt":"2026-03-20T12:12:48","guid":{"rendered":"https:\/\/idealpesca.com\/loja\/produto\/williamson-metal-jigs\/"},"modified":"2026-03-20T23:58:56","modified_gmt":"2026-03-20T23:58:56","slug":"williamson-metal-jigs","status":"publish","type":"product","link":"https:\/\/idealpesca.com\/loja\/produto\/williamson-metal-jigs\/","title":{"rendered":"Williamson GOMAME Metal Jigs 35 gr."},"content":{"rendered":"<p><span style=\"font-size: large;color: #000000\"><strong>Tamanho:<\/strong> 8,5 cm.<\/span><\/p>\n<p><span style=\"font-size: large;color: #000000\"><strong>Peso:<\/strong> 35 gramas<\/span><\/p>\n<p><span style=\"font-size: large;color: #000000\"><strong>Fateixas:<\/strong> 1<\/span><\/p>\n<p><span style=\"font-size: large;color: #000000\"><strong>Observa\u00e7\u00f5es:<\/strong> As Metal Jigs s\u00e3o zagais fabricadas em forma de S, de forma a proporcionar uma ac\u00e7\u00e3o pronunciada de um peixe ferido. Munidas de fateixas de qualidade e um acabamento Top, estas amostras t\u00eam uma ac\u00e7\u00e3o incr\u00edvel e conseguem provocae todo o tipo de esp\u00e9cies pel\u00e1gicas.<\/span><\/p>\n","protected":false},"excerpt":{"rendered":"<p>Modelos muito realistas<\/p>\n","protected":false},"featured_media":2732,"comment_status":"open","ping_status":"closed","template":"","meta":[],"product_brand":[],"product_cat":[54,195],"product_tag":[],"class_list":{"0":"post-108","1":"product","2":"type-product","3":"status-publish","4":"has-post-thumbnail","6":"product_cat-030600-zagaiascasting-jigs-inchikus-e-light-rock-fishing","7":"product_cat-030614-williamson","9":"first","10":"instock","11":"taxable","12":"shipping-taxable","13":"purchasable","14":"product-type-variable"},"_links":{"self":[{"href":"https:\/\/idealpesca.com\/loja\/wp-json\/wp\/v2\/product\/108","targetHints":{"allow":["GET"]}}],"collection":[{"href":"https:\/\/idealpesca.com\/loja\/wp-json\/wp\/v2\/product"}],"about":[{"href":"https:\/\/idealpesca.com\/loja\/wp-json\/wp\/v2\/types\/product"}],"replies":[{"embeddable":true,"href":"https:\/\/idealpesca.com\/loja\/wp-json\/wp\/v2\/comments?post=108"}],"wp:featuredmedia":[{"embeddable":true,"href":"https:\/\/idealpesca.com\/loja\/wp-json\/wp\/v2\/media\/2732"}],"wp:attachment":[{"href":"https:\/\/idealpesca.com\/loja\/wp-json\/wp\/v2\/media?parent=108"}],"wp:term":[{"taxonomy":"product_brand","embeddable":true,"href":"https:\/\/idealpesca.com\/loja\/wp-json\/wp\/v2\/product_brand?post=108"},{"taxonomy":"product_cat","embeddable":true,"href":"https:\/\/idealpesca.com\/loja\/wp-json\/wp\/v2\/product_cat?post=108"},{"taxonomy":"product_tag","embeddable":true,"href":"https:\/\/idealpesca.com\/loja\/wp-json\/wp\/v2\/product_tag?post=108"}],"curies":[{"name":"wp","href":"https:\/\/api.w.org\/{rel}","templated":true}]}}